{"id":731530,"date":"2025-08-27T21:33:36","date_gmt":"2025-08-27T18:33:36","guid":{"rendered":"https:\/\/roveyayinevi.com.tr\/index.php\/urun\/lojistik-4-0-turkiye-lojistik-sektoru-durum-analizi\/"},"modified":"2026-04-16T02:39:12","modified_gmt":"2026-04-15T23:39:12","slug":"lojistik-4-0-turkiye-lojistik-sektoru-durum-analizi","status":"publish","type":"product","link":"https:\/\/roveyayinevi.com.tr\/index.php\/urun\/lojistik-4-0-turkiye-lojistik-sektoru-durum-analizi\/","title":{"rendered":"Lojistik  4.0 T\u00fcrkiye Lojistik Sekt\u00f6r\u00fc Durum Analizi"},"content":{"rendered":"<p>D\u00fcnya ticaretinin son g\u00fcnlerde en pop\u00fcler konusu olan dijital d\u00f6n\u00fc\u015f\u00fcmler, D\u00f6rd\u00fcnc\u00fc End\u00fcstri Devrimi ile ba\u015flam\u0131\u015f, t\u00fcm sekt\u00f6rler ve hatta insan hayat\u0131n\u0131n bir\u00e7ok alan\u0131na yay\u0131lm\u0131\u015f durumdad\u0131r. Ortaya \u00e7\u0131kan teknolojik d\u00f6n\u00fc\u015f\u00fcmlerle ak\u0131ll\u0131 fabrikalar, ak\u0131ll\u0131 \u00fcretim sistemleri, ak\u0131ll\u0131 robotlar, ak\u0131ll\u0131 \u00fcr\u00fcnler gibi end\u00fcstriyel yap\u0131lar\u0131n yan\u0131nda ak\u0131ll\u0131 kentler, ak\u0131ll\u0131 kamp\u00fcsler,  ak\u0131ll\u0131 hastaneler, ak\u0131l\u0131 otomobiller, ak\u0131ll\u0131 lojistik ve ak\u0131ll\u0131 finans yap\u0131lar\u0131 gibi insan hayat\u0131n\u0131 etkileyen bir\u00e7ok yap\u0131 meydana gelmi\u015ftir. Halen ba\u015flang\u0131c\u0131nda bulundu\u011fumuz dijital d\u00f6n\u00fc\u015f\u00fcm hareketlerinin, ayn\u0131 h\u0131zda devam edece\u011fi ve d\u00fcnyada bir\u00e7ok i\u015f modelini, sekt\u00f6r\u00fc ve hayat\u0131 etkileyece\u011fi d\u00fc\u015f\u00fcn\u00fclmektedir. Lojistik sekt\u00f6r\u00fc \u00f6zelinde dijital d\u00f6n\u00fc\u015f\u00fcm hareketlerine bak\u0131ld\u0131\u011f\u0131nda de\u011fi\u015fim ve d\u00f6n\u00fc\u015f\u00fcm\u00fcn ba\u015flad\u0131\u011f\u0131 ve ka\u00e7\u0131n\u0131lmaz bir \u015fekilde bir\u00e7ok lojistik s\u00fcreci ve i\u015f modelini de\u011fi\u015ftirece\u011fi g\u00f6r\u00fclmektedir. Az\u0131msanmayacak say\u0131da lojistik firmas\u0131, gerekli fizibilite \u00e7al\u0131\u015fmalar\u0131n\u0131 ba\u015flatm\u0131\u015f ve lojistik uygulamalar\u0131ndaki d\u00f6n\u00fc\u015f\u00fcmleri ger\u00e7ekle\u015ftirmeyi planlamaktad\u0131rlar. Lojistik sekt\u00f6r\u00fcndeki d\u00f6n\u00fc\u015f\u00fcm\u00fc T\u00fcrkiye a\u00e7\u0131s\u0131ndan de\u011ferlendirmek gerekirse, sekt\u00f6r\u00fcn teknolojik d\u00f6n\u00fc\u015f\u00fcm faaliyetlerinin \u00e7ok ba\u015f\u0131nda oldu\u011fu g\u00f6r\u00fclmektedir. Ancak T\u00fcrkiye Lojistik Sekt\u00f6r\u00fc\u2019 n\u00fcn k\u0131sa s\u00fcrede teknolojik d\u00f6n\u00fc\u015f\u00fcm\u00fc ger\u00e7ekle\u015ftirmesi \u00f6nem arz etmektedir. \u00c7\u00fcnk\u00fc \u00fclkenin konumu ve sahip oldu\u011fu lojistik kabiliyetler ve lojistik potansiyeli y\u00fcksek d\u00fczeydedir. Bu kabiliyet ve potansiyelin s\u00fcrd\u00fcr\u00fclebilirli\u011finin sa\u011flanabilmesi i\u00e7in dijital d\u00f6n\u00fc\u015f\u00fcm\u00fcn T\u00fcrkiye Lojistik Sekt\u00f6r\u00fc a\u00e7\u0131s\u0131ndan ger\u00e7ekle\u015ftirilmesi \u00f6nemli bir gerekliliktir.<\/p>\n","protected":false},"excerpt":{"rendered":"<p>D\u00fcnya ticaretinin son g\u00fcnlerde en pop\u00fcler konusu olan dijital d\u00f6n\u00fc\u015f\u00fcmler, D\u00f6rd\u00fcnc\u00fc End\u00fcstri Devrimi ile ba\u015flam\u0131\u015f, t\u00fcm sekt\u00f6rler ve hatta insan hayat\u0131n\u0131n bir\u00e7ok alan\u0131na yay\u0131lm\u0131\u015f durumdad\u0131r. Ortaya<span class=\"excerpt-hellip\"> [\u2026]<\/span><\/p>\n","protected":false},"featured_media":0,"template":"","meta":{"_monsterinsights_skip_tracking":false,"_monsterinsights_sitenote_active":false,"_monsterinsights_sitenote_note":"","_monsterinsights_sitenote_category":0},"product_brand":[],"product_cat":[13043,14144],"product_tag":[],"class_list":{"0":"post-731530","1":"product","2":"type-product","3":"status-publish","5":"product_cat-ekonomi","6":"product_cat-turkiye-ekonomisi","7":"pa_cilt-ciltsiz","8":"pa_tur-kitap","9":"pa_yayinevi-siyasal-kitabevi","10":"pa_yazar-omer-cengiz","12":"first","13":"instock","14":"sale","15":"shipping-taxable","16":"purchasable","17":"product-type-simple"},"_links":{"self":[{"href":"https:\/\/roveyayinevi.com.tr\/index.php\/wp-json\/wp\/v2\/product\/731530","targetHints":{"allow":["GET"]}}],"collection":[{"href":"https:\/\/roveyayinevi.com.tr\/index.php\/wp-json\/wp\/v2\/product"}],"about":[{"href":"https:\/\/roveyayinevi.com.tr\/index.php\/wp-json\/wp\/v2\/types\/product"}],"wp:attachment":[{"href":"https:\/\/roveyayinevi.com.tr\/index.php\/wp-json\/wp\/v2\/media?parent=731530"}],"wp:term":[{"taxonomy":"product_brand","embeddable":true,"href":"https:\/\/roveyayinevi.com.tr\/index.php\/wp-json\/wp\/v2\/product_brand?post=731530"},{"taxonomy":"product_cat","embeddable":true,"href":"https:\/\/roveyayinevi.com.tr\/index.php\/wp-json\/wp\/v2\/product_cat?post=731530"},{"taxonomy":"product_tag","embeddable":true,"href":"https:\/\/roveyayinevi.com.tr\/index.php\/wp-json\/wp\/v2\/product_tag?post=731530"}],"curies":[{"name":"wp","href":"https:\/\/api.w.org\/{rel}","templated":true}]}}