{"id":731523,"date":"2025-08-27T21:33:31","date_gmt":"2025-08-27T18:33:31","guid":{"rendered":"https:\/\/roveyayinevi.com.tr\/index.php\/urun\/theophanes-confessorun-kroniginde-turkler-284-813\/"},"modified":"2026-04-16T02:39:12","modified_gmt":"2026-04-15T23:39:12","slug":"theophanes-confessorun-kroniginde-turkler-284-813","status":"publish","type":"product","link":"https:\/\/roveyayinevi.com.tr\/index.php\/urun\/theophanes-confessorun-kroniginde-turkler-284-813\/","title":{"rendered":"Theophanes Confessor\u2019\u00fcn Kroni\u011finde T\u00fcrkler: 284-813"},"content":{"rendered":"<p>Bir Bizans Kroni\u011finde Do\u011fu Avrupa T\u00fcrkleri\u2026 Bin y\u0131l\u0131 a\u015fk\u0131n tarihi ile d\u00fcnyan\u0131n en uzun s\u00fcre h\u00fck\u00fcm s\u00fcren devleti unvan\u0131na sahip Bizans \u0130mparatorlu\u011fu, tarih yazma gelene\u011fi ile de dikkat \u00e7ekmektedir. Neredeyse hi\u00e7 bo\u015fluk b\u0131rakmadan art arda kaleme al\u0131nan Bizans kronikleri sadece Roma ve Avrupa tarihine de\u011fil ayn\u0131 zamanda d\u00fcnyan\u0131n bir\u00e7ok devlet ve kavminin tarihine de \u0131\u015f\u0131k tutmaktad\u0131r. \u0130\u015fte bu kroniklerden biri de Bizans kronikleri i\u00e7erisinde hacim ve \u00f6nem itibariyle ilk s\u0131rada yer alan, ayn\u0131 zamanda Bizans tarih\u00e7ili\u011fini zirveye ta\u015f\u0131yan Theophanes\u2019in kroni\u011fidir. Theophanes\u2019in hem d\u00fcnyev\u00ee hem de din\u00ee tarih bilgilerini bir araya getirmek suretiyle 810-814 y\u0131llar\u0131 aras\u0131nda kaleme ald\u0131\u011f\u0131 kroni\u011fi, M.S. 284-813 y\u0131llar\u0131 aras\u0131ndaki s\u00fcreci kapsamakta ve bir D\u00fcnya Tarihi niteli\u011fi ta\u015f\u0131maktad\u0131r. Kroni\u011fin en \u00e7arp\u0131c\u0131 \u00f6zelli\u011fi; sadece Bizans imparatorluk y\u0131ll\u0131klar\u0131n\u0131 de\u011fil, ayn\u0131 zamanda H\u0131ristiyan Do\u011fu\u2019ya ait kaynaklar\u0131 da ihtiv\u00e2 etmesi, yine bu kaynaklar\u0131n b\u00fcy\u00fck bir k\u0131sm\u0131n\u0131n zaman i\u00e7erisinde yok olmas\u0131 ve bar\u0131nd\u0131rd\u0131klar\u0131 bilginin bu kronik yoluyla g\u00fcn\u00fcm\u00fcze ula\u015fm\u0131\u015f olmas\u0131 ger\u00e7e\u011fidir. <\/p>\n","protected":false},"excerpt":{"rendered":"<p>Bir Bizans Kroni\u011finde Do\u011fu Avrupa T\u00fcrkleri\u2026 Bin y\u0131l\u0131 a\u015fk\u0131n tarihi ile d\u00fcnyan\u0131n en uzun s\u00fcre h\u00fck\u00fcm s\u00fcren devleti unvan\u0131na sahip Bizans \u0130mparatorlu\u011fu, tarih yazma gelene\u011fi ile<span class=\"excerpt-hellip\"> [\u2026]<\/span><\/p>\n","protected":false},"featured_media":0,"template":"","meta":{"_monsterinsights_skip_tracking":false,"_monsterinsights_sitenote_active":false,"_monsterinsights_sitenote_note":"","_monsterinsights_sitenote_category":0},"product_brand":[],"product_cat":[12305,12304],"product_tag":[],"class_list":{"0":"post-731523","1":"product","2":"type-product","3":"status-publish","5":"product_cat-dunya-tarihi","6":"product_cat-tarih","7":"pa_cilt-ciltsiz","8":"pa_tur-kitap","9":"pa_yayinevi-kronik-kitap","10":"pa_yazar-hatice-aydin","12":"first","13":"instock","14":"sale","15":"shipping-taxable","16":"purchasable","17":"product-type-simple"},"_links":{"self":[{"href":"https:\/\/roveyayinevi.com.tr\/index.php\/wp-json\/wp\/v2\/product\/731523","targetHints":{"allow":["GET"]}}],"collection":[{"href":"https:\/\/roveyayinevi.com.tr\/index.php\/wp-json\/wp\/v2\/product"}],"about":[{"href":"https:\/\/roveyayinevi.com.tr\/index.php\/wp-json\/wp\/v2\/types\/product"}],"wp:attachment":[{"href":"https:\/\/roveyayinevi.com.tr\/index.php\/wp-json\/wp\/v2\/media?parent=731523"}],"wp:term":[{"taxonomy":"product_brand","embeddable":true,"href":"https:\/\/roveyayinevi.com.tr\/index.php\/wp-json\/wp\/v2\/product_brand?post=731523"},{"taxonomy":"product_cat","embeddable":true,"href":"https:\/\/roveyayinevi.com.tr\/index.php\/wp-json\/wp\/v2\/product_cat?post=731523"},{"taxonomy":"product_tag","embeddable":true,"href":"https:\/\/roveyayinevi.com.tr\/index.php\/wp-json\/wp\/v2\/product_tag?post=731523"}],"curies":[{"name":"wp","href":"https:\/\/api.w.org\/{rel}","templated":true}]}}