{"id":731515,"date":"2025-08-27T21:33:23","date_gmt":"2025-08-27T18:33:23","guid":{"rendered":"https:\/\/roveyayinevi.com.tr\/index.php\/urun\/psikolojiden-sanata-dogru-sanat-psikolojisi-ve-otesi\/"},"modified":"2026-04-16T02:39:12","modified_gmt":"2026-04-15T23:39:12","slug":"psikolojiden-sanata-dogru-sanat-psikolojisi-ve-otesi","status":"publish","type":"product","link":"https:\/\/roveyayinevi.com.tr\/index.php\/urun\/psikolojiden-sanata-dogru-sanat-psikolojisi-ve-otesi\/","title":{"rendered":"Psikolojiden Sanata Do\u011fru &#8211; Sanat Psikolojisi Ve \u00d6tesi"},"content":{"rendered":"<p>Toplumsal bask\u0131nl\u0131kla birlikte de\u011ferlendirilebilecek sistemi me\u015frula\u015ft\u0131rma kavram\u0131, temelde, toplumsal kimlik kuram\u0131na dayan\u0131yor. Bu kurama g\u00f6re birey, kendini ve ait oldu\u011fu grubu y\u00fccelten tutum ve davran\u0131\u015flara sahiptir. K\u00f6t\u00fcl\u00fckler, \u2018bizden olmayanlar\u2019a yans\u0131t\u0131l\u0131yor; b\u00f6ylece, \u2018bizden olanlar\u2019\u0131n tertemiz oldu\u011fu y\u00f6n\u00fcnde, bir kendini idealize etme s\u00fcreci s\u00f6zkonusu oluyor. Toplumsal bask\u0131nl\u0131k kuram\u0131 ise buna bir tu\u011fla daha ekleyip toplumda hiyerar\u015finin alt\u0131nda olanlar\u0131n, \u00fcstte olanlar\u0131 y\u00fcceltti\u011fini g\u00f6steriyor. S\u00f6zgelimi, toplumsal kimlik yakla\u015f\u0131m\u0131 a\u00e7\u0131s\u0131ndan, yoksullar\u0131n, kendilerini y\u00fcceltip zenginleri k\u00f6t\u00fc, insanl\u0131\u011f\u0131 kalmam\u0131\u015f, duygusuz ki\u015filer olarak g\u00f6rmeleri beklenirken (kimi zaman bunu yap\u0131yorlar ama her zaman de\u011fil), onlar; tersine, zenginleri y\u00fcceltip kendilerini a\u015fa\u011f\u0131l\u0131yorlar. Arabesk edebiyat, tam da bundan do\u011fuyor. Sistemi me\u015frula\u015ft\u0131rma kuram\u0131, toplumsal bask\u0131nl\u0131k kuram\u0131ndaki hiyerar\u015fiyi destekleyici mitler kavram\u0131yla ayn\u0131 \u00e7izgide, ezilenlerin ezenleri y\u00fcceltmesine yol a\u00e7an kimi ara\u00e7lar oldu\u011funu ileri s\u00fcr\u00fcyor. Edebi anlat\u0131larda, tarihsel olarak, bizden olmayanlar\u0131n k\u00f6t\u00fclenmesinden,  bizden olmayanlar\u0131n y\u00fcceltilmesine do\u011fru bir ge\u00e7i\u015f oldu\u011fu s\u00f6ylenebilir. Ayn\u0131 bi\u00e7imde, ezilenlerin boyun e\u011fmeyip er ya da ge\u00e7 hakk\u0131n\u0131 arad\u0131\u011f\u0131 anlat\u0131lardan, ezilmenin\/yoksullu\u011fun mutlakla\u015ft\u0131r\u0131ld\u0131\u011f\u0131 bir anlat\u0131 tarz\u0131na ge\u00e7i\u015f de s\u00f6zkonusu. <\/p>\n","protected":false},"excerpt":{"rendered":"<p>Toplumsal bask\u0131nl\u0131kla birlikte de\u011ferlendirilebilecek sistemi me\u015frula\u015ft\u0131rma kavram\u0131, temelde, toplumsal kimlik kuram\u0131na dayan\u0131yor. Bu kurama g\u00f6re birey, kendini ve ait oldu\u011fu grubu y\u00fccelten tutum ve davran\u0131\u015flara sahiptir.<span class=\"excerpt-hellip\"> [\u2026]<\/span><\/p>\n","protected":false},"featured_media":0,"template":"","meta":{"_monsterinsights_skip_tracking":false,"_monsterinsights_sitenote_active":false,"_monsterinsights_sitenote_note":"","_monsterinsights_sitenote_category":0},"product_brand":[],"product_cat":[44608,12408],"product_tag":[],"class_list":{"0":"post-731515","1":"product","2":"type-product","3":"status-publish","5":"product_cat-diger-sanat","6":"product_cat-sanat","7":"pa_cilt-ciltsiz","8":"pa_tur-kitap","9":"pa_yayinevi-toz-yayinlari","10":"pa_yazar-ulas-basar-gezgin","12":"first","13":"instock","14":"sale","15":"shipping-taxable","16":"purchasable","17":"product-type-simple"},"_links":{"self":[{"href":"https:\/\/roveyayinevi.com.tr\/index.php\/wp-json\/wp\/v2\/product\/731515","targetHints":{"allow":["GET"]}}],"collection":[{"href":"https:\/\/roveyayinevi.com.tr\/index.php\/wp-json\/wp\/v2\/product"}],"about":[{"href":"https:\/\/roveyayinevi.com.tr\/index.php\/wp-json\/wp\/v2\/types\/product"}],"wp:attachment":[{"href":"https:\/\/roveyayinevi.com.tr\/index.php\/wp-json\/wp\/v2\/media?parent=731515"}],"wp:term":[{"taxonomy":"product_brand","embeddable":true,"href":"https:\/\/roveyayinevi.com.tr\/index.php\/wp-json\/wp\/v2\/product_brand?post=731515"},{"taxonomy":"product_cat","embeddable":true,"href":"https:\/\/roveyayinevi.com.tr\/index.php\/wp-json\/wp\/v2\/product_cat?post=731515"},{"taxonomy":"product_tag","embeddable":true,"href":"https:\/\/roveyayinevi.com.tr\/index.php\/wp-json\/wp\/v2\/product_tag?post=731515"}],"curies":[{"name":"wp","href":"https:\/\/api.w.org\/{rel}","templated":true}]}}