{"id":731503,"date":"2025-08-27T21:33:12","date_gmt":"2025-08-27T18:33:12","guid":{"rendered":"https:\/\/roveyayinevi.com.tr\/index.php\/urun\/dalgalarin-kiyisinda\/"},"modified":"2026-04-16T02:39:11","modified_gmt":"2026-04-15T23:39:11","slug":"dalgalarin-kiyisinda","status":"publish","type":"product","link":"https:\/\/roveyayinevi.com.tr\/index.php\/urun\/dalgalarin-kiyisinda\/","title":{"rendered":"Dalgalar\u0131n K\u0131y\u0131s\u0131nda"},"content":{"rendered":"<p>\u201cKad\u0131nlar ve b\u00fct\u00fcn var olan t\u00fcrler d\u00fcnyaya; birilerinin beklentilerini, keyfi hazlar\u0131n\u0131, doyumsuzluklar\u0131n\u0131, ihtiyac\u0131 olmayan ihtiya\u00e7lar\u0131n\u0131 doyurmak i\u00e7in gelmiyordu. Bu ger\u00e7e\u011fi g\u00f6rebilmek ve anlam\u0131na nail olabilmek, b\u00fct\u00fcn k\u00f6t\u00fcl\u00fckleri temelden sarsabilecek g\u00fc\u00e7teydi\u2026\u201d  \u201cVerdi\u011fimiz tepkilerdik asl\u0131nda biz, ba\u015f\u0131m\u0131za gelenlere, ba\u015f\u0131m\u0131zdakilere\u2026 Sorunlarla ba\u015f etme \u015fekillerimiz, bizim kim oldu\u011fumuzu azar azar f\u0131s\u0131ldard\u0131 kendimize. Kendini duymamakla ba\u015fl\u0131yordu belki de b\u00fct\u00fcn k\u00f6t\u00fcl\u00fckler, t\u00fcrlerin her birine\u2026 \u015eiddeti giyinip ku\u015fanmak \u00e2detimiz oldu\u011funda, kendi \u00f6z\u00fcm\u00fcz\u00fc bir b\u0131\u00e7akla kaz\u0131r\u0131z \u00f6nce, sonra di\u011fer canlardad\u0131r s\u0131ra\u2026\u201d  \u201cKimine ba\u015fkalar\u0131n\u0131n can\u0131ndan \u00fcst\u00fcn geliyordu kendi can\u0131, kimineyse kendi can\u0131ndan \u00f6nce geliyordu bir ba\u015fkas\u0131n\u0131n can\u0131\u2026\u201d <\/p>\n","protected":false},"excerpt":{"rendered":"<p>\u201cKad\u0131nlar ve b\u00fct\u00fcn var olan t\u00fcrler d\u00fcnyaya; birilerinin beklentilerini, keyfi hazlar\u0131n\u0131, doyumsuzluklar\u0131n\u0131, ihtiyac\u0131 olmayan ihtiya\u00e7lar\u0131n\u0131 doyurmak i\u00e7in gelmiyordu. Bu ger\u00e7e\u011fi g\u00f6rebilmek ve anlam\u0131na nail olabilmek, b\u00fct\u00fcn<span class=\"excerpt-hellip\"> [\u2026]<\/span><\/p>\n","protected":false},"featured_media":0,"template":"","meta":{"_monsterinsights_skip_tracking":false,"_monsterinsights_sitenote_active":false,"_monsterinsights_sitenote_note":"","_monsterinsights_sitenote_category":0},"product_brand":[],"product_cat":[12291,18202],"product_tag":[],"class_list":{"0":"post-731503","1":"product","2":"type-product","3":"status-publish","5":"product_cat-edebiyat","6":"product_cat-hikaye","7":"pa_cilt-ciltsiz","8":"pa_tur-kitap","9":"pa_yayinevi-gulnar-yayinlari","10":"pa_yazar-ahu-cetin","12":"first","13":"instock","14":"sale","15":"shipping-taxable","16":"purchasable","17":"product-type-simple"},"_links":{"self":[{"href":"https:\/\/roveyayinevi.com.tr\/index.php\/wp-json\/wp\/v2\/product\/731503","targetHints":{"allow":["GET"]}}],"collection":[{"href":"https:\/\/roveyayinevi.com.tr\/index.php\/wp-json\/wp\/v2\/product"}],"about":[{"href":"https:\/\/roveyayinevi.com.tr\/index.php\/wp-json\/wp\/v2\/types\/product"}],"wp:attachment":[{"href":"https:\/\/roveyayinevi.com.tr\/index.php\/wp-json\/wp\/v2\/media?parent=731503"}],"wp:term":[{"taxonomy":"product_brand","embeddable":true,"href":"https:\/\/roveyayinevi.com.tr\/index.php\/wp-json\/wp\/v2\/product_brand?post=731503"},{"taxonomy":"product_cat","embeddable":true,"href":"https:\/\/roveyayinevi.com.tr\/index.php\/wp-json\/wp\/v2\/product_cat?post=731503"},{"taxonomy":"product_tag","embeddable":true,"href":"https:\/\/roveyayinevi.com.tr\/index.php\/wp-json\/wp\/v2\/product_tag?post=731503"}],"curies":[{"name":"wp","href":"https:\/\/api.w.org\/{rel}","templated":true}]}}