{"id":731501,"date":"2025-08-27T21:33:09","date_gmt":"2025-08-27T18:33:09","guid":{"rendered":"https:\/\/roveyayinevi.com.tr\/index.php\/urun\/ustalara-selam-olsun\/"},"modified":"2026-04-16T02:39:11","modified_gmt":"2026-04-15T23:39:11","slug":"ustalara-selam-olsun","status":"publish","type":"product","link":"https:\/\/roveyayinevi.com.tr\/index.php\/urun\/ustalara-selam-olsun\/","title":{"rendered":"Ustalara Selam Olsun"},"content":{"rendered":"<p>S\u00f6z kula\u011fa, yaz\u0131 uza\u011fa gider.\u201d Atas\u00f6z\u00fcnden esinlenerek \u015e\u0131rnak\u2019\u0131n Silopi il\u00e7esinden uzaklara sesimizi duyurmak ad\u0131na \u00e7\u0131kt\u0131k bu yola. Ne kadar uza\u011fa gideriz, \u015fu an bu sat\u0131rlar\u0131 nerede okuyorsunuz bilmiyoruz ama bizim i\u00e7in \u00f6nemli olan yola \u00e7\u0131kmakt\u0131&#8230; Bu \u00e7al\u0131\u015fma i\u00e7in bizlere ula\u015fan y\u00fczlerce \u00fcr\u00fcn aras\u0131nda birazdan okuyaca\u011f\u0131n\u0131z \u00fcr\u00fcnleri se\u00e7tik. Kitapta yer alan b\u00fct\u00fcn eserler Cudi Ortaokulu \u00f6\u011frencilerine aittir ve tamamen \u00f6zg\u00fcn eserlerdir. Kendisi k\u00fc\u00e7\u00fck, y\u00fcre\u011fi b\u00fcy\u00fck b\u00fct\u00fcn \u201cMinik Kalemlerin\u201d daima hayallerini, tutkular\u0131n\u0131 yazmas\u0131n\u0131 umut ediyoruz. B\u00fct\u00fcn yazarlar\u0131m\u0131z\u0131n, \u015fairlerimizin \u00f6n\u00fcnde \u015fiirimizle, kalemimizle, sayg\u0131yla e\u011filiyoruz ve \u201cUstalara Selam Olsun\u201d diyoruz&#8230; Bu \u00e7al\u0131\u015fmada eme\u011fi ge\u00e7en herkese te\u015fekk\u00fcr ederiz. H\u00fcseyin VURAL <\/p>\n","protected":false},"excerpt":{"rendered":"<p>S\u00f6z kula\u011fa, yaz\u0131 uza\u011fa gider.\u201d Atas\u00f6z\u00fcnden esinlenerek \u015e\u0131rnak\u2019\u0131n Silopi il\u00e7esinden uzaklara sesimizi duyurmak ad\u0131na \u00e7\u0131kt\u0131k bu yola. Ne kadar uza\u011fa gideriz, \u015fu an bu sat\u0131rlar\u0131 nerede<span class=\"excerpt-hellip\"> [\u2026]<\/span><\/p>\n","protected":false},"featured_media":0,"template":"","meta":{"_monsterinsights_skip_tracking":false,"_monsterinsights_sitenote_active":false,"_monsterinsights_sitenote_note":"","_monsterinsights_sitenote_category":0},"product_brand":[],"product_cat":[12291,12509],"product_tag":[],"class_list":{"0":"post-731501","1":"product","2":"type-product","3":"status-publish","5":"product_cat-edebiyat","6":"product_cat-siir","7":"pa_cilt-ciltsiz","8":"pa_tur-kitap","9":"pa_yayinevi-gulnar-yayinlari","10":"pa_yazar-huseyin-vural","12":"first","13":"instock","14":"sale","15":"shipping-taxable","16":"purchasable","17":"product-type-simple"},"_links":{"self":[{"href":"https:\/\/roveyayinevi.com.tr\/index.php\/wp-json\/wp\/v2\/product\/731501","targetHints":{"allow":["GET"]}}],"collection":[{"href":"https:\/\/roveyayinevi.com.tr\/index.php\/wp-json\/wp\/v2\/product"}],"about":[{"href":"https:\/\/roveyayinevi.com.tr\/index.php\/wp-json\/wp\/v2\/types\/product"}],"wp:attachment":[{"href":"https:\/\/roveyayinevi.com.tr\/index.php\/wp-json\/wp\/v2\/media?parent=731501"}],"wp:term":[{"taxonomy":"product_brand","embeddable":true,"href":"https:\/\/roveyayinevi.com.tr\/index.php\/wp-json\/wp\/v2\/product_brand?post=731501"},{"taxonomy":"product_cat","embeddable":true,"href":"https:\/\/roveyayinevi.com.tr\/index.php\/wp-json\/wp\/v2\/product_cat?post=731501"},{"taxonomy":"product_tag","embeddable":true,"href":"https:\/\/roveyayinevi.com.tr\/index.php\/wp-json\/wp\/v2\/product_tag?post=731501"}],"curies":[{"name":"wp","href":"https:\/\/api.w.org\/{rel}","templated":true}]}}