{"id":731499,"date":"2025-08-27T21:33:07","date_gmt":"2025-08-27T18:33:07","guid":{"rendered":"https:\/\/roveyayinevi.com.tr\/index.php\/urun\/islamiyetten-sonra-turkler\/"},"modified":"2026-04-16T02:39:11","modified_gmt":"2026-04-15T23:39:11","slug":"islamiyetten-sonra-turkler","status":"publish","type":"product","link":"https:\/\/roveyayinevi.com.tr\/index.php\/urun\/islamiyetten-sonra-turkler\/","title":{"rendered":"\u0130slamiyetten Sonra T\u00fcrkler"},"content":{"rendered":"<p>T\u00fcrkler 9. y\u00fczy\u0131ldan itibaren Orta Do\u011fu\u2019da Araplar\u0131 ve Persleri askeri yeteneklerinin yan\u0131 s\u0131ra hem toplum y\u00f6netimi becerileri hem de entelekt\u00fcel yap\u0131lar\u0131 ile etkilemi\u015fler ve bu nedenle de destansal Binbir Gece Masallar\u0131\u2019nda kendilerine yer edinmi\u015flerdir. 10. y\u00fczy\u0131ldan itibaren ger\u00e7ek anlamda M\u00fcsl\u00fcman T\u00fcrk devletleri s\u00fcreci ba\u015flam\u0131\u015f ve kesintisiz bir \u015fekilde tarih sahnesinde adlar\u0131ndan s\u00f6z ettirmi\u015flerdir. Karahanl\u0131lar, Gazneliler, Harezm\u015fahlar, Sel\u00e7uklular, Meml\u00fbkler, Timurlular ve Bab\u00fcrler\u2019in bulunduklar\u0131 co\u011frafyalarda etkileri yads\u0131namaz. Sava\u015f\u00e7\u0131 ki\u015filiklerine ra\u011fmen T\u00fcrkler, binlerce y\u0131ld\u0131r devlet\u00e7i bir tarihe sahip olarak b\u00fcy\u00fck uygarl\u0131klar kurup d\u00fcnya medeniyetlerine \u00e7e\u015fitli olumlu katk\u0131lar yapm\u0131\u015f bir ulustur. Bug\u00fcn UNESCO\u2019nun D\u00fcnya Miraslar Listesi\u2019nde bulunan bir \u00e7ok mimari \u015faheseri insanl\u0131\u011f\u0131n be\u011fenisine sunmu\u015flar ve ayr\u0131ca d\u00fcnyaya yo\u011furt ve kahve gibi bir\u00e7ok k\u00fclt\u00fcrel unsur tan\u0131tm\u0131\u015flard\u0131r. \u0130slamiyet\u2019ten Sonra T\u00fcrkler, bu ulusun Uzak Do\u011fu\u2019dan Avrupa\u2019ya, Orta Do\u011fu\u2019dan Afrika\u2019ya geni\u015f co\u011frafya \u00fczerinde yay\u0131larak uzun s\u00fcre d\u00fcnya tarihinde derin bir iz b\u0131rakt\u0131klar\u0131n\u0131 ve Yeni \u00c7a\u011f\u2019da da Osmanl\u0131larla d\u00fcnya tarihinin ilk s\u00fcper g\u00fcc\u00fcne sahip olduklar\u0131n\u0131 belirtmektedir.<\/p>\n","protected":false},"excerpt":{"rendered":"<p>T\u00fcrkler 9. y\u00fczy\u0131ldan itibaren Orta Do\u011fu\u2019da Araplar\u0131 ve Persleri askeri yeteneklerinin yan\u0131 s\u0131ra hem toplum y\u00f6netimi becerileri hem de entelekt\u00fcel yap\u0131lar\u0131 ile etkilemi\u015fler ve bu nedenle<span class=\"excerpt-hellip\"> [\u2026]<\/span><\/p>\n","protected":false},"featured_media":0,"template":"","meta":{"_monsterinsights_skip_tracking":false,"_monsterinsights_sitenote_active":false,"_monsterinsights_sitenote_note":"","_monsterinsights_sitenote_category":0},"product_brand":[],"product_cat":[12370,12304],"product_tag":[],"class_list":{"0":"post-731499","1":"product","2":"type-product","3":"status-publish","5":"product_cat-arastirma-inceleme","6":"product_cat-tarih","7":"pa_cilt-ciltsiz","8":"pa_tur-kitap","9":"pa_yayinevi-inkilap-kitabevi","10":"pa_yazar-erol-i-yorulmazoglu","12":"first","13":"instock","14":"sale","15":"shipping-taxable","16":"purchasable","17":"product-type-simple"},"_links":{"self":[{"href":"https:\/\/roveyayinevi.com.tr\/index.php\/wp-json\/wp\/v2\/product\/731499","targetHints":{"allow":["GET"]}}],"collection":[{"href":"https:\/\/roveyayinevi.com.tr\/index.php\/wp-json\/wp\/v2\/product"}],"about":[{"href":"https:\/\/roveyayinevi.com.tr\/index.php\/wp-json\/wp\/v2\/types\/product"}],"wp:attachment":[{"href":"https:\/\/roveyayinevi.com.tr\/index.php\/wp-json\/wp\/v2\/media?parent=731499"}],"wp:term":[{"taxonomy":"product_brand","embeddable":true,"href":"https:\/\/roveyayinevi.com.tr\/index.php\/wp-json\/wp\/v2\/product_brand?post=731499"},{"taxonomy":"product_cat","embeddable":true,"href":"https:\/\/roveyayinevi.com.tr\/index.php\/wp-json\/wp\/v2\/product_cat?post=731499"},{"taxonomy":"product_tag","embeddable":true,"href":"https:\/\/roveyayinevi.com.tr\/index.php\/wp-json\/wp\/v2\/product_tag?post=731499"}],"curies":[{"name":"wp","href":"https:\/\/api.w.org\/{rel}","templated":true}]}}