{"id":731493,"date":"2025-08-27T21:33:02","date_gmt":"2025-08-27T18:33:02","guid":{"rendered":"https:\/\/roveyayinevi.com.tr\/index.php\/urun\/virgul-nerdesin-alfabe-bulutu-3\/"},"modified":"2026-04-16T02:39:11","modified_gmt":"2026-04-15T23:39:11","slug":"virgul-nerdesin-alfabe-bulutu-3","status":"publish","type":"product","link":"https:\/\/roveyayinevi.com.tr\/index.php\/urun\/virgul-nerdesin-alfabe-bulutu-3\/","title":{"rendered":"Virg\u00fcl Nerdesin?  &#8211; Alfabe Bulutu 3"},"content":{"rendered":"<p>\u00c7ok uzun zaman \u00f6nce, insanlar yazmaya ihtiya\u00e7 duyduklar\u0131n\u0131 anlad\u0131lar. Ancak bunu nas\u0131l yapacaklar\u0131n\u0131 bilmiyorlard\u0131. Tam o s\u0131rada, d\u00fcnyaya en yak\u0131n bulut olan Alfabe Bulutu\u2019nda ya\u015famlar\u0131n\u0131 s\u00fcren harfler, insanlarla ileti\u015fime ge\u00e7ip onlara yaz\u0131y\u0131 \u00f6\u011frettiler. Alfabe Bulutu\u2019nun d\u00fczenli ziyaret\u00e7ilerindenAlp G\u00f6kalp, bu dizide bizlere baz\u0131 bulutsakinlerinin hik\u00e2yelerini anlat\u0131yor\u2026 Virg\u00fcl bir g\u00fcn ormanda y\u00f6n\u00fcn\u00fc \u015fa\u015f\u0131r\u0131nca, yolda Tire\u2019yle kar\u015f\u0131la\u015ft\u0131. Kendisi gibi evinden uzaktaki Tire ise, noktalama i\u015faretlerinin harflerle s\u00fcrd\u00fcrd\u00fc\u011f\u00fc ortak ya\u015fam konusunda baz\u0131 sorgulamalar i\u00e7erisindeydi.Bu sorgulamalar hem bir ba\u015fkald\u0131r\u0131n\u0131n, hem de \u00f6zg\u00fcrl\u00fck, uzla\u015f\u0131m, sevgi ve ba\u011f\u0131ms\u0131zl\u0131k konular\u0131nda verilecek bir s\u0131nav\u0131n yaln\u0131zca ba\u015flang\u0131c\u0131yd\u0131&#8230;<\/p>\n","protected":false},"excerpt":{"rendered":"<p>\u00c7ok uzun zaman \u00f6nce, insanlar yazmaya ihtiya\u00e7 duyduklar\u0131n\u0131 anlad\u0131lar. Ancak bunu nas\u0131l yapacaklar\u0131n\u0131 bilmiyorlard\u0131. Tam o s\u0131rada, d\u00fcnyaya en yak\u0131n bulut olan Alfabe Bulutu\u2019nda ya\u015famlar\u0131n\u0131 s\u00fcren<span class=\"excerpt-hellip\"> [\u2026]<\/span><\/p>\n","protected":false},"featured_media":0,"template":"","meta":{"_monsterinsights_skip_tracking":false,"_monsterinsights_sitenote_active":false,"_monsterinsights_sitenote_note":"","_monsterinsights_sitenote_category":0},"product_brand":[],"product_cat":[12275,12274],"product_tag":[],"class_list":{"0":"post-731493","1":"product","2":"type-product","3":"status-publish","5":"product_cat-6-12-yas-kitaplari","6":"product_cat-cocuk-ve-genclik-kitaplari","7":"pa_cilt-ciltsiz","8":"pa_tur-kitap","9":"pa_yayinevi-can-cocuk-yayinlari","10":"pa_yazar-alp-gokalp","12":"first","13":"instock","14":"sale","15":"shipping-taxable","16":"purchasable","17":"product-type-simple"},"_links":{"self":[{"href":"https:\/\/roveyayinevi.com.tr\/index.php\/wp-json\/wp\/v2\/product\/731493","targetHints":{"allow":["GET"]}}],"collection":[{"href":"https:\/\/roveyayinevi.com.tr\/index.php\/wp-json\/wp\/v2\/product"}],"about":[{"href":"https:\/\/roveyayinevi.com.tr\/index.php\/wp-json\/wp\/v2\/types\/product"}],"wp:attachment":[{"href":"https:\/\/roveyayinevi.com.tr\/index.php\/wp-json\/wp\/v2\/media?parent=731493"}],"wp:term":[{"taxonomy":"product_brand","embeddable":true,"href":"https:\/\/roveyayinevi.com.tr\/index.php\/wp-json\/wp\/v2\/product_brand?post=731493"},{"taxonomy":"product_cat","embeddable":true,"href":"https:\/\/roveyayinevi.com.tr\/index.php\/wp-json\/wp\/v2\/product_cat?post=731493"},{"taxonomy":"product_tag","embeddable":true,"href":"https:\/\/roveyayinevi.com.tr\/index.php\/wp-json\/wp\/v2\/product_tag?post=731493"}],"curies":[{"name":"wp","href":"https:\/\/api.w.org\/{rel}","templated":true}]}}