{"id":731480,"date":"2025-08-27T21:32:50","date_gmt":"2025-08-27T18:32:50","guid":{"rendered":"https:\/\/roveyayinevi.com.tr\/index.php\/urun\/erkeklerden-nefret-ediyorum\/"},"modified":"2026-04-16T02:39:11","modified_gmt":"2026-04-15T23:39:11","slug":"erkeklerden-nefret-ediyorum","status":"publish","type":"product","link":"https:\/\/roveyayinevi.com.tr\/index.php\/urun\/erkeklerden-nefret-ediyorum\/","title":{"rendered":"Erkeklerden Nefret Ediyorum"},"content":{"rendered":"<p>Kad\u0131nlar, bilhassa da feministler uzun zamandan beri erkek d\u00fc\u015fmanl\u0131\u011f\u0131yla su\u00e7lan\u0131yor. Kad\u0131nlarsa bu iddiay\u0131 i\u00e7g\u00fcd\u00fcsel olarak reddediyor, ne de olsa ge\u00e7mi\u015fte bundan \u00e7ok daha az\u0131 y\u00fcz\u00fcnden kaz\u0131klarda yak\u0131ld\u0131lar. Peki ya erkeklere g\u00fcvenmemek, onlardan ho\u015flanmamak \u2013ve evet, belki de nefret etmek\u2013 cinsiyet\u00e7ili\u011fe kar\u015f\u0131 etkili bir cevapsa? \u201cErkekleri sevmeme hakk\u0131m\u0131z olmal\u0131,\u201d diyen Harmange bu kitapta, ki\u015fisel d\u00fczeyde de\u011fil de genel anlamda kad\u0131nlar\u0131n erkeklerden ho\u015flanmama ve onlara g\u00fcvenmeme hakk\u0131na sahip olmas\u0131 gerekti\u011fini savunurken, kad\u0131n dayan\u0131\u015fmas\u0131na y\u00f6nelik modern tav\u0131rlar\u0131 sorguluyor. Bu ba\u011flamda Erkeklerden Nefret Ediyorum; feminizm, cinsiyet\u00e7ilik ve kad\u0131nlar\u0131n her g\u00fcn maruz kald\u0131\u011f\u0131 eril bask\u0131 \u00fczerine kaleme al\u0131nm\u0131\u015f, dayan\u0131\u015fmay\u0131 ve k\u0131z karde\u015fli\u011fi kucaklayan, es ge\u00e7ilmemesi gereken bir metin. Heyecan verici\u2026 bir \u00f6zg\u00fcrl\u00fck \u00e7a\u011fr\u0131s\u0131. Harmange\u2019\u0131n yaz\u0131n\u0131 kad\u0131nlara ve onlar\u0131n yeteneklerine sars\u0131lmaz bir inan\u00e7la dolup ta\u015f\u0131yor. <\/p>\n","protected":false},"excerpt":{"rendered":"<p>Kad\u0131nlar, bilhassa da feministler uzun zamandan beri erkek d\u00fc\u015fmanl\u0131\u011f\u0131yla su\u00e7lan\u0131yor. Kad\u0131nlarsa bu iddiay\u0131 i\u00e7g\u00fcd\u00fcsel olarak reddediyor, ne de olsa ge\u00e7mi\u015fte bundan \u00e7ok daha az\u0131 y\u00fcz\u00fcnden kaz\u0131klarda<span class=\"excerpt-hellip\"> [\u2026]<\/span><\/p>\n","protected":false},"featured_media":0,"template":"","meta":{"_monsterinsights_skip_tracking":false,"_monsterinsights_sitenote_active":false,"_monsterinsights_sitenote_note":"","_monsterinsights_sitenote_category":0},"product_brand":[],"product_cat":[20351,12388],"product_tag":[],"class_list":{"0":"post-731480","1":"product","2":"type-product","3":"status-publish","5":"product_cat-dusunce","6":"product_cat-felsefe","7":"pa_cilt-ciltsiz","8":"pa_tur-kitap","9":"pa_yayinevi-mundi","10":"pa_yazar-pauline-harmange","12":"first","13":"instock","14":"sale","15":"shipping-taxable","16":"purchasable","17":"product-type-simple"},"_links":{"self":[{"href":"https:\/\/roveyayinevi.com.tr\/index.php\/wp-json\/wp\/v2\/product\/731480","targetHints":{"allow":["GET"]}}],"collection":[{"href":"https:\/\/roveyayinevi.com.tr\/index.php\/wp-json\/wp\/v2\/product"}],"about":[{"href":"https:\/\/roveyayinevi.com.tr\/index.php\/wp-json\/wp\/v2\/types\/product"}],"wp:attachment":[{"href":"https:\/\/roveyayinevi.com.tr\/index.php\/wp-json\/wp\/v2\/media?parent=731480"}],"wp:term":[{"taxonomy":"product_brand","embeddable":true,"href":"https:\/\/roveyayinevi.com.tr\/index.php\/wp-json\/wp\/v2\/product_brand?post=731480"},{"taxonomy":"product_cat","embeddable":true,"href":"https:\/\/roveyayinevi.com.tr\/index.php\/wp-json\/wp\/v2\/product_cat?post=731480"},{"taxonomy":"product_tag","embeddable":true,"href":"https:\/\/roveyayinevi.com.tr\/index.php\/wp-json\/wp\/v2\/product_tag?post=731480"}],"curies":[{"name":"wp","href":"https:\/\/api.w.org\/{rel}","templated":true}]}}