{"id":731460,"date":"2025-08-27T21:32:29","date_gmt":"2025-08-27T18:32:29","guid":{"rendered":"https:\/\/roveyayinevi.com.tr\/index.php\/urun\/tuyluler-okulu-onum-arkam-sobe-2\/"},"modified":"2026-04-16T02:39:10","modified_gmt":"2026-04-15T23:39:10","slug":"tuyluler-okulu-onum-arkam-sobe-2","status":"publish","type":"product","link":"https:\/\/roveyayinevi.com.tr\/index.php\/urun\/tuyluler-okulu-onum-arkam-sobe-2\/","title":{"rendered":"T\u00fcyl\u00fcler Okulu &#8211; \u00d6n\u00fcm Arkam Sobe 2"},"content":{"rendered":"<p>\u201cT\u00fcyl\u00fcler Okulu mu? Hi\u00e7 olur mu \u00f6yle \u015fey?\u201d diye k\u0131k\u0131rdad\u0131\u011f\u0131n\u0131z\u0131 duyar gibiyim. Olur  tabii!.. Bilge&#8217;nin akl\u0131na bir fikir geldi, arkada\u015flar\u0131 ona e\u015flik etti.Hem biliyor musunuz, isterseniz siz de kendinize bir T\u00fcyl\u00fcler Okulu kurabilirsiniz.<\/p>\n","protected":false},"excerpt":{"rendered":"<p>\u201cT\u00fcyl\u00fcler Okulu mu? Hi\u00e7 olur mu \u00f6yle \u015fey?\u201d diye k\u0131k\u0131rdad\u0131\u011f\u0131n\u0131z\u0131 duyar gibiyim. Olur tabii!.. Bilge&#8217;nin akl\u0131na bir fikir geldi, arkada\u015flar\u0131 ona e\u015flik etti.Hem biliyor musunuz, isterseniz<span class=\"excerpt-hellip\"> [\u2026]<\/span><\/p>\n","protected":false},"featured_media":0,"template":"","meta":{"_monsterinsights_skip_tracking":false,"_monsterinsights_sitenote_active":false,"_monsterinsights_sitenote_note":"","_monsterinsights_sitenote_category":0},"product_brand":[],"product_cat":[12913,12274],"product_tag":[],"class_list":{"0":"post-731460","1":"product","2":"type-product","3":"status-publish","5":"product_cat-3-6-yas-kitaplari","6":"product_cat-cocuk-ve-genclik-kitaplari","7":"pa_cilt-ciltsiz","8":"pa_tur-kitap","9":"pa_yayinevi-otuken-nesriyat","10":"pa_yazar-ozge-karaevli","12":"first","13":"instock","14":"sale","15":"shipping-taxable","16":"purchasable","17":"product-type-simple"},"_links":{"self":[{"href":"https:\/\/roveyayinevi.com.tr\/index.php\/wp-json\/wp\/v2\/product\/731460","targetHints":{"allow":["GET"]}}],"collection":[{"href":"https:\/\/roveyayinevi.com.tr\/index.php\/wp-json\/wp\/v2\/product"}],"about":[{"href":"https:\/\/roveyayinevi.com.tr\/index.php\/wp-json\/wp\/v2\/types\/product"}],"wp:attachment":[{"href":"https:\/\/roveyayinevi.com.tr\/index.php\/wp-json\/wp\/v2\/media?parent=731460"}],"wp:term":[{"taxonomy":"product_brand","embeddable":true,"href":"https:\/\/roveyayinevi.com.tr\/index.php\/wp-json\/wp\/v2\/product_brand?post=731460"},{"taxonomy":"product_cat","embeddable":true,"href":"https:\/\/roveyayinevi.com.tr\/index.php\/wp-json\/wp\/v2\/product_cat?post=731460"},{"taxonomy":"product_tag","embeddable":true,"href":"https:\/\/roveyayinevi.com.tr\/index.php\/wp-json\/wp\/v2\/product_tag?post=731460"}],"curies":[{"name":"wp","href":"https:\/\/api.w.org\/{rel}","templated":true}]}}