{"id":731457,"date":"2025-08-27T21:32:27","date_gmt":"2025-08-27T18:32:27","guid":{"rendered":"https:\/\/roveyayinevi.com.tr\/index.php\/urun\/ayrinti-dergi-2021-bahar-37-sayi\/"},"modified":"2026-04-16T02:39:10","modified_gmt":"2026-04-15T23:39:10","slug":"ayrinti-dergi-2021-bahar-37-sayi","status":"publish","type":"product","link":"https:\/\/roveyayinevi.com.tr\/index.php\/urun\/ayrinti-dergi-2021-bahar-37-sayi\/","title":{"rendered":"Ayr\u0131nt\u0131 Dergi 2021 Bahar 37. Say\u0131"},"content":{"rendered":"<p>Yak\u0131n bir ge\u00e7mi\u015fe kadar girdi\u011fi her se\u00e7imden istedi\u011fi sonu\u00e7la \u00e7\u0131kan ve kazand\u0131\u011f\u0131 sand\u0131k zaferlerini tek adam rejimini dayatman\u0131n bir arac\u0131 olarak kullanan AKP, art\u0131k bu silah\u0131n\u0131 kaybetmi\u015f g\u00f6ru\u0308nu\u0308yor. Yerel se\u00e7imlerde u\u011frad\u0131\u011f\u0131 a\u011f\u0131r yenilgi ve derinle\u015fen ekonomik krizin etkisiyle se\u00e7men kitlesinde ya\u015fad\u0131\u011f\u0131 bu\u0308yu\u0308k erozyon, se\u00e7imleri AKP a\u00e7\u0131s\u0131ndan ihtiya\u00e7 durumunda kullan\u0131lacak bir \u00e7\u0131k\u0131\u015f kap\u0131s\u0131 olmaktan \u00e7\u0131kartt\u0131. Bu durumun fark\u0131nda olan siyasi iktidar, 2023\u2019e giderken, kendi istedi\u011fi \u015fartlar alt\u0131nda, kendi istedi\u011fi rakiplerle yar\u0131\u015fabilece\u011fi bir se\u00e7im du\u0308zene\u011fi haz\u0131rlamaya \u00e7al\u0131\u015f\u0131yor. Bu su\u0308re\u00e7te AKP, bir yandan HDP\u2019yi se\u00e7im d\u0131\u015f\u0131 b\u0131rakmak, CHP\u2019nin se\u00e7men kitlesinde yar\u0131lmalar yaratmak, \u0130Y\u0130 Parti\u2019yi Millet \u0130ttifak\u0131\u2019ndan koparmak, kendisinden ayr\u0131lan partilerin etkinli\u011fini s\u0131n\u0131rlamak gibi siyasal ad\u0131mlar atarken, di\u011fer yandan da Siyasi Partiler Kanunu\u2019nun de\u011fi\u015ftirilmesi, ittifak yap\u0131lar\u0131n\u0131n yeniden du\u0308zenlenmesi, se\u00e7im baraj\u0131n\u0131n du\u0308\u015fu\u0308ru\u0308lmesi, % 50+1 zorunlulu\u011funun kald\u0131r\u0131lmas\u0131 gibi yasal du\u0308zenlemeler i\u00e7in \u00e7e\u015fitli \u00e7al\u0131\u015fmalar yu\u0308ru\u0308tu\u0308yor.<\/p>\n","protected":false},"excerpt":{"rendered":"<p>Yak\u0131n bir ge\u00e7mi\u015fe kadar girdi\u011fi her se\u00e7imden istedi\u011fi sonu\u00e7la \u00e7\u0131kan ve kazand\u0131\u011f\u0131 sand\u0131k zaferlerini tek adam rejimini dayatman\u0131n bir arac\u0131 olarak kullanan AKP, art\u0131k bu silah\u0131n\u0131<span class=\"excerpt-hellip\"> [\u2026]<\/span><\/p>\n","protected":false},"featured_media":0,"template":"","meta":{"_monsterinsights_skip_tracking":false,"_monsterinsights_sitenote_active":false,"_monsterinsights_sitenote_note":"","_monsterinsights_sitenote_category":0},"product_brand":[],"product_cat":[17574,13527],"product_tag":[],"class_list":{"0":"post-731457","1":"product","2":"type-product","3":"status-publish","5":"product_cat-politika","6":"product_cat-sureli-yayinlar","7":"pa_cilt-ciltsiz","8":"pa_tur-kitap","9":"pa_yayinevi-ayrinti-yayinlari","10":"pa_yazar-ayrinti-yayinlari-kolektif","12":"first","13":"instock","14":"sale","15":"shipping-taxable","16":"purchasable","17":"product-type-simple"},"_links":{"self":[{"href":"https:\/\/roveyayinevi.com.tr\/index.php\/wp-json\/wp\/v2\/product\/731457","targetHints":{"allow":["GET"]}}],"collection":[{"href":"https:\/\/roveyayinevi.com.tr\/index.php\/wp-json\/wp\/v2\/product"}],"about":[{"href":"https:\/\/roveyayinevi.com.tr\/index.php\/wp-json\/wp\/v2\/types\/product"}],"wp:attachment":[{"href":"https:\/\/roveyayinevi.com.tr\/index.php\/wp-json\/wp\/v2\/media?parent=731457"}],"wp:term":[{"taxonomy":"product_brand","embeddable":true,"href":"https:\/\/roveyayinevi.com.tr\/index.php\/wp-json\/wp\/v2\/product_brand?post=731457"},{"taxonomy":"product_cat","embeddable":true,"href":"https:\/\/roveyayinevi.com.tr\/index.php\/wp-json\/wp\/v2\/product_cat?post=731457"},{"taxonomy":"product_tag","embeddable":true,"href":"https:\/\/roveyayinevi.com.tr\/index.php\/wp-json\/wp\/v2\/product_tag?post=731457"}],"curies":[{"name":"wp","href":"https:\/\/api.w.org\/{rel}","templated":true}]}}