{"id":731452,"date":"2025-08-27T21:32:21","date_gmt":"2025-08-27T18:32:21","guid":{"rendered":"https:\/\/roveyayinevi.com.tr\/index.php\/urun\/gocebe-nomade\/"},"modified":"2026-04-16T02:39:10","modified_gmt":"2026-04-15T23:39:10","slug":"gocebe-nomade","status":"publish","type":"product","link":"https:\/\/roveyayinevi.com.tr\/index.php\/urun\/gocebe-nomade\/","title":{"rendered":"G\u00f6\u00e7ebe &#8211; Nomade"},"content":{"rendered":"<p>&#8220;Son 29 y\u0131ld\u0131r Danimarkal\u0131 ve T\u00fcrk \u015fairlerin kat\u0131l\u0131m\u0131yla Kopenhag\u2019da ve T\u00fcrkiye\u2019de her y\u0131l Danca-T\u00fcrk\u00e7e \u015eiir Ak\u015famlar\u0131 d\u00fczenledik. 20. y\u0131l kutlamas\u0131n\u0131 30 Ocak 2014\u2019te Kopenhag\u2019da bir \u00f6zel etkinlikle DSF (Danimarka Edebiyat\u00e7\u0131lar Sendikas\u0131) i\u015fbirli\u011fi ile birlikte ger\u00e7ekle\u015ftirdik. Kitap hem Danca ve hem T\u00fcrk\u00e7e. Danimarka\u2019dan 13 ve T\u00fcrkiye\u2019den 16 \u015fairi se\u00e7tim bu kitap i\u00e7in. \u015eair se\u00e7imi yaparken \u00f6l\u00e7\u00fct\u00fcm t\u00fcm \u015fairlerin Danca-T\u00fcrk\u00e7e \u015eiir Ak\u015famlar\u0131\u2019na kat\u0131lm\u0131\u015f olmalar\u0131yd\u0131 ya da \u015fiirleri bizim etkinliklerde okunmalar\u0131yd\u0131. Hayatta olmayan ama \u015fiirleriyle Danca-T\u00fcrk\u00e7e \u015eiir Ak\u015famlar\u0131\u2019nda temsil edilen kimi T\u00fcrk \u015fairlerini de bu kitapta bulacaks\u0131n\u0131z. T\u00fcm \u015fairler \u015fiirin uluslararas\u0131 dola\u015f\u0131m\u0131na katk\u0131da bulunmu\u015ftur. Kimi ozanlar\u0131n \u015fiirleri Kopenhag\u2019daki baz\u0131 i\u015fkence rehabilitasyon merkezleri taraf\u0131ndan tedavi s\u0131ras\u0131nda kullan\u0131lm\u0131\u015ft\u0131r. Danimarka ve ATSF (Anti-\u0130\u015fkence Destekleme Vakf\u0131), Danimarka Sanat Vakf\u0131 kitab\u0131, yazma s\u00fcrecinde destekledi. Bu antolojinin Danimarka ve T\u00fcrkiye aras\u0131ndaki edebiyat \u00e7e\u015fitlili\u011fine ve diyalo\u011funa katk\u0131 sa\u011flamas\u0131 umuduyla. Bu kitab\u0131 haz\u0131rlarken Girit\u2019teki evlerini bana a\u00e7an Yunanl\u0131 dostlar\u0131m Evaggelia Liokoura ve Giorgios Apostolakis\u2019e konukseverlikleri i\u00e7in \u00e7ok te\u015fekk\u00fcr ediyorum.&#8221; <\/p>\n","protected":false},"excerpt":{"rendered":"<p>&#8220;Son 29 y\u0131ld\u0131r Danimarkal\u0131 ve T\u00fcrk \u015fairlerin kat\u0131l\u0131m\u0131yla Kopenhag\u2019da ve T\u00fcrkiye\u2019de her y\u0131l Danca-T\u00fcrk\u00e7e \u015eiir Ak\u015famlar\u0131 d\u00fczenledik. 20. y\u0131l kutlamas\u0131n\u0131 30 Ocak 2014\u2019te Kopenhag\u2019da bir \u00f6zel<span class=\"excerpt-hellip\"> [\u2026]<\/span><\/p>\n","protected":false},"featured_media":0,"template":"","meta":{"_monsterinsights_skip_tracking":false,"_monsterinsights_sitenote_active":false,"_monsterinsights_sitenote_note":"","_monsterinsights_sitenote_category":0},"product_brand":[],"product_cat":[27157,12291],"product_tag":[],"class_list":{"0":"post-731452","1":"product","2":"type-product","3":"status-publish","5":"product_cat-derleme","6":"product_cat-edebiyat","7":"pa_cilt-ciltsiz","8":"pa_tur-kitap","9":"pa_yayinevi-imgenin-cocuklari","10":"pa_yazar-m-egemen-bostanci","12":"first","13":"instock","14":"sale","15":"shipping-taxable","16":"purchasable","17":"product-type-simple"},"_links":{"self":[{"href":"https:\/\/roveyayinevi.com.tr\/index.php\/wp-json\/wp\/v2\/product\/731452","targetHints":{"allow":["GET"]}}],"collection":[{"href":"https:\/\/roveyayinevi.com.tr\/index.php\/wp-json\/wp\/v2\/product"}],"about":[{"href":"https:\/\/roveyayinevi.com.tr\/index.php\/wp-json\/wp\/v2\/types\/product"}],"wp:attachment":[{"href":"https:\/\/roveyayinevi.com.tr\/index.php\/wp-json\/wp\/v2\/media?parent=731452"}],"wp:term":[{"taxonomy":"product_brand","embeddable":true,"href":"https:\/\/roveyayinevi.com.tr\/index.php\/wp-json\/wp\/v2\/product_brand?post=731452"},{"taxonomy":"product_cat","embeddable":true,"href":"https:\/\/roveyayinevi.com.tr\/index.php\/wp-json\/wp\/v2\/product_cat?post=731452"},{"taxonomy":"product_tag","embeddable":true,"href":"https:\/\/roveyayinevi.com.tr\/index.php\/wp-json\/wp\/v2\/product_tag?post=731452"}],"curies":[{"name":"wp","href":"https:\/\/api.w.org\/{rel}","templated":true}]}}