{"id":731449,"date":"2025-08-27T21:32:17","date_gmt":"2025-08-27T18:32:17","guid":{"rendered":"https:\/\/roveyayinevi.com.tr\/index.php\/urun\/sezai-karakocun-dusunce-ufuklari\/"},"modified":"2026-04-16T02:39:10","modified_gmt":"2026-04-15T23:39:10","slug":"sezai-karakocun-dusunce-ufuklari","status":"publish","type":"product","link":"https:\/\/roveyayinevi.com.tr\/index.php\/urun\/sezai-karakocun-dusunce-ufuklari\/","title":{"rendered":"Sezai Karako\u00e7&#8217;un D\u00fc\u015f\u00fcnce Ufuklar\u0131"},"content":{"rendered":"<p>Sezai Karako\u00e7, modern T\u00fcrk edebiyat\u0131n\u0131n en b\u00fcy\u00fck \u015fairlerinden biridir. \u00c7\u0131kard\u0131\u011f\u0131 Dirili\u015f dergisi, d\u00fc\u015f\u00fcnce ve edebiyatta birka\u00e7 ku\u015fa\u011fa mektep olmu\u015ftur. \u015eiirleriyle bir \u00f6nc\u00fc, yaz\u0131lar\u0131yla bir d\u00fc\u015f\u00fcn\u00fcr ve ya\u015fant\u0131s\u0131yla \u00e7a\u011fda\u015f bir dervi\u015ftir. Bir tav\u0131r adam\u0131 ve bir ahl\u00e2k abidesidir. Bir g\u00f6n\u00fcl adam\u0131 ve a\u015fk eridir. Bir \u00fcstatt\u0131r, herkesin \u00fcstad\u0131d\u0131r. O, a\u015fa\u011f\u0131l\u0131k kompleksi olmayan, namuslu, \u00f6z\u00fc s\u00f6z\u00fc bir, dava sahibi, \u00e7ile \u00e7ekmi\u015f, zaman\u0131n\u0131 ku\u015fatan ve hep ileriye bakan bir M\u00fcsl\u00fcmand\u0131r. \u00d6rnek bir M\u00fcsl\u00fcman d\u00fc\u015f\u00fcn\u00fcrd\u00fcr. \u0130sl\u00e2m d\u00fc\u015f\u00fcncesinin son ve yeni s\u00fcr\u00fcm\u00fcd\u00fcr. M\u00fcsl\u00fcmanlar\u0131n y\u00fcz ak\u0131 bir \u015fairdir.Gelece\u011fin M\u00fcsl\u00fcman\u0131, gelece\u011fin T\u00fcrkiye\u2019si ve \u0130sl\u00e2m d\u00fcnyas\u0131 hatta insanl\u0131\u011f\u0131n gelece\u011finin ancak Sezai Karako\u00e7\u2019un \u00e7izdi\u011fi ufukla sel\u00e2mete ula\u015fabilece\u011fini d\u00fc\u015f\u00fcnen Edebiyat\u00e7\u0131 Mehmet Erdo\u011fan uzun bir inceleme sonucu kaleme ald\u0131\u011f\u0131 bu \u00e7al\u0131\u015fmayla, Karako\u00e7\u2019un \u00f6zellikle yeni nesiller taraf\u0131ndan tekrar tekrar okunmas\u0131n\u0131, d\u00fc\u015f\u00fcncelerinin i\u00e7selle\u015ftirilmesini teklif ediyor.Bu eser Sezai Karako\u00e7\u2019un ileriye bakan y\u00f6n\u00fcn\u00fc anlamaya, d\u00fc\u015f\u00fcnce ufuklar\u0131n\u0131 taramaya ve d\u00fc\u015f\u00fcnce karakterinin belirgin \u00f6zelliklerini tespit etmeye ve \u00f6ng\u00f6r\u00fclerini inceleyip de\u011ferlendirmeye \u00e7al\u0131\u015f\u0131yor.<\/p>\n","protected":false},"excerpt":{"rendered":"<p>Sezai Karako\u00e7, modern T\u00fcrk edebiyat\u0131n\u0131n en b\u00fcy\u00fck \u015fairlerinden biridir. \u00c7\u0131kard\u0131\u011f\u0131 Dirili\u015f dergisi, d\u00fc\u015f\u00fcnce ve edebiyatta birka\u00e7 ku\u015fa\u011fa mektep olmu\u015ftur. \u015eiirleriyle bir \u00f6nc\u00fc, yaz\u0131lar\u0131yla bir d\u00fc\u015f\u00fcn\u00fcr ve<span class=\"excerpt-hellip\"> [\u2026]<\/span><\/p>\n","protected":false},"featured_media":0,"template":"","meta":{"_monsterinsights_skip_tracking":false,"_monsterinsights_sitenote_active":false,"_monsterinsights_sitenote_note":"","_monsterinsights_sitenote_category":0},"product_brand":[],"product_cat":[13072,12291],"product_tag":[],"class_list":{"0":"post-731449","1":"product","2":"type-product","3":"status-publish","5":"product_cat-arastirma-inceleme-referans","6":"product_cat-edebiyat","7":"pa_cilt-ciltsiz","8":"pa_tur-kitap","9":"pa_yayinevi-kopernik-kitap","10":"pa_yazar-mehmet-erdogan","12":"first","13":"instock","14":"sale","15":"shipping-taxable","16":"purchasable","17":"product-type-simple"},"_links":{"self":[{"href":"https:\/\/roveyayinevi.com.tr\/index.php\/wp-json\/wp\/v2\/product\/731449","targetHints":{"allow":["GET"]}}],"collection":[{"href":"https:\/\/roveyayinevi.com.tr\/index.php\/wp-json\/wp\/v2\/product"}],"about":[{"href":"https:\/\/roveyayinevi.com.tr\/index.php\/wp-json\/wp\/v2\/types\/product"}],"wp:attachment":[{"href":"https:\/\/roveyayinevi.com.tr\/index.php\/wp-json\/wp\/v2\/media?parent=731449"}],"wp:term":[{"taxonomy":"product_brand","embeddable":true,"href":"https:\/\/roveyayinevi.com.tr\/index.php\/wp-json\/wp\/v2\/product_brand?post=731449"},{"taxonomy":"product_cat","embeddable":true,"href":"https:\/\/roveyayinevi.com.tr\/index.php\/wp-json\/wp\/v2\/product_cat?post=731449"},{"taxonomy":"product_tag","embeddable":true,"href":"https:\/\/roveyayinevi.com.tr\/index.php\/wp-json\/wp\/v2\/product_tag?post=731449"}],"curies":[{"name":"wp","href":"https:\/\/api.w.org\/{rel}","templated":true}]}}