{"id":731448,"date":"2025-08-27T21:32:16","date_gmt":"2025-08-27T18:32:16","guid":{"rendered":"https:\/\/roveyayinevi.com.tr\/index.php\/urun\/cin-bilgeligi-2\/"},"modified":"2026-04-16T02:39:10","modified_gmt":"2026-04-15T23:39:10","slug":"cin-bilgeligi-2","status":"publish","type":"product","link":"https:\/\/roveyayinevi.com.tr\/index.php\/urun\/cin-bilgeligi-2\/","title":{"rendered":"\u00c7in Bilgeli\u011fi"},"content":{"rendered":"<p>\u201cAceleci olup h\u0131zl\u0131 sonu\u00e7lar bekleme ve k\u00fc\u00e7\u00fck menfaat pe\u015fine d\u00fc\u015fme\u201dKonf\u00fc\u00e7y\u00fcs (M\u00d6 551 \u2013 M\u00d6 479)\u201cBir ki\u015finin kollar\u0131n\u0131 etraf\u0131nda kavu\u015fturamad\u0131\u011f\u0131 a\u011fa\u00e7 da bir zamanlar k\u00fc\u00e7\u00fck bir fidand\u0131\u201dLaozi (M\u00d6 \u2013 6. Y\u00fczy\u0131l)\u201cToprak biriktik\u00e7e da\u011f; su biriktik\u00e7e deniz olu\u015fur\u201dXunzi (M\u00d6 3. Y\u00fczy\u0131l)\u201cDepolarda yeteri kadar yiyecek varsa halk g\u00f6rg\u00fc kurallar\u0131n\u0131 bilir; kar\u0131nlar\u0131 doyar ve giysileri olursa onur ve utanc\u0131 bilirler\u201dGuanzi (M\u00d6 7. Y\u00fczy\u0131l)\u201cD\u00fcnyan\u0131n temeli devlet, devletin temeli aile; ailenin temeli insand\u0131r\u201dMengzi (M\u00d6 372 \u2013 M\u00d6 289)Konf\u00fc\u00e7y\u00fcs, Laozi, Guanzi, Xunzi, Mengzi\u2026 \u00c7in\u2019in binlerce y\u0131ll\u0131k tarihinden \u00f6nemli d\u00fc\u015f\u00fcn\u00fcrler ve onlar\u0131n \u00e7a\u011flar\u0131 a\u015fan s\u00f6zleri. \u00c7in Bilgeli\u011fi eserinde kadim s\u00f6zlerin modern \u00c7in\u2019de Xi Jinping taraf\u0131ndan nas\u0131l kullan\u0131ld\u0131\u011f\u0131 ve s\u00f6zlerin tarihi hik\u00e2yeleri ve arka planlar\u0131 uzmanlar\u0131 taraf\u0131ndan a\u00e7\u0131klanmaktad\u0131r. Kitap CCTV\u2019de yay\u0131nlanan 12 programdan yola \u00e7\u0131karak derlenmi\u015ftir. \u201c\u00c7in Bilgeli\u011fi\u201d ilk defa \u00f6zg\u00fcn dili \u00c7inceden \u00e7evirisiyle okurla bulu\u015fuyor.<\/p>\n","protected":false},"excerpt":{"rendered":"<p>\u201cAceleci olup h\u0131zl\u0131 sonu\u00e7lar bekleme ve k\u00fc\u00e7\u00fck menfaat pe\u015fine d\u00fc\u015fme\u201dKonf\u00fc\u00e7y\u00fcs (M\u00d6 551 \u2013 M\u00d6 479)\u201cBir ki\u015finin kollar\u0131n\u0131 etraf\u0131nda kavu\u015fturamad\u0131\u011f\u0131 a\u011fa\u00e7 da bir zamanlar k\u00fc\u00e7\u00fck bir fidand\u0131\u201dLaozi<span class=\"excerpt-hellip\"> [\u2026]<\/span><\/p>\n","protected":false},"featured_media":0,"template":"","meta":{"_monsterinsights_skip_tracking":false,"_monsterinsights_sitenote_active":false,"_monsterinsights_sitenote_note":"","_monsterinsights_sitenote_category":0},"product_brand":[],"product_cat":[12370,12304],"product_tag":[],"class_list":{"0":"post-731448","1":"product","2":"type-product","3":"status-publish","5":"product_cat-arastirma-inceleme","6":"product_cat-tarih","7":"pa_cilt-ciltsiz","8":"pa_tur-kitap","9":"pa_yayinevi-kopernik-kitap","10":"pa_yazar-kopernik-kitap-kolektif","12":"first","13":"instock","14":"sale","15":"shipping-taxable","16":"purchasable","17":"product-type-simple"},"_links":{"self":[{"href":"https:\/\/roveyayinevi.com.tr\/index.php\/wp-json\/wp\/v2\/product\/731448","targetHints":{"allow":["GET"]}}],"collection":[{"href":"https:\/\/roveyayinevi.com.tr\/index.php\/wp-json\/wp\/v2\/product"}],"about":[{"href":"https:\/\/roveyayinevi.com.tr\/index.php\/wp-json\/wp\/v2\/types\/product"}],"wp:attachment":[{"href":"https:\/\/roveyayinevi.com.tr\/index.php\/wp-json\/wp\/v2\/media?parent=731448"}],"wp:term":[{"taxonomy":"product_brand","embeddable":true,"href":"https:\/\/roveyayinevi.com.tr\/index.php\/wp-json\/wp\/v2\/product_brand?post=731448"},{"taxonomy":"product_cat","embeddable":true,"href":"https:\/\/roveyayinevi.com.tr\/index.php\/wp-json\/wp\/v2\/product_cat?post=731448"},{"taxonomy":"product_tag","embeddable":true,"href":"https:\/\/roveyayinevi.com.tr\/index.php\/wp-json\/wp\/v2\/product_tag?post=731448"}],"curies":[{"name":"wp","href":"https:\/\/api.w.org\/{rel}","templated":true}]}}