{"id":731447,"date":"2025-08-27T21:32:15","date_gmt":"2025-08-27T18:32:15","guid":{"rendered":"https:\/\/roveyayinevi.com.tr\/index.php\/urun\/araba-sevdasi-10\/"},"modified":"2026-04-16T02:39:10","modified_gmt":"2026-04-15T23:39:10","slug":"araba-sevdasi-10","status":"publish","type":"product","link":"https:\/\/roveyayinevi.com.tr\/index.php\/urun\/araba-sevdasi-10\/","title":{"rendered":"Araba Sevdas\u0131"},"content":{"rendered":"<p>Reca\u00eezade Mahmut Ekrem\u2019in Araba Sevdas\u0131, 1896 y\u0131l\u0131nda Servet-i F\u00fcnun dergisinde tefrika edilmi\u015f, 1897\u2019de de kitap olarak yay\u0131mlanm\u0131\u015ft\u0131r. Eser, Ekrem\u2019in romantizmden realizme ge\u00e7i\u015fini g\u00f6stermesi bak\u0131m\u0131ndan \u00f6nemlidir. Bu bak\u0131mdan Araba Sevdas\u0131\u2019n\u0131 sadece d\u00f6nemin \u2018alafranga z\u00fcppe tipi\u2019nin alaya al\u0131nd\u0131\u011f\u0131 mizah\u00ee bir roman olarak de\u011fil, ayn\u0131 zamanda romantik sanat anlay\u0131\u015f\u0131n\u0131n hayalcili\u011fini yeren bir eser olarak de\u011ferlendirmek gerekir.Araba Sevdas\u0131\u2019n\u0131n bu bask\u0131s\u0131nda Halil Pa\u015fa taraf\u0131ndan \u00f6zel olarak yap\u0131lan on bir resim ile \u00e7e\u015fitli desenler korunmu\u015ftur. Roman\u0131n Latinizasyonu s\u0131ras\u0131nda hi\u00e7bir m\u00fcdahalede bulunulmam\u0131\u015f; \u00f6zg\u00fcn metne, \u015five \u00f6zelliklerinden yaz\u0131m i\u015faretlerine kadar sad\u0131k kal\u0131nm\u0131\u015ft\u0131r. Ayr\u0131ca bug\u00fcn kullan\u0131lmayan kelime, tamlama ve Frans\u0131zca ifadelerin anlamlar\u0131 sayfa altlar\u0131nda verilmi\u015ftir.<\/p>\n","protected":false},"excerpt":{"rendered":"<p>Reca\u00eezade Mahmut Ekrem\u2019in Araba Sevdas\u0131, 1896 y\u0131l\u0131nda Servet-i F\u00fcnun dergisinde tefrika edilmi\u015f, 1897\u2019de de kitap olarak yay\u0131mlanm\u0131\u015ft\u0131r. Eser, Ekrem\u2019in romantizmden realizme ge\u00e7i\u015fini g\u00f6stermesi bak\u0131m\u0131ndan \u00f6nemlidir. Bu<span class=\"excerpt-hellip\"> [\u2026]<\/span><\/p>\n","protected":false},"featured_media":0,"template":"","meta":{"_monsterinsights_skip_tracking":false,"_monsterinsights_sitenote_active":false,"_monsterinsights_sitenote_note":"","_monsterinsights_sitenote_category":0},"product_brand":[],"product_cat":[12291,12292],"product_tag":[],"class_list":{"0":"post-731447","1":"product","2":"type-product","3":"status-publish","5":"product_cat-edebiyat","6":"product_cat-turk-edebiyati","7":"pa_cilt-ciltsiz","8":"pa_tur-kitap","9":"pa_yayinevi-kopernik-kitap","10":"pa_yazar-recaizade-mahmut-ekrem","12":"first","13":"instock","14":"sale","15":"shipping-taxable","16":"purchasable","17":"product-type-simple"},"_links":{"self":[{"href":"https:\/\/roveyayinevi.com.tr\/index.php\/wp-json\/wp\/v2\/product\/731447","targetHints":{"allow":["GET"]}}],"collection":[{"href":"https:\/\/roveyayinevi.com.tr\/index.php\/wp-json\/wp\/v2\/product"}],"about":[{"href":"https:\/\/roveyayinevi.com.tr\/index.php\/wp-json\/wp\/v2\/types\/product"}],"wp:attachment":[{"href":"https:\/\/roveyayinevi.com.tr\/index.php\/wp-json\/wp\/v2\/media?parent=731447"}],"wp:term":[{"taxonomy":"product_brand","embeddable":true,"href":"https:\/\/roveyayinevi.com.tr\/index.php\/wp-json\/wp\/v2\/product_brand?post=731447"},{"taxonomy":"product_cat","embeddable":true,"href":"https:\/\/roveyayinevi.com.tr\/index.php\/wp-json\/wp\/v2\/product_cat?post=731447"},{"taxonomy":"product_tag","embeddable":true,"href":"https:\/\/roveyayinevi.com.tr\/index.php\/wp-json\/wp\/v2\/product_tag?post=731447"}],"curies":[{"name":"wp","href":"https:\/\/api.w.org\/{rel}","templated":true}]}}