{"id":731446,"date":"2025-08-27T21:32:15","date_gmt":"2025-08-27T18:32:15","guid":{"rendered":"https:\/\/roveyayinevi.com.tr\/index.php\/urun\/tanrilardan-krallar-vikingler-ii-cilt\/"},"modified":"2026-04-16T02:39:10","modified_gmt":"2026-04-15T23:39:10","slug":"tanrilardan-krallar-vikingler-ii-cilt","status":"publish","type":"product","link":"https:\/\/roveyayinevi.com.tr\/index.php\/urun\/tanrilardan-krallar-vikingler-ii-cilt\/","title":{"rendered":"Tanr\u0131lardan Krallar Vikingler II Cilt"},"content":{"rendered":"<p>Viking \u00e7al\u0131\u015fmalar\u0131n\u0131n temel kaynaklar\u0131ndan olan Heimskringla\u2019n\u0131n ikinci cildi tarih ile mitoloji aras\u0131ndaki ince \u00e7izgide kendisine has edebi yetkinlikle harmanlanm\u0131\u015ft\u0131r. Tarih merakl\u0131lar\u0131yla edebiyat d\u00fc\u015fk\u00fcnlerini ayn\u0131 \u00f6l\u00e7\u00fcde tatmin edecek bir tarz\u0131 yakalayan Heimskringla sava\u015f\u00e7\u0131l\u0131\u011f\u0131 tek maharetleri oldu\u011fu d\u00fc\u015f\u00fcn\u00fclen Vikinglerin \u00f6zg\u00fcn eseridir. Kral I. \u00d3laf Tryggvasson ile Aziz II. \u00d3l\u00e1fr Haraldsson\u2019un \u00f6yk\u00fcs\u00fcn\u00fc bulabilece\u011finiz bu ciltte Viking topluluklar\u0131n\u0131n ba\u015flar\u0131ndan ge\u00e7en tarihi olaylar kadar mitolojik inan\u0131\u015flar\u0131na, toplumsal dokular\u0131na ve siyasal idarelerine dair kendi bak\u0131\u015f a\u00e7\u0131lar\u0131n\u0131 g\u00f6r\u00fcyoruz. Nesiller boyunca aktar\u0131larak gelen bu kadim bilgiler Avrupa\u2019n\u0131n kuzeyinden do\u011fan yeni bir p\u0131nar\u0131n k\u0131tan\u0131n bereketli topraklar\u0131na nas\u0131l ula\u015ft\u0131\u011f\u0131n\u0131 a\u00e7\u0131klamaktad\u0131r. Heimskringla\u2019da anlat\u0131lan olaylar, kavramlar ve ki\u015filer Orta\u00e7a\u011f\u2019\u0131 besleyen bir\u00e7ok edebi ve felsefi teman\u0131n tohumlar\u0131n\u0131 atm\u0131\u015ft\u0131r. Elinizdeki ikinci ciltteki anlat\u0131lar\u0131n arka plan\u0131ndaki dokular, yap\u0131lar ve tatlar okurlar\u0131n\u0131n Orta\u00e7a\u011f\u2019\u0131n gizemlerine yak\u0131ndan bakmas\u0131n\u0131 m\u00fcmk\u00fcn k\u0131lmaktad\u0131r. Vikinglere dair sahip olunan \u00f6nyarg\u0131lar\u0131n nedeni bu ciltte anlat\u0131lanlard\u0131r. Tanr\u0131lar\u0131ndan ba\u015flay\u0131p Krallar\u0131n\u0131 tan\u0131mak ve ba\u015flar\u0131ndan ge\u00e7enleri Vikinglerin kendi a\u011fz\u0131ndan dinlemek isterseniz, do\u011fru adrestesiniz. <\/p>\n","protected":false},"excerpt":{"rendered":"<p>Viking \u00e7al\u0131\u015fmalar\u0131n\u0131n temel kaynaklar\u0131ndan olan Heimskringla\u2019n\u0131n ikinci cildi tarih ile mitoloji aras\u0131ndaki ince \u00e7izgide kendisine has edebi yetkinlikle harmanlanm\u0131\u015ft\u0131r. Tarih merakl\u0131lar\u0131yla edebiyat d\u00fc\u015fk\u00fcnlerini ayn\u0131 \u00f6l\u00e7\u00fcde tatmin<span class=\"excerpt-hellip\"> [\u2026]<\/span><\/p>\n","protected":false},"featured_media":0,"template":"","meta":{"_monsterinsights_skip_tracking":false,"_monsterinsights_sitenote_active":false,"_monsterinsights_sitenote_note":"","_monsterinsights_sitenote_category":0},"product_brand":[],"product_cat":[12718,12858],"product_tag":[],"class_list":{"0":"post-731446","1":"product","2":"type-product","3":"status-publish","5":"product_cat-din","6":"product_cat-mitolojiler","7":"pa_cilt-ciltsiz","8":"pa_tur-kitap","9":"pa_yayinevi-yeditepe-yayinevi","10":"pa_yazar-snorri-sturluson","12":"first","13":"instock","14":"sale","15":"shipping-taxable","16":"purchasable","17":"product-type-simple"},"_links":{"self":[{"href":"https:\/\/roveyayinevi.com.tr\/index.php\/wp-json\/wp\/v2\/product\/731446","targetHints":{"allow":["GET"]}}],"collection":[{"href":"https:\/\/roveyayinevi.com.tr\/index.php\/wp-json\/wp\/v2\/product"}],"about":[{"href":"https:\/\/roveyayinevi.com.tr\/index.php\/wp-json\/wp\/v2\/types\/product"}],"wp:attachment":[{"href":"https:\/\/roveyayinevi.com.tr\/index.php\/wp-json\/wp\/v2\/media?parent=731446"}],"wp:term":[{"taxonomy":"product_brand","embeddable":true,"href":"https:\/\/roveyayinevi.com.tr\/index.php\/wp-json\/wp\/v2\/product_brand?post=731446"},{"taxonomy":"product_cat","embeddable":true,"href":"https:\/\/roveyayinevi.com.tr\/index.php\/wp-json\/wp\/v2\/product_cat?post=731446"},{"taxonomy":"product_tag","embeddable":true,"href":"https:\/\/roveyayinevi.com.tr\/index.php\/wp-json\/wp\/v2\/product_tag?post=731446"}],"curies":[{"name":"wp","href":"https:\/\/api.w.org\/{rel}","templated":true}]}}