{"id":731445,"date":"2025-08-27T21:32:14","date_gmt":"2025-08-27T18:32:14","guid":{"rendered":"https:\/\/roveyayinevi.com.tr\/index.php\/urun\/soylu-katil-brutus\/"},"modified":"2026-04-16T02:39:10","modified_gmt":"2026-04-15T23:39:10","slug":"soylu-katil-brutus","status":"publish","type":"product","link":"https:\/\/roveyayinevi.com.tr\/index.php\/urun\/soylu-katil-brutus\/","title":{"rendered":"Soylu Katil &#8211; Brutus"},"content":{"rendered":"<p>Marcus Brutus; devlet adam\u0131, filozof, bar\u0131\u015f destek\u00e7isi, sava\u015f\u00e7\u0131, komplocu ve suikast\u00e7\u0131\u2026 Kathryn Tempest, bu e\u015fsiz kitab\u0131nda Brutus\u2019un farkl\u0131 y\u00f6nlerini kadim metinlerin \u0131\u015f\u0131\u011f\u0131nda ilerleyerek anlat\u0131yor. Mitlerin bir kenara b\u0131rak\u0131larak de\u011ferlendirildi\u011fi bu kitapta Brutus\u2019un asl\u0131nda ne kadar gizem dolu ve kimilerine g\u00f6re tuhaf bir insan oldu\u011fu ortaya \u00e7\u0131k\u0131yor. \u00d6zellikle de en yak\u0131n arkada\u015f\u0131 Sezar\u2019\u0131n \u00f6ld\u00fcr\u00fclmesinde ald\u0131\u011f\u0131 ba\u015fat rol irdelenerek Tempest okuruna soru sorduruyor: Brutus\u2019un yapt\u0131\u011f\u0131 do\u011fru muydu, halka kar\u015f\u0131 g\u00f6revini \u00e7i\u011fnemi\u015f miydi? Brutus\u2019un bu biyografisi Kathryn Tempest\u2019in kulland\u0131\u011f\u0131 kaynaklar ve ara\u015ft\u0131rmalar\u0131yla bu zamana kadar okuduklar\u0131n\u0131zdan daha fazlas\u0131n\u0131 size verecek. Brutus hakk\u0131nda bilinmeyenleri nesnel bir \u015fekilde ele alan bu kitap kendi sonu\u00e7lar\u0131n\u0131z\u0131 \u00e7\u0131karman\u0131za yard\u0131m edecek. Olduk\u00e7a kapsaml\u0131 olan bu kitapla, Brutus\u2019un ki\u015fisel ve politik kimli\u011fi g\u00fcn y\u00fcz\u00fcne \u00e7\u0131kacak, \u201csoylu katil\u201d Brutus efsanelerden kurtulacakt\u0131r. Bu toplulukta Sezar\u2019\u0131 \u00e7ok sevmi\u015f biri varsa derim ki ona, Brutus\u2019un Sezar\u2019a sevgisi daha az de\u011fildi onunkinden. \u00d6yleyse neden Sezar\u2019a kar\u015f\u0131 ayakland\u0131n, derse bu dost bana, \u015fu kar\u015f\u0131l\u0131\u011f\u0131 veririm: Sezar\u2019\u0131 daha az sevdi\u011fim i\u00e7in de\u011fil, Roma\u2019y\u0131 daha \u00e7ok sevdi\u011fimden. Caesar ya\u015fay\u0131p da hepinizin k\u00f6le olarak \u00f6lmeniz mi daha iyi yoksa Sezar \u00f6l\u00fcp de hepinizin h\u00fcr insanlar olarak ya\u015faman\u0131z m\u0131? Sezar beni severdi, a\u011flar\u0131m onun i\u00e7in; mutlulu\u011fa ermi\u015fti, sevinirim; bir kahramand\u0131, sayg\u0131 duyar\u0131m; ama tutkuya kap\u0131ld\u0131, \u00f6ld\u00fcr\u00fcr\u00fcm. Shakespeare, Julius Caesar <\/p>\n","protected":false},"excerpt":{"rendered":"<p>Marcus Brutus; devlet adam\u0131, filozof, bar\u0131\u015f destek\u00e7isi, sava\u015f\u00e7\u0131, komplocu ve suikast\u00e7\u0131\u2026 Kathryn Tempest, bu e\u015fsiz kitab\u0131nda Brutus\u2019un farkl\u0131 y\u00f6nlerini kadim metinlerin \u0131\u015f\u0131\u011f\u0131nda ilerleyerek anlat\u0131yor. Mitlerin bir<span class=\"excerpt-hellip\"> [\u2026]<\/span><\/p>\n","protected":false},"featured_media":0,"template":"","meta":{"_monsterinsights_skip_tracking":false,"_monsterinsights_sitenote_active":false,"_monsterinsights_sitenote_note":"","_monsterinsights_sitenote_category":0},"product_brand":[],"product_cat":[16038,12388],"product_tag":[],"class_list":{"0":"post-731445","1":"product","2":"type-product","3":"status-publish","5":"product_cat-arastirma-inceleme-referans-felsefe","6":"product_cat-felsefe","7":"pa_cilt-ciltsiz","8":"pa_tur-kitap","9":"pa_yayinevi-yeditepe-yayinevi","10":"pa_yazar-kathryn-tempest","12":"first","13":"instock","14":"sale","15":"shipping-taxable","16":"purchasable","17":"product-type-simple"},"_links":{"self":[{"href":"https:\/\/roveyayinevi.com.tr\/index.php\/wp-json\/wp\/v2\/product\/731445","targetHints":{"allow":["GET"]}}],"collection":[{"href":"https:\/\/roveyayinevi.com.tr\/index.php\/wp-json\/wp\/v2\/product"}],"about":[{"href":"https:\/\/roveyayinevi.com.tr\/index.php\/wp-json\/wp\/v2\/types\/product"}],"wp:attachment":[{"href":"https:\/\/roveyayinevi.com.tr\/index.php\/wp-json\/wp\/v2\/media?parent=731445"}],"wp:term":[{"taxonomy":"product_brand","embeddable":true,"href":"https:\/\/roveyayinevi.com.tr\/index.php\/wp-json\/wp\/v2\/product_brand?post=731445"},{"taxonomy":"product_cat","embeddable":true,"href":"https:\/\/roveyayinevi.com.tr\/index.php\/wp-json\/wp\/v2\/product_cat?post=731445"},{"taxonomy":"product_tag","embeddable":true,"href":"https:\/\/roveyayinevi.com.tr\/index.php\/wp-json\/wp\/v2\/product_tag?post=731445"}],"curies":[{"name":"wp","href":"https:\/\/api.w.org\/{rel}","templated":true}]}}