{"id":731443,"date":"2025-08-27T21:32:12","date_gmt":"2025-08-27T18:32:12","guid":{"rendered":"https:\/\/roveyayinevi.com.tr\/index.php\/urun\/haydi-sen-de-kir-zincirlerini\/"},"modified":"2026-04-08T02:47:51","modified_gmt":"2026-04-07T23:47:51","slug":"haydi-sen-de-kir-zincirlerini","status":"publish","type":"product","link":"https:\/\/roveyayinevi.com.tr\/index.php\/urun\/haydi-sen-de-kir-zincirlerini\/","title":{"rendered":"Haydi Sen De K\u0131r Zincirlerini"},"content":{"rendered":"<p>Yolculu\u011fa Haz\u0131rlan! Kendi Serbest \u00c7al\u0131\u015fma Hayat\u0131n\u0131 Yarat! Serbest \u00c7al\u0131\u015fan Gibi D\u00fc\u015f\u00fcn! Zincirlerinden kurtulan insanlar Pazartesi sabahlar\u0131 y\u00fczlerindeki g\u00fcl\u00fcmsemelerle kolayca fark edilen ve g\u00fcn ge\u00e7tik\u00e7e b\u00fcy\u00fcyen bir ailedir. Hayatlar\u0131nda yapmak istediklerini anlayan insanlar \u015fimdi bunun i\u00e7in ya\u015f\u0131yorlar. Ne zaman, nerede ve nas\u0131l \u00e7al\u0131\u015ft\u0131klar\u0131n\u0131 se\u00e7erler ve onlar\u0131 canland\u0131ran \u015feyleri yapmak i\u00e7in para al\u0131rlar. Hafta sonlar\u0131 sade bir hayat m\u0131 istiyorsun? \u00d6n\u00fcndeki tek engel hen\u00fcz almad\u0131\u011f\u0131n bir karar! Kayg\u0131s\u0131z ancak ciddi tarz\u0131yla K\u0131r Zincirlerini, hayalinizdeki hayat\u0131 yaratmak i\u00e7in pratik bir k\u0131lavuzdur. Ya\u015fam ko\u00e7u Cantwell, kariyer de\u011fi\u015ftiricilerin ihtiya\u00e7 duyduklar\u0131n\u0131 d\u00fc\u015f\u00fcnd\u00fckleri ama yapmad\u0131klar\u0131 \u015feyleri ele al\u0131yor: bir i\u015fi; b\u00fcy\u00fck bir yat\u0131r\u0131m\u0131; s\u00fcsl\u00fc bir web sitesini ve onlar i\u00e7in i\u015fleyen bir hayat\u0131n nas\u0131l in\u015fa edilece\u011fini g\u00f6steriyor. \u00d6zg\u00fcr bir insan olmak, ki\u015fisel geli\u015fime yeni ba\u015flayanlar ve i\u015f ya\u015fam dengesi ile m\u00fccadele edenler i\u00e7in de\u011ferli bir unsurdur. Haydi Sen De K\u0131r Zincirlerini!<\/p>\n","protected":false},"excerpt":{"rendered":"<p>Yolculu\u011fa Haz\u0131rlan! Kendi Serbest \u00c7al\u0131\u015fma Hayat\u0131n\u0131 Yarat! Serbest \u00c7al\u0131\u015fan Gibi D\u00fc\u015f\u00fcn! Zincirlerinden kurtulan insanlar Pazartesi sabahlar\u0131 y\u00fczlerindeki g\u00fcl\u00fcmsemelerle kolayca fark edilen ve g\u00fcn ge\u00e7tik\u00e7e b\u00fcy\u00fcyen bir<span class=\"excerpt-hellip\"> [\u2026]<\/span><\/p>\n","protected":false},"featured_media":0,"template":"","meta":{"_monsterinsights_skip_tracking":false,"_monsterinsights_sitenote_active":false,"_monsterinsights_sitenote_note":"","_monsterinsights_sitenote_category":0},"product_brand":[],"product_cat":[12364,12376],"product_tag":[],"class_list":{"0":"post-731443","1":"product","2":"type-product","3":"status-publish","5":"product_cat-genel-konular","6":"product_cat-kisisel-gelisim","7":"pa_cilt-ciltsiz","8":"pa_tur-kitap","9":"pa_yayinevi-orenda","10":"pa_yazar-marianne-cantwell","12":"first","13":"instock","14":"sale","15":"shipping-taxable","16":"purchasable","17":"product-type-simple"},"_links":{"self":[{"href":"https:\/\/roveyayinevi.com.tr\/index.php\/wp-json\/wp\/v2\/product\/731443","targetHints":{"allow":["GET"]}}],"collection":[{"href":"https:\/\/roveyayinevi.com.tr\/index.php\/wp-json\/wp\/v2\/product"}],"about":[{"href":"https:\/\/roveyayinevi.com.tr\/index.php\/wp-json\/wp\/v2\/types\/product"}],"wp:attachment":[{"href":"https:\/\/roveyayinevi.com.tr\/index.php\/wp-json\/wp\/v2\/media?parent=731443"}],"wp:term":[{"taxonomy":"product_brand","embeddable":true,"href":"https:\/\/roveyayinevi.com.tr\/index.php\/wp-json\/wp\/v2\/product_brand?post=731443"},{"taxonomy":"product_cat","embeddable":true,"href":"https:\/\/roveyayinevi.com.tr\/index.php\/wp-json\/wp\/v2\/product_cat?post=731443"},{"taxonomy":"product_tag","embeddable":true,"href":"https:\/\/roveyayinevi.com.tr\/index.php\/wp-json\/wp\/v2\/product_tag?post=731443"}],"curies":[{"name":"wp","href":"https:\/\/api.w.org\/{rel}","templated":true}]}}