{"id":731439,"date":"2025-08-27T21:32:09","date_gmt":"2025-08-27T18:32:09","guid":{"rendered":"https:\/\/roveyayinevi.com.tr\/index.php\/urun\/telassiz-yazilar\/"},"modified":"2026-04-16T02:39:10","modified_gmt":"2026-04-15T23:39:10","slug":"telassiz-yazilar","status":"publish","type":"product","link":"https:\/\/roveyayinevi.com.tr\/index.php\/urun\/telassiz-yazilar\/","title":{"rendered":"Tela\u015fs\u0131z Yaz\u0131lar"},"content":{"rendered":"<p>Nas\u0131l sonbahar yapraklar\u0131 \u00e7\u0131nar a\u011fa\u00e7lar\u0131n\u0131n alt\u0131ndan s\u00fcp\u00fcr\u00fcl\u00fcrken \u00fcz\u00fcl\u00fcyorsam, onlar\u0131n r\u00fczg\u00e2rda bir sa\u011fa bir sola gidi\u015fleri, arada ya\u011fmurun \u00fczerlerine ya\u011fmas\u0131, y\u00fcr\u00fcrken birden birinin ba\u015f\u0131na d\u00fc\u015fmesi bir \u015fiir gibi geliyorsa, i\u00e7imdeki karma\u015fa da sanki bir m\u00fcddet bekleyebilir toparlanmadan, arada ya\u011fmur ya\u011fabilir \u201cnas\u0131l yapsam\u201d sorular\u0131ma.Dur b\u00f6yle olmad\u0131 deyip devirdi\u011fim ama neyi nereye koyaca\u011f\u0131m\u0131 asla bilemedi\u011fim kalbimin odalar\u0131nda bir gidip bir gelebilirim&#8230;Gen\u00e7 bir yazar\u0131n \u00e7ekmecelerde saklad\u0131\u011f\u0131 duygular\u0131n\u0131 \u00e7\u0131kar\u0131yor ortaya Nurbanu \u0130nan. Kimi zaman y\u00fczle\u015fmesi zor, kimi zaman ac\u0131 veren, kimi zaman hayata yeniden kar\u0131\u015fmay\u0131 isteyen duygular. Hepsi birbirinden farkl\u0131 ama hepsi kendisinin, belki de herkesin duygular\u0131&#8230;Bu samimi ve i\u00e7ten denemeleri okurken yazar\u0131n d\u00fcnyas\u0131na konuk olacak ama en \u00e7ok da sizi nas\u0131l bu kadar iyi tan\u0131d\u0131\u011f\u0131na \u015fa\u015f\u0131racaks\u0131n\u0131z.<\/p>\n","protected":false},"excerpt":{"rendered":"<p>Nas\u0131l sonbahar yapraklar\u0131 \u00e7\u0131nar a\u011fa\u00e7lar\u0131n\u0131n alt\u0131ndan s\u00fcp\u00fcr\u00fcl\u00fcrken \u00fcz\u00fcl\u00fcyorsam, onlar\u0131n r\u00fczg\u00e2rda bir sa\u011fa bir sola gidi\u015fleri, arada ya\u011fmurun \u00fczerlerine ya\u011fmas\u0131, y\u00fcr\u00fcrken birden birinin ba\u015f\u0131na d\u00fc\u015fmesi bir \u015fiir<span class=\"excerpt-hellip\"> [\u2026]<\/span><\/p>\n","protected":false},"featured_media":0,"template":"","meta":{"_monsterinsights_skip_tracking":false,"_monsterinsights_sitenote_active":false,"_monsterinsights_sitenote_note":"","_monsterinsights_sitenote_category":0},"product_brand":[],"product_cat":[12777,12291],"product_tag":[],"class_list":{"0":"post-731439","1":"product","2":"type-product","3":"status-publish","5":"product_cat-deneme","6":"product_cat-edebiyat","7":"pa_cilt-ciltsiz","8":"pa_tur-kitap","9":"pa_yayinevi-kopernik-kitap","10":"pa_yazar-nurbanu-inan","12":"first","13":"instock","14":"sale","15":"shipping-taxable","16":"purchasable","17":"product-type-simple"},"_links":{"self":[{"href":"https:\/\/roveyayinevi.com.tr\/index.php\/wp-json\/wp\/v2\/product\/731439","targetHints":{"allow":["GET"]}}],"collection":[{"href":"https:\/\/roveyayinevi.com.tr\/index.php\/wp-json\/wp\/v2\/product"}],"about":[{"href":"https:\/\/roveyayinevi.com.tr\/index.php\/wp-json\/wp\/v2\/types\/product"}],"wp:attachment":[{"href":"https:\/\/roveyayinevi.com.tr\/index.php\/wp-json\/wp\/v2\/media?parent=731439"}],"wp:term":[{"taxonomy":"product_brand","embeddable":true,"href":"https:\/\/roveyayinevi.com.tr\/index.php\/wp-json\/wp\/v2\/product_brand?post=731439"},{"taxonomy":"product_cat","embeddable":true,"href":"https:\/\/roveyayinevi.com.tr\/index.php\/wp-json\/wp\/v2\/product_cat?post=731439"},{"taxonomy":"product_tag","embeddable":true,"href":"https:\/\/roveyayinevi.com.tr\/index.php\/wp-json\/wp\/v2\/product_tag?post=731439"}],"curies":[{"name":"wp","href":"https:\/\/api.w.org\/{rel}","templated":true}]}}