{"id":731436,"date":"2025-08-27T21:32:06","date_gmt":"2025-08-27T18:32:06","guid":{"rendered":"https:\/\/roveyayinevi.com.tr\/index.php\/urun\/cocukla-geziyorum\/"},"modified":"2026-04-16T02:39:10","modified_gmt":"2026-04-15T23:39:10","slug":"cocukla-geziyorum","status":"publish","type":"product","link":"https:\/\/roveyayinevi.com.tr\/index.php\/urun\/cocukla-geziyorum\/","title":{"rendered":"\u00c7ocukla Geziyorum"},"content":{"rendered":"<p>Seyahat etmek hem tutku hem ihtiya\u00e7. \u00c7ekici co\u011frafyalar\u0131 ve k\u00fclt\u00fcrleri tan\u0131mak, tarih ile sanata engin bir perspektiften bakan insan\u0131 zenginle\u015fmekle kalmaz, derinlik de kazand\u0131r\u0131r.\u00d6n\u00fcn\u00fcze yeni rotalar koydu\u011funuzda ba\u015f\u0131n\u0131z\u0131 hi\u00e7 g\u00f6rmedi\u011finiz bir g\u00f6ky\u00fcz\u00fcne \u00e7evirirsiniz. Kulaklar\u0131n\u0131z a\u015fina olmad\u0131\u011f\u0131 bir dile a\u00e7\u0131l\u0131r. Dima\u011f\u0131n\u0131z yepyeni bilgilerle dolar. B\u00f6ylelikle tazelenirsiniz. Bu e\u015fsiz deneyimi ya\u015farken elinizden sevdi\u011finiz birilerinin tutmas\u0131n\u0131 istersiniz: Bir hayat arkada\u015f\u0131, bir dost, \u00e7ocuklar\u0131n\u0131z\u2026 \u00c7\u00fcnk\u00fc bilirsiniz, g\u00fczel anlar payla\u015ft\u0131k\u00e7a \u00e7o\u011fal\u0131r.Behiye I\u015f\u0131n; e\u015fi ve iki k\u00fc\u00e7\u00fck \u00e7ocu\u011fuyla Hollanda, Macaristan, \u0130svi\u00e7re ve Fransa\u2019ya yapt\u0131\u011f\u0131 gezileri okurlar\u0131yla payla\u015f\u0131yor. Bu birbirinden cazip \u00fclkelerin sanat\u0131n\u0131, mimarisini, y\u00f6resel lezzetlerini tan\u0131t\u0131rken bir yandan da \u00e7ocukla gezmenin m\u00fcmk\u00fcn oldu\u011funu, hatta gezilerin \u00e7ocuklar\u0131n hayata bak\u0131\u015f a\u00e7\u0131lar\u0131na nas\u0131l bir katk\u0131 sa\u011flad\u0131\u011f\u0131n\u0131 g\u00f6zler \u00f6n\u00fcne seriyor. Seyahatin insanlara sundu\u011fu say\u0131s\u0131z s\u00fcrprizi atlamadan, mizah\u0131 ve k\u00fclt\u00fcr \u015foklar\u0131n\u0131 es ge\u00e7meden bize birlikte seyahat etmenin p\u00fcf noktalar\u0131n\u0131 g\u00f6steriyor. Alt\u0131n\u0131 \u00e7izdi\u011fi \u00e7ok \u00f6nemli unsurlardan biri de \u00e7ocuklar\u0131m\u0131z\u0131n k\u00fc\u00e7\u00fclen d\u00fcnyaya dair bir vizyon elde etmesi i\u00e7in mutlaka gezmesi, g\u00f6rmesi ve deneyimlemesi gerekti\u011fi.\u00c7ocukla Geziyorum\u2019un sat\u0131rlar\u0131nda Avrupa\u2019n\u0131n \u00e7e\u015fitli \u015fehirlerini ad\u0131m ad\u0131m gezerken kendinizi Behiye I\u015f\u0131n\u2019\u0131n tad\u0131na doyulmaz seyahatlerinin bir par\u00e7as\u0131 hissedeceksiniz. Ve \u00e7ok ge\u00e7meden kendinizi bu g\u00f6z al\u0131c\u0131 kentlerin sokaklar\u0131nda \u00e7ocuklar\u0131n\u0131zla yapaca\u011f\u0131n\u0131z gezileri planlarken bulacaks\u0131n\u0131z.<\/p>\n","protected":false},"excerpt":{"rendered":"<p>Seyahat etmek hem tutku hem ihtiya\u00e7. \u00c7ekici co\u011frafyalar\u0131 ve k\u00fclt\u00fcrleri tan\u0131mak, tarih ile sanata engin bir perspektiften bakan insan\u0131 zenginle\u015fmekle kalmaz, derinlik de kazand\u0131r\u0131r.\u00d6n\u00fcn\u00fcze yeni rotalar<span class=\"excerpt-hellip\"> [\u2026]<\/span><\/p>\n","protected":false},"featured_media":0,"template":"","meta":{"_monsterinsights_skip_tracking":false,"_monsterinsights_sitenote_active":false,"_monsterinsights_sitenote_note":"","_monsterinsights_sitenote_category":0},"product_brand":[],"product_cat":[13055,13054],"product_tag":[],"class_list":{"0":"post-731436","1":"product","2":"type-product","3":"status-publish","5":"product_cat-gezi-rehberi","6":"product_cat-gezi-ve-rehber-kitaplari","7":"pa_cilt-ciltsiz","8":"pa_tur-kitap","9":"pa_yayinevi-yeni-insan-yayinlari","10":"pa_yazar-behiye-isin","12":"first","13":"instock","14":"sale","15":"shipping-taxable","16":"purchasable","17":"product-type-simple"},"_links":{"self":[{"href":"https:\/\/roveyayinevi.com.tr\/index.php\/wp-json\/wp\/v2\/product\/731436","targetHints":{"allow":["GET"]}}],"collection":[{"href":"https:\/\/roveyayinevi.com.tr\/index.php\/wp-json\/wp\/v2\/product"}],"about":[{"href":"https:\/\/roveyayinevi.com.tr\/index.php\/wp-json\/wp\/v2\/types\/product"}],"wp:attachment":[{"href":"https:\/\/roveyayinevi.com.tr\/index.php\/wp-json\/wp\/v2\/media?parent=731436"}],"wp:term":[{"taxonomy":"product_brand","embeddable":true,"href":"https:\/\/roveyayinevi.com.tr\/index.php\/wp-json\/wp\/v2\/product_brand?post=731436"},{"taxonomy":"product_cat","embeddable":true,"href":"https:\/\/roveyayinevi.com.tr\/index.php\/wp-json\/wp\/v2\/product_cat?post=731436"},{"taxonomy":"product_tag","embeddable":true,"href":"https:\/\/roveyayinevi.com.tr\/index.php\/wp-json\/wp\/v2\/product_tag?post=731436"}],"curies":[{"name":"wp","href":"https:\/\/api.w.org\/{rel}","templated":true}]}}