{"id":731417,"date":"2025-08-27T21:31:17","date_gmt":"2025-08-27T18:31:17","guid":{"rendered":"https:\/\/roveyayinevi.com.tr\/index.php\/urun\/sevginin-gucu-3\/"},"modified":"2026-04-16T02:39:09","modified_gmt":"2026-04-15T23:39:09","slug":"sevginin-gucu-3","status":"publish","type":"product","link":"https:\/\/roveyayinevi.com.tr\/index.php\/urun\/sevginin-gucu-3\/","title":{"rendered":"Sevginin G\u00fcc\u00fc"},"content":{"rendered":"<p>\u201cYa\u015fam ve \u00f6l\u00fcm aras\u0131nda bir erke\u011fin veya kad\u0131n\u0131n ba\u015f\u0131na gelebilecek en \u00f6nemli \u015fey sevgidir. \u201c\u201cSevgi var olman\u0131n saf mutlulu\u011fundan do\u011fan \u015fiirselliktir. Sevgi \u015fark\u0131d\u0131r, danst\u0131r, kutlamad\u0131r: Bir minnet \u015fark\u0131s\u0131, bir \u015f\u00fckran dans\u0131, bazen sebepsiz yere, bazen d\u00f6rt bir yan\u0131m\u0131z\u0131 ku\u015fatan bu muazzam arma\u011fan i\u00e7in, bu b\u00fct\u00fcn evren i\u00e7in, topraktan kutsal g\u00fcce kadar her \u015fey i\u00e7in bir kutlamad\u0131r.\u201d\u201cSevgi korkuyu yok eder: \u00c2\u015f\u0131kken korkmazs\u0131n. \u00c2\u015f\u0131kken t\u00fcm d\u00fcnyayla sava\u015fabilirsin. \u00c2\u015f\u0131kken her \u015feyi yapabilece\u011fini hissedersin. Ama \u00e2\u015f\u0131k de\u011filken en ufak \u015feylerden bile korkars\u0131n.\u201d  \u201cSevgi o kadar g\u00fczel bir s\u00f6zc\u00fckt\u00fcr ki \u201ca\u015fka d\u00fc\u015fmek\u201d dedi\u011fin zaman onu \u00e7irkin bir \u015fekilde kullanm\u0131\u015f olursun. A\u015fkta insan her zaman y\u00fckselir, asla d\u00fc\u015fmez.\u201d\u201cBir \u015feyi b\u00fct\u00fcnl\u00fc\u011f\u00fcnle yaparsan \u00e7\u00f6lleri vahalara d\u00f6n\u00fc\u015ft\u00fcrebilirsin. Bir dilencinin hayat\u0131n\u0131 bir imparatorun hayat\u0131na d\u00f6n\u00fc\u015ft\u00fcrebilirsin. As\u0131l mesele, i\u00e7inde a\u015fa\u011f\u0131l\u0131k kompleksinin olmamas\u0131d\u0131r. Ne yapt\u0131\u011f\u0131n\u0131n bir \u00f6nemi yoktur. As\u0131l \u00f6nemli olan onu nas\u0131l yapt\u0131\u011f\u0131nd\u0131r; kendi i\u00e7inden geldi\u011fi gibi, kendi vizyonunla, sevginle. O zaman dokundu\u011fun her \u015fey alt\u0131na d\u00f6n\u00fc\u015f\u00fcr. \u201c\u201c\u00d6zg\u00fcn insan her zaman orijinaldir. O bir taklit, bir tekrar de\u011fildir. O yeni bir \u015fark\u0131, yeni bir dans, yeni bir ba\u015flang\u0131\u00e7t\u0131r, her zaman. E\u011fer zihinden kalbe ge\u00e7ebilirsen toplumun en ba\u015f\u0131ndan beri engellemeye \u00e7al\u0131\u015ft\u0131\u011f\u0131 \u015feye eri\u015fmi\u015f olursun. Toplum senin y\u00fcrekli bir insan olman\u0131 istemez. Toplumun zihinlere ihtiyac\u0131 vard\u0131r, y\u00fcreklere de\u011fil.\u201dOsho Ya\u015fam Gereklilikleri serisi, bireyin ya\u015fam\u0131ndaki en \u00f6nemli sorulara odaklan\u0131r. Her kitap, ki\u015fisel anlam ve ama\u00e7 aray\u0131\u015f\u0131m\u0131z i\u00e7in ya\u015famsal olan, i\u00e7sel ya\u015fam\u0131m\u0131z ve varolu\u015fumuzun niteli\u011fiyle ilgili sorulara odaklanan \u00e7a\u011fda\u015f anlay\u0131\u015f ve tart\u0131\u015fmalar i\u00e7erir.Osho yirminci y\u00fczy\u0131l\u0131n en ilham verici spirit\u00fcel \u00f6\u011fretmenlerinden biridir. \u0130\u00e7sel d\u00f6n\u00fc\u015f\u00fcm bilimine yapt\u0131\u011f\u0131 devrimsel katk\u0131lar\u0131yla tan\u0131n\u0131r. \u00d6\u011fretilerinin etkisi yay\u0131lmaya ve d\u00fcnyan\u0131n hemen her \u00fclkesinde her ya\u015ftan insana ula\u015fmaya devam eder.,<\/p>\n","protected":false},"excerpt":{"rendered":"<p>\u201cYa\u015fam ve \u00f6l\u00fcm aras\u0131nda bir erke\u011fin veya kad\u0131n\u0131n ba\u015f\u0131na gelebilecek en \u00f6nemli \u015fey sevgidir. \u201c\u201cSevgi var olman\u0131n saf mutlulu\u011fundan do\u011fan \u015fiirselliktir. Sevgi \u015fark\u0131d\u0131r, danst\u0131r, kutlamad\u0131r: Bir<span class=\"excerpt-hellip\"> [\u2026]<\/span><\/p>\n","protected":false},"featured_media":0,"template":"","meta":{"_monsterinsights_skip_tracking":false,"_monsterinsights_sitenote_active":false,"_monsterinsights_sitenote_note":"","_monsterinsights_sitenote_category":0},"product_brand":[],"product_cat":[12364,12376],"product_tag":[],"class_list":{"0":"post-731417","1":"product","2":"type-product","3":"status-publish","5":"product_cat-genel-konular","6":"product_cat-kisisel-gelisim","7":"pa_cilt-ciltsiz","8":"pa_tur-kitap","9":"pa_yayinevi-butik-yayinlari","10":"pa_yazar-osho","12":"first","13":"instock","14":"sale","15":"shipping-taxable","16":"purchasable","17":"product-type-simple"},"_links":{"self":[{"href":"https:\/\/roveyayinevi.com.tr\/index.php\/wp-json\/wp\/v2\/product\/731417","targetHints":{"allow":["GET"]}}],"collection":[{"href":"https:\/\/roveyayinevi.com.tr\/index.php\/wp-json\/wp\/v2\/product"}],"about":[{"href":"https:\/\/roveyayinevi.com.tr\/index.php\/wp-json\/wp\/v2\/types\/product"}],"wp:attachment":[{"href":"https:\/\/roveyayinevi.com.tr\/index.php\/wp-json\/wp\/v2\/media?parent=731417"}],"wp:term":[{"taxonomy":"product_brand","embeddable":true,"href":"https:\/\/roveyayinevi.com.tr\/index.php\/wp-json\/wp\/v2\/product_brand?post=731417"},{"taxonomy":"product_cat","embeddable":true,"href":"https:\/\/roveyayinevi.com.tr\/index.php\/wp-json\/wp\/v2\/product_cat?post=731417"},{"taxonomy":"product_tag","embeddable":true,"href":"https:\/\/roveyayinevi.com.tr\/index.php\/wp-json\/wp\/v2\/product_tag?post=731417"}],"curies":[{"name":"wp","href":"https:\/\/api.w.org\/{rel}","templated":true}]}}