{"id":731405,"date":"2025-08-27T21:31:05","date_gmt":"2025-08-27T18:31:05","guid":{"rendered":"https:\/\/roveyayinevi.com.tr\/index.php\/urun\/graham-bell-bilimin-dehalari\/"},"modified":"2026-04-16T02:39:09","modified_gmt":"2026-04-15T23:39:09","slug":"graham-bell-bilimin-dehalari","status":"publish","type":"product","link":"https:\/\/roveyayinevi.com.tr\/index.php\/urun\/graham-bell-bilimin-dehalari\/","title":{"rendered":"Graham Bell &#8211; Bilimin Dehalar\u0131"},"content":{"rendered":"<p>D\u00fcnyan\u0131n en ba\u015far\u0131l\u0131 bilim insanlar\u0131ndan olan ve telefonun mucidi Graham Bell kimdir?Nerede do\u011fmu\u015ftur?Hangi e\u011fitimleri alm\u0131\u015ft\u0131r?Hangi deneyleri yapm\u0131\u015ft\u0131r?Yapm\u0131\u015f oldu\u011fu \u00e7al\u0131\u015fmalarla d\u00fcnyada ses getiren Graham Bell\u2019in hayat\u0131n\u0131, e\u011fitimini, kariyerini ve ba\u015far\u0131lar\u0131n\u0131 merak m\u0131 ediyorsun? Graham Bell\u2019in ger\u00e7ekle\u015ftirdi\u011fi telefonun icad\u0131n\u0131n g\u00fcn\u00fcm\u00fczde nas\u0131l bir etkisinin oldu\u011fu ve Graham Bell hakk\u0131nda merak etti\u011fin t\u00fcm sorular\u0131n yan\u0131tlar\u0131 bu kitapta.Durma \u00e7evir sayfalar\u0131 ve sen de onun gibi bir bilim insan\u0131 olmak i\u00e7in okumaya ba\u015fla!<\/p>\n","protected":false},"excerpt":{"rendered":"<p>D\u00fcnyan\u0131n en ba\u015far\u0131l\u0131 bilim insanlar\u0131ndan olan ve telefonun mucidi Graham Bell kimdir?Nerede do\u011fmu\u015ftur?Hangi e\u011fitimleri alm\u0131\u015ft\u0131r?Hangi deneyleri yapm\u0131\u015ft\u0131r?Yapm\u0131\u015f oldu\u011fu \u00e7al\u0131\u015fmalarla d\u00fcnyada ses getiren Graham Bell\u2019in hayat\u0131n\u0131, e\u011fitimini,<span class=\"excerpt-hellip\"> [\u2026]<\/span><\/p>\n","protected":false},"featured_media":0,"template":"","meta":{"_monsterinsights_skip_tracking":false,"_monsterinsights_sitenote_active":false,"_monsterinsights_sitenote_note":"","_monsterinsights_sitenote_category":0},"product_brand":[],"product_cat":[12274,12284],"product_tag":[],"class_list":{"0":"post-731405","1":"product","2":"type-product","3":"status-publish","5":"product_cat-cocuk-ve-genclik-kitaplari","6":"product_cat-hikayeler","7":"pa_cilt-ciltsiz","8":"pa_tur-kitap","9":"pa_yayinevi-yediveren-cocuk","10":"pa_yazar-eda-bayrak","12":"first","13":"instock","14":"sale","15":"shipping-taxable","16":"purchasable","17":"product-type-simple"},"_links":{"self":[{"href":"https:\/\/roveyayinevi.com.tr\/index.php\/wp-json\/wp\/v2\/product\/731405","targetHints":{"allow":["GET"]}}],"collection":[{"href":"https:\/\/roveyayinevi.com.tr\/index.php\/wp-json\/wp\/v2\/product"}],"about":[{"href":"https:\/\/roveyayinevi.com.tr\/index.php\/wp-json\/wp\/v2\/types\/product"}],"wp:attachment":[{"href":"https:\/\/roveyayinevi.com.tr\/index.php\/wp-json\/wp\/v2\/media?parent=731405"}],"wp:term":[{"taxonomy":"product_brand","embeddable":true,"href":"https:\/\/roveyayinevi.com.tr\/index.php\/wp-json\/wp\/v2\/product_brand?post=731405"},{"taxonomy":"product_cat","embeddable":true,"href":"https:\/\/roveyayinevi.com.tr\/index.php\/wp-json\/wp\/v2\/product_cat?post=731405"},{"taxonomy":"product_tag","embeddable":true,"href":"https:\/\/roveyayinevi.com.tr\/index.php\/wp-json\/wp\/v2\/product_tag?post=731405"}],"curies":[{"name":"wp","href":"https:\/\/api.w.org\/{rel}","templated":true}]}}