{"id":731401,"date":"2025-08-27T21:31:01","date_gmt":"2025-08-27T18:31:01","guid":{"rendered":"https:\/\/roveyayinevi.com.tr\/index.php\/urun\/guliverin-gezileri-7\/"},"modified":"2026-04-16T02:39:09","modified_gmt":"2026-04-15T23:39:09","slug":"guliverin-gezileri-7","status":"publish","type":"product","link":"https:\/\/roveyayinevi.com.tr\/index.php\/urun\/guliverin-gezileri-7\/","title":{"rendered":"Guliver&#8217;in Gezileri"},"content":{"rendered":"<p>K\u00fc\u00e7\u00fcc\u00fck bir insan, bir aya\u011f\u0131n\u0131 \u00e7enemin \u00fcst\u00fcne koymu\u015f, \u015fa\u015fk\u0131n \u015fa\u015fk\u0131n, beni s\u00fcz\u00fcyordu. Bir kar\u0131\u015f boyundayd\u0131 ancak. Elinde bir yayla ok vard\u0131, s\u0131rt\u0131na da bir ok torbas\u0131 asm\u0131\u015ft\u0131. Arkas\u0131ndan ona benzer en az k\u0131rk ki\u015fi daha geliyordu.\u00d6ylesine \u015fa\u015f\u0131rm\u0131\u015ft\u0131m ki birden avaz\u0131m \u00e7\u0131kt\u0131\u011f\u0131 kadar hayk\u0131rd\u0131m. Bir anda hepsi korkup gerisin geri ka\u00e7\u0131\u015ft\u0131lar. Sonra \u00e7abucak toparlan\u0131p yine geldiler. \u0130\u00e7lerinden biri y\u00fcz\u00fcme kadar iyice yakla\u015ft\u0131, g\u00f6zlerini a\u00e7arak ellerini havaya kald\u0131rd\u0131, sonra da ince bir sesle, \u201cHekinah degul!\u201d diye ba\u011f\u0131rd\u0131. \u00d6tekiler de birka\u00e7 kere tekrarlad\u0131lar bu s\u00f6z\u00fc.\u00c7ocuk Klasi\u0307kleri\u0307 seri\u0307mi\u0307zle si\u0307z \u00e7ocuklar\u0131 bu kez de Gulliver\u2019in Gezileri kitab\u0131yla bulu\u015fturuyoruz.<\/p>\n","protected":false},"excerpt":{"rendered":"<p>K\u00fc\u00e7\u00fcc\u00fck bir insan, bir aya\u011f\u0131n\u0131 \u00e7enemin \u00fcst\u00fcne koymu\u015f, \u015fa\u015fk\u0131n \u015fa\u015fk\u0131n, beni s\u00fcz\u00fcyordu. Bir kar\u0131\u015f boyundayd\u0131 ancak. Elinde bir yayla ok vard\u0131, s\u0131rt\u0131na da bir ok torbas\u0131<span class=\"excerpt-hellip\"> [\u2026]<\/span><\/p>\n","protected":false},"featured_media":0,"template":"","meta":{"_monsterinsights_skip_tracking":false,"_monsterinsights_sitenote_active":false,"_monsterinsights_sitenote_note":"","_monsterinsights_sitenote_category":0},"product_brand":[],"product_cat":[12275,12274],"product_tag":[],"class_list":{"0":"post-731401","1":"product","2":"type-product","3":"status-publish","5":"product_cat-6-12-yas-kitaplari","6":"product_cat-cocuk-ve-genclik-kitaplari","7":"pa_cilt-ciltsiz","8":"pa_tur-kitap","9":"pa_yayinevi-yediveren-cocuk","10":"pa_yazar-jonathan-swift","12":"first","13":"instock","14":"sale","15":"shipping-taxable","16":"purchasable","17":"product-type-simple"},"_links":{"self":[{"href":"https:\/\/roveyayinevi.com.tr\/index.php\/wp-json\/wp\/v2\/product\/731401","targetHints":{"allow":["GET"]}}],"collection":[{"href":"https:\/\/roveyayinevi.com.tr\/index.php\/wp-json\/wp\/v2\/product"}],"about":[{"href":"https:\/\/roveyayinevi.com.tr\/index.php\/wp-json\/wp\/v2\/types\/product"}],"wp:attachment":[{"href":"https:\/\/roveyayinevi.com.tr\/index.php\/wp-json\/wp\/v2\/media?parent=731401"}],"wp:term":[{"taxonomy":"product_brand","embeddable":true,"href":"https:\/\/roveyayinevi.com.tr\/index.php\/wp-json\/wp\/v2\/product_brand?post=731401"},{"taxonomy":"product_cat","embeddable":true,"href":"https:\/\/roveyayinevi.com.tr\/index.php\/wp-json\/wp\/v2\/product_cat?post=731401"},{"taxonomy":"product_tag","embeddable":true,"href":"https:\/\/roveyayinevi.com.tr\/index.php\/wp-json\/wp\/v2\/product_tag?post=731401"}],"curies":[{"name":"wp","href":"https:\/\/api.w.org\/{rel}","templated":true}]}}