{"id":731398,"date":"2025-08-27T21:30:59","date_gmt":"2025-08-27T18:30:59","guid":{"rendered":"https:\/\/roveyayinevi.com.tr\/index.php\/urun\/cheli-tadinda-ciltli\/"},"modified":"2026-04-16T02:39:06","modified_gmt":"2026-04-15T23:39:06","slug":"cheli-tadinda-ciltli","status":"publish","type":"product","link":"https:\/\/roveyayinevi.com.tr\/index.php\/urun\/cheli-tadinda-ciltli\/","title":{"rendered":"Cheli Tad\u0131nda (Ciltli)"},"content":{"rendered":"<p>Yazd\u0131klar\u0131m mutfa\u011f\u0131ma seni davetimdir. Unutma ki yazacaklar\u0131n da senin bana ve sevdiklerine davetiyendir. Davetiyemi ald\u0131n ve geldin. Ho\u015f geldin. Davetiyeni ald\u0131m. \u201c\u00c7ay\u0131 koy geliyorum.\u201d Eminim ho\u015f bulaca\u011f\u0131m. Hadi \u00f6yleyse defterler a\u00e7\u0131ls\u0131n, f\u0131r\u0131nlar \u0131s\u0131t\u0131ls\u0131n. \u00c7aylar kahveler yap\u0131ls\u0131n. Denenecek \u00e7ok tarif, tad\u0131 \u00e7\u0131kar\u0131lacak pek \u00e7ok an ve payla\u015f\u0131lacak nice lezzetler, sohbetler kareler var\u2026 <\/p>\n","protected":false},"excerpt":{"rendered":"<p>Yazd\u0131klar\u0131m mutfa\u011f\u0131ma seni davetimdir. Unutma ki yazacaklar\u0131n da senin bana ve sevdiklerine davetiyendir. Davetiyemi ald\u0131n ve geldin. Ho\u015f geldin. Davetiyeni ald\u0131m. \u201c\u00c7ay\u0131 koy geliyorum.\u201d Eminim ho\u015f<span class=\"excerpt-hellip\"> [\u2026]<\/span><\/p>\n","protected":false},"featured_media":0,"template":"","meta":{"_monsterinsights_skip_tracking":false,"_monsterinsights_sitenote_active":false,"_monsterinsights_sitenote_note":"","_monsterinsights_sitenote_category":0},"product_brand":[],"product_cat":[12458,12457],"product_tag":[],"class_list":{"0":"post-731398","1":"product","2":"type-product","3":"status-publish","5":"product_cat-turk-mutfagi","6":"product_cat-yemek-kitaplari","7":"pa_cilt-ciltli","8":"pa_tur-kitap","9":"pa_yayinevi-muptela-yayinevi","10":"pa_yazar-ozlem-demirdoven-kok","12":"first","13":"instock","14":"sale","15":"shipping-taxable","16":"purchasable","17":"product-type-simple"},"_links":{"self":[{"href":"https:\/\/roveyayinevi.com.tr\/index.php\/wp-json\/wp\/v2\/product\/731398","targetHints":{"allow":["GET"]}}],"collection":[{"href":"https:\/\/roveyayinevi.com.tr\/index.php\/wp-json\/wp\/v2\/product"}],"about":[{"href":"https:\/\/roveyayinevi.com.tr\/index.php\/wp-json\/wp\/v2\/types\/product"}],"wp:attachment":[{"href":"https:\/\/roveyayinevi.com.tr\/index.php\/wp-json\/wp\/v2\/media?parent=731398"}],"wp:term":[{"taxonomy":"product_brand","embeddable":true,"href":"https:\/\/roveyayinevi.com.tr\/index.php\/wp-json\/wp\/v2\/product_brand?post=731398"},{"taxonomy":"product_cat","embeddable":true,"href":"https:\/\/roveyayinevi.com.tr\/index.php\/wp-json\/wp\/v2\/product_cat?post=731398"},{"taxonomy":"product_tag","embeddable":true,"href":"https:\/\/roveyayinevi.com.tr\/index.php\/wp-json\/wp\/v2\/product_tag?post=731398"}],"curies":[{"name":"wp","href":"https:\/\/api.w.org\/{rel}","templated":true}]}}