{"id":731390,"date":"2025-08-27T21:30:50","date_gmt":"2025-08-27T18:30:50","guid":{"rendered":"https:\/\/roveyayinevi.com.tr\/index.php\/urun\/ezop-masallari-9\/"},"modified":"2026-04-16T02:39:06","modified_gmt":"2026-04-15T23:39:06","slug":"ezop-masallari-9","status":"publish","type":"product","link":"https:\/\/roveyayinevi.com.tr\/index.php\/urun\/ezop-masallari-9\/","title":{"rendered":"Ezop Masallar\u0131"},"content":{"rendered":"<p>Bir varm\u0131\u015f bir yokmu\u015f, evvel zaman i\u00e7inde, kalbur saman i\u00e7inde, pireler berber iken, eski hamam i\u00e7inde&#8230;Dillere destan, g\u00fczel mi g\u00fczel bir orman varm\u0131\u015f.Bu orman\u0131n kral\u0131 aslan, gezmeyi \u00e7ok ama \u00e7ok severmi\u015f. G\u00fcnlerden bir g\u00fcn aslan, geziye \u00e7\u0131km\u0131\u015f. Bir s\u00fcre ormanda gezdikten sonra biraz da \u0131rmak kenar\u0131nda dola\u015fmak istemi\u015f. Irma\u011f\u0131n kenar\u0131ndaki s\u00f6\u011f\u00fct a\u011fa\u00e7lar\u0131n\u0131n aras\u0131nda dolan\u0131yormu\u015f. Derken, \u0131rma\u011f\u0131n kenar\u0131nda k\u00fc\u00e7\u00fck bir g\u00f6l g\u00f6rm\u00fc\u015f. G\u00f6le do\u011fru yol alm\u0131\u015f. Tam bu s\u0131rada kulaklar\u0131n\u0131 t\u0131rmalayan bir sesle irkilmi\u015f.Bu kadar y\u00fcksek sesin kocaman bir hayvana ait oldu\u011funu sanm\u0131\u015f.G\u00f6le do\u011fru biraz daha y\u00fcr\u00fcmeye devam etmi\u015f. Sesin sahibini g\u00f6zleriyle g\u00f6rmek istiyormu\u015f. Ses, git gide y\u00fckseliyormu\u015f.\u00c7ocuk Klasi\u0307kleri\u0307 seri\u0307mi\u0307zle si\u0307z \u00e7ocuklar\u0131 bu kez de d\u00fcnyaca sevilen Ezop Masallar\u0131 kitab\u0131yla bulu\u015fturuyoruz.<\/p>\n","protected":false},"excerpt":{"rendered":"<p>Bir varm\u0131\u015f bir yokmu\u015f, evvel zaman i\u00e7inde, kalbur saman i\u00e7inde, pireler berber iken, eski hamam i\u00e7inde&#8230;Dillere destan, g\u00fczel mi g\u00fczel bir orman varm\u0131\u015f.Bu orman\u0131n kral\u0131 aslan,<span class=\"excerpt-hellip\"> [\u2026]<\/span><\/p>\n","protected":false},"featured_media":0,"template":"","meta":{"_monsterinsights_skip_tracking":false,"_monsterinsights_sitenote_active":false,"_monsterinsights_sitenote_note":"","_monsterinsights_sitenote_category":0},"product_brand":[],"product_cat":[12275,12274],"product_tag":[],"class_list":{"0":"post-731390","1":"product","2":"type-product","3":"status-publish","5":"product_cat-6-12-yas-kitaplari","6":"product_cat-cocuk-ve-genclik-kitaplari","7":"pa_cilt-ciltsiz","8":"pa_tur-kitap","9":"pa_yayinevi-yediveren-cocuk","10":"pa_yazar-yediveren-cocuk-kolektif","12":"first","13":"instock","14":"sale","15":"shipping-taxable","16":"purchasable","17":"product-type-simple"},"_links":{"self":[{"href":"https:\/\/roveyayinevi.com.tr\/index.php\/wp-json\/wp\/v2\/product\/731390","targetHints":{"allow":["GET"]}}],"collection":[{"href":"https:\/\/roveyayinevi.com.tr\/index.php\/wp-json\/wp\/v2\/product"}],"about":[{"href":"https:\/\/roveyayinevi.com.tr\/index.php\/wp-json\/wp\/v2\/types\/product"}],"wp:attachment":[{"href":"https:\/\/roveyayinevi.com.tr\/index.php\/wp-json\/wp\/v2\/media?parent=731390"}],"wp:term":[{"taxonomy":"product_brand","embeddable":true,"href":"https:\/\/roveyayinevi.com.tr\/index.php\/wp-json\/wp\/v2\/product_brand?post=731390"},{"taxonomy":"product_cat","embeddable":true,"href":"https:\/\/roveyayinevi.com.tr\/index.php\/wp-json\/wp\/v2\/product_cat?post=731390"},{"taxonomy":"product_tag","embeddable":true,"href":"https:\/\/roveyayinevi.com.tr\/index.php\/wp-json\/wp\/v2\/product_tag?post=731390"}],"curies":[{"name":"wp","href":"https:\/\/api.w.org\/{rel}","templated":true}]}}