{"id":731389,"date":"2025-08-27T21:30:49","date_gmt":"2025-08-27T18:30:49","guid":{"rendered":"https:\/\/roveyayinevi.com.tr\/index.php\/urun\/define-adasi-17\/"},"modified":"2026-04-16T02:39:06","modified_gmt":"2026-04-15T23:39:06","slug":"define-adasi-17","status":"publish","type":"product","link":"https:\/\/roveyayinevi.com.tr\/index.php\/urun\/define-adasi-17\/","title":{"rendered":"Define Adas\u0131"},"content":{"rendered":"<p>Ada, on be\u015f kilometre uzunlu\u011funda, 8 kilometre geni\u015fli\u011findeydi. Orta kesiminde bir da\u011f vard\u0131. K\u00fc\u00e7\u00fck D\u00fcrb\u00fcn ad\u0131yla i\u015faretlenmi\u015fti.Haritaya daha sonra birtak\u0131m notlar eklenmi\u015fti; hepsinden \u00f6nemlisi de k\u0131rm\u0131z\u0131 m\u00fcrekkeple \u00fc\u00e7 ha\u00e7 i\u015fareti konmu\u015ftu. Bunlardan ikisi adan\u0131n kuzeyinde, \u00fc\u00e7\u00fcnc\u00fcs\u00fc de g\u00fcneybat\u0131dayd\u0131. Bu sonuncusunun yan\u0131nda, yine k\u0131rm\u0131z\u0131 m\u00fcrekkeple, Kaptan\u0131n \u00e7arp\u0131k i\u015faretleriyle hi\u00e7 ilgisi olmayan d\u00fczg\u00fcn bir yaz\u0131yla \u015funlar kaydedilmi\u015fti: \u201cDefinenin as\u0131l b\u00fcy\u00fck k\u0131sm\u0131 buradad\u0131r.\u201dHaritan\u0131n arkas\u0131na ayn\u0131 el, \u015fu tamamlay\u0131c\u0131 bilgiyi yazm\u0131\u015ft\u0131: \u201cB\u00fcy\u00fck a\u011fa\u00e7, K\u00fc\u00e7\u00fck D\u00fcrb\u00fcn tepesinin s\u0131rt\u0131; y\u00f6n\u00fc: \u00c7eyrek kuzeydo\u011fu.\u0130skelet adas\u0131, \u00e7eyrek g\u00fcneydo\u011fu. On ayak. \u00c7ocuk Klasi\u0307kleri\u0307 seri\u0307mi\u0307zle si\u0307z \u00e7ocuklar\u0131 bu kez de Define Adas\u0131 kitab\u0131yla bulu\u015fturuyoruz.<\/p>\n","protected":false},"excerpt":{"rendered":"<p>Ada, on be\u015f kilometre uzunlu\u011funda, 8 kilometre geni\u015fli\u011findeydi. Orta kesiminde bir da\u011f vard\u0131. K\u00fc\u00e7\u00fck D\u00fcrb\u00fcn ad\u0131yla i\u015faretlenmi\u015fti.Haritaya daha sonra birtak\u0131m notlar eklenmi\u015fti; hepsinden \u00f6nemlisi de k\u0131rm\u0131z\u0131<span class=\"excerpt-hellip\"> [\u2026]<\/span><\/p>\n","protected":false},"featured_media":0,"template":"","meta":{"_monsterinsights_skip_tracking":false,"_monsterinsights_sitenote_active":false,"_monsterinsights_sitenote_note":"","_monsterinsights_sitenote_category":0},"product_brand":[],"product_cat":[12275,12274],"product_tag":[],"class_list":{"0":"post-731389","1":"product","2":"type-product","3":"status-publish","5":"product_cat-6-12-yas-kitaplari","6":"product_cat-cocuk-ve-genclik-kitaplari","7":"pa_cilt-ciltsiz","8":"pa_tur-kitap","9":"pa_yayinevi-yediveren-cocuk","10":"pa_yazar-robert-louis-stevenson","12":"first","13":"instock","14":"sale","15":"shipping-taxable","16":"purchasable","17":"product-type-simple"},"_links":{"self":[{"href":"https:\/\/roveyayinevi.com.tr\/index.php\/wp-json\/wp\/v2\/product\/731389","targetHints":{"allow":["GET"]}}],"collection":[{"href":"https:\/\/roveyayinevi.com.tr\/index.php\/wp-json\/wp\/v2\/product"}],"about":[{"href":"https:\/\/roveyayinevi.com.tr\/index.php\/wp-json\/wp\/v2\/types\/product"}],"wp:attachment":[{"href":"https:\/\/roveyayinevi.com.tr\/index.php\/wp-json\/wp\/v2\/media?parent=731389"}],"wp:term":[{"taxonomy":"product_brand","embeddable":true,"href":"https:\/\/roveyayinevi.com.tr\/index.php\/wp-json\/wp\/v2\/product_brand?post=731389"},{"taxonomy":"product_cat","embeddable":true,"href":"https:\/\/roveyayinevi.com.tr\/index.php\/wp-json\/wp\/v2\/product_cat?post=731389"},{"taxonomy":"product_tag","embeddable":true,"href":"https:\/\/roveyayinevi.com.tr\/index.php\/wp-json\/wp\/v2\/product_tag?post=731389"}],"curies":[{"name":"wp","href":"https:\/\/api.w.org\/{rel}","templated":true}]}}