{"id":731344,"date":"2025-08-27T21:30:05","date_gmt":"2025-08-27T18:30:05","guid":{"rendered":"https:\/\/roveyayinevi.com.tr\/index.php\/urun\/totalitarizm-uzerine\/"},"modified":"2026-04-16T02:39:05","modified_gmt":"2026-04-15T23:39:05","slug":"totalitarizm-uzerine","status":"publish","type":"product","link":"https:\/\/roveyayinevi.com.tr\/index.php\/urun\/totalitarizm-uzerine\/","title":{"rendered":"Totalitarizm \u00dczerine"},"content":{"rendered":"<p>Bu kitap 1945 y\u0131l\u0131nda yay\u0131nlanan Hayvan \u00c7iftli\u011fi ve 1949 y\u0131l\u0131nda yay\u0131nlanan 1984 adl\u0131 eserleriyle uluslararas\u0131 \u00fcn kazanan George Orwell\u2019in s\u00f6z konusu kitaplar\u0131na kaynakl\u0131k eden totalitarizm ele\u015ftirilerinin i\u015flendi\u011fi \u00e7e\u015fitli yaz\u0131lar\u0131n\u0131 kapsayan bir derlemedir. Bu derlemede yer alan yaz\u0131lar\u0131nda bir yandan d\u00fcnyadaki mevcut b\u00fcy\u00fck sosyo-ekonomik e\u015fitsizliklere kar\u015f\u0131 tepki duyarak sosyalist d\u00fc\u015f\u00fcncelere y\u00f6nelen, di\u011fer yandan ate\u015fli bir \u00f6zg\u00fcrl\u00fck sevdal\u0131s\u0131 olarak d\u00fcnyadaki mevcut sosyalist pratiklere ve ak\u0131mlara kar\u015f\u0131 en sert totalitarizm ele\u015ftirileri yap\u0131p liberal de\u011ferlere sahip \u00e7\u0131kan ve liberal d\u00fc\u015f\u00fcncelere y\u00f6nelen bir ki\u015fidir, George Orwell. Ona g\u00f6re totalitarizme giden yolda at\u0131lan ilk \u00f6nemli ad\u0131m insan\u0131n \u00f6zg\u00fcrl\u00fc\u011f\u00fc, \u00f6zg\u00fcr d\u00fc\u015f\u00fcnceyi kendi kafas\u0131n\u0131n i\u00e7inde prangaya vurmas\u0131 ve b\u00f6ylece tarafgirli\u011fin, hatta fanatizmin ger\u00e7e\u011fe, do\u011fruya, akla, sa\u011fduyuya, ahl\u00e2ka ve vicdana \u00fcst\u00fcn gelmesidir.<\/p>\n","protected":false},"excerpt":{"rendered":"<p>Bu kitap 1945 y\u0131l\u0131nda yay\u0131nlanan Hayvan \u00c7iftli\u011fi ve 1949 y\u0131l\u0131nda yay\u0131nlanan 1984 adl\u0131 eserleriyle uluslararas\u0131 \u00fcn kazanan George Orwell\u2019in s\u00f6z konusu kitaplar\u0131na kaynakl\u0131k eden totalitarizm ele\u015ftirilerinin<span class=\"excerpt-hellip\"> [\u2026]<\/span><\/p>\n","protected":false},"featured_media":0,"template":"","meta":{"_monsterinsights_skip_tracking":false,"_monsterinsights_sitenote_active":false,"_monsterinsights_sitenote_note":"","_monsterinsights_sitenote_category":0},"product_brand":[],"product_cat":[13590,12337],"product_tag":[],"class_list":{"0":"post-731344","1":"product","2":"type-product","3":"status-publish","5":"product_cat-arastirma-inceleme-politika-siyaset","6":"product_cat-politika-siyaset","7":"pa_cilt-ciltsiz","8":"pa_tur-kitap","9":"pa_yayinevi-liberte-yayinlari","10":"pa_yazar-george-orwell","12":"first","13":"instock","14":"sale","15":"shipping-taxable","16":"purchasable","17":"product-type-simple"},"_links":{"self":[{"href":"https:\/\/roveyayinevi.com.tr\/index.php\/wp-json\/wp\/v2\/product\/731344","targetHints":{"allow":["GET"]}}],"collection":[{"href":"https:\/\/roveyayinevi.com.tr\/index.php\/wp-json\/wp\/v2\/product"}],"about":[{"href":"https:\/\/roveyayinevi.com.tr\/index.php\/wp-json\/wp\/v2\/types\/product"}],"wp:attachment":[{"href":"https:\/\/roveyayinevi.com.tr\/index.php\/wp-json\/wp\/v2\/media?parent=731344"}],"wp:term":[{"taxonomy":"product_brand","embeddable":true,"href":"https:\/\/roveyayinevi.com.tr\/index.php\/wp-json\/wp\/v2\/product_brand?post=731344"},{"taxonomy":"product_cat","embeddable":true,"href":"https:\/\/roveyayinevi.com.tr\/index.php\/wp-json\/wp\/v2\/product_cat?post=731344"},{"taxonomy":"product_tag","embeddable":true,"href":"https:\/\/roveyayinevi.com.tr\/index.php\/wp-json\/wp\/v2\/product_tag?post=731344"}],"curies":[{"name":"wp","href":"https:\/\/api.w.org\/{rel}","templated":true}]}}