{"id":731341,"date":"2025-08-27T21:30:01","date_gmt":"2025-08-27T18:30:01","guid":{"rendered":"https:\/\/roveyayinevi.com.tr\/index.php\/urun\/emily-2\/"},"modified":"2026-04-16T02:39:05","modified_gmt":"2026-04-15T23:39:05","slug":"emily-2","status":"publish","type":"product","link":"https:\/\/roveyayinevi.com.tr\/index.php\/urun\/emily-2\/","title":{"rendered":"Emily &#8211; 2"},"content":{"rendered":"<p>Yeni Ay \u00c7iftli\u011fi\u2019nde ya\u015famaya ba\u015flayan Emily, kar\u015f\u0131la\u015ft\u0131\u011f\u0131 t\u00fcm zorluklar\u0131n \u00fcstesinden ancak yazarak gelmektedir. Ama \u015fimdi, arkada\u015flar\u0131 e\u011fitim almak \u00fczere Shrewsbury yak\u0131n\u0131ndaki liseye gidecekken, Emily\u2019nin kaderi Elizabeth Teyze\u2019nin iste\u011fine ba\u011fl\u0131 kalm\u0131\u015ft\u0131r. Pek \u00e7ok konuda etraf\u0131ndan takdir g\u00f6ren Emily, k\u0131sa s\u00fcre i\u00e7inde ald\u0131\u011f\u0131 kararlar\u0131n yazma yetene\u011fini geli\u015ftirdi\u011fini fark eder. Ba\u015far\u0131ya uzanan o zorlu yolda ilerlerken hayat\u0131n\u0131 sonsuza dek de\u011fi\u015ftirecek bir teklif bile al\u0131r. Peki, bu teklifi kabul edip hayat\u0131n\u0131n ak\u0131\u015f\u0131n\u0131 ba\u015fka bir y\u00f6ne mi \u00e7evirecektir? Yoksa ola\u011fan ya\u015fant\u0131s\u0131na ayn\u0131 \u015fekilde devam m\u0131 edecektir?<\/p>\n","protected":false},"excerpt":{"rendered":"<p>Yeni Ay \u00c7iftli\u011fi\u2019nde ya\u015famaya ba\u015flayan Emily, kar\u015f\u0131la\u015ft\u0131\u011f\u0131 t\u00fcm zorluklar\u0131n \u00fcstesinden ancak yazarak gelmektedir. Ama \u015fimdi, arkada\u015flar\u0131 e\u011fitim almak \u00fczere Shrewsbury yak\u0131n\u0131ndaki liseye gidecekken, Emily\u2019nin kaderi Elizabeth<span class=\"excerpt-hellip\"> [\u2026]<\/span><\/p>\n","protected":false},"featured_media":0,"template":"","meta":{"_monsterinsights_skip_tracking":false,"_monsterinsights_sitenote_active":false,"_monsterinsights_sitenote_note":"","_monsterinsights_sitenote_category":0},"product_brand":[],"product_cat":[12291,12711],"product_tag":[],"class_list":{"0":"post-731341","1":"product","2":"type-product","3":"status-publish","5":"product_cat-edebiyat","6":"product_cat-roman-oyku","7":"pa_cilt-ciltsiz","8":"pa_tur-kitap","9":"pa_yayinevi-ephesus-yayinlari","10":"pa_yazar-l-m-montgomery","12":"first","13":"instock","14":"sale","15":"shipping-taxable","16":"purchasable","17":"product-type-simple"},"_links":{"self":[{"href":"https:\/\/roveyayinevi.com.tr\/index.php\/wp-json\/wp\/v2\/product\/731341","targetHints":{"allow":["GET"]}}],"collection":[{"href":"https:\/\/roveyayinevi.com.tr\/index.php\/wp-json\/wp\/v2\/product"}],"about":[{"href":"https:\/\/roveyayinevi.com.tr\/index.php\/wp-json\/wp\/v2\/types\/product"}],"wp:attachment":[{"href":"https:\/\/roveyayinevi.com.tr\/index.php\/wp-json\/wp\/v2\/media?parent=731341"}],"wp:term":[{"taxonomy":"product_brand","embeddable":true,"href":"https:\/\/roveyayinevi.com.tr\/index.php\/wp-json\/wp\/v2\/product_brand?post=731341"},{"taxonomy":"product_cat","embeddable":true,"href":"https:\/\/roveyayinevi.com.tr\/index.php\/wp-json\/wp\/v2\/product_cat?post=731341"},{"taxonomy":"product_tag","embeddable":true,"href":"https:\/\/roveyayinevi.com.tr\/index.php\/wp-json\/wp\/v2\/product_tag?post=731341"}],"curies":[{"name":"wp","href":"https:\/\/api.w.org\/{rel}","templated":true}]}}