{"id":731330,"date":"2025-08-27T21:29:51","date_gmt":"2025-08-27T18:29:51","guid":{"rendered":"https:\/\/roveyayinevi.com.tr\/index.php\/urun\/mutlu-olmak-isteyen-dinozor\/"},"modified":"2026-04-16T02:39:05","modified_gmt":"2026-04-15T23:39:05","slug":"mutlu-olmak-isteyen-dinozor","status":"publish","type":"product","link":"https:\/\/roveyayinevi.com.tr\/index.php\/urun\/mutlu-olmak-isteyen-dinozor\/","title":{"rendered":"Mutlu Olmak \u0130steyen Dinozor"},"content":{"rendered":"<p>Dino ile Mino iki yak\u0131n arkada\u015fm\u0131\u015f. Yedikleri i\u00e7tikleri ayr\u0131 gitmezmi\u015f.Fakat bu iki arkada\u015f\u0131n huylar\u0131 birbirine hi\u00e7 benzemezmi\u015f.Dino ne kadar iyimserse Mino o kadar karamsarm\u0131\u015f.Dino bir s\u00f6yler bin g\u00fclerken Mino hep surat asarm\u0131\u015f.***Mavisel Yener bu kez \u00e7ocuklara, hep surat asan ve mutlu olmak isteyen bir dinazorun \u00f6yk\u00fcs\u00fcn\u00fc Efecan Sezer&#8217;in rengarenk \u00e7izimleri e\u015fli\u011finde anlat\u0131yor. ***3 ya\u015f ve \u00fczeri i\u00e7in uygundur.<\/p>\n","protected":false},"excerpt":{"rendered":"<p>Dino ile Mino iki yak\u0131n arkada\u015fm\u0131\u015f. Yedikleri i\u00e7tikleri ayr\u0131 gitmezmi\u015f.Fakat bu iki arkada\u015f\u0131n huylar\u0131 birbirine hi\u00e7 benzemezmi\u015f.Dino ne kadar iyimserse Mino o kadar karamsarm\u0131\u015f.Dino bir s\u00f6yler<span class=\"excerpt-hellip\"> [\u2026]<\/span><\/p>\n","protected":false},"featured_media":0,"template":"","meta":{"_monsterinsights_skip_tracking":false,"_monsterinsights_sitenote_active":false,"_monsterinsights_sitenote_note":"","_monsterinsights_sitenote_category":0},"product_brand":[],"product_cat":[12913,12274],"product_tag":[],"class_list":{"0":"post-731330","1":"product","2":"type-product","3":"status-publish","5":"product_cat-3-6-yas-kitaplari","6":"product_cat-cocuk-ve-genclik-kitaplari","7":"pa_cilt-ciltsiz","8":"pa_tur-kitap","9":"pa_yayinevi-bilgi-yayinevi-cocuk","10":"pa_yazar-mavisel-yener","12":"first","13":"instock","14":"sale","15":"shipping-taxable","16":"purchasable","17":"product-type-simple"},"_links":{"self":[{"href":"https:\/\/roveyayinevi.com.tr\/index.php\/wp-json\/wp\/v2\/product\/731330","targetHints":{"allow":["GET"]}}],"collection":[{"href":"https:\/\/roveyayinevi.com.tr\/index.php\/wp-json\/wp\/v2\/product"}],"about":[{"href":"https:\/\/roveyayinevi.com.tr\/index.php\/wp-json\/wp\/v2\/types\/product"}],"wp:attachment":[{"href":"https:\/\/roveyayinevi.com.tr\/index.php\/wp-json\/wp\/v2\/media?parent=731330"}],"wp:term":[{"taxonomy":"product_brand","embeddable":true,"href":"https:\/\/roveyayinevi.com.tr\/index.php\/wp-json\/wp\/v2\/product_brand?post=731330"},{"taxonomy":"product_cat","embeddable":true,"href":"https:\/\/roveyayinevi.com.tr\/index.php\/wp-json\/wp\/v2\/product_cat?post=731330"},{"taxonomy":"product_tag","embeddable":true,"href":"https:\/\/roveyayinevi.com.tr\/index.php\/wp-json\/wp\/v2\/product_tag?post=731330"}],"curies":[{"name":"wp","href":"https:\/\/api.w.org\/{rel}","templated":true}]}}