{"id":731280,"date":"2025-08-27T21:28:58","date_gmt":"2025-08-27T18:28:58","guid":{"rendered":"https:\/\/roveyayinevi.com.tr\/index.php\/urun\/neden-ozur-dilemiyorsun\/"},"modified":"2026-02-03T02:55:41","modified_gmt":"2026-02-02T23:55:41","slug":"neden-ozur-dilemiyorsun","status":"publish","type":"product","link":"https:\/\/roveyayinevi.com.tr\/index.php\/urun\/neden-ozur-dilemiyorsun\/","title":{"rendered":"Neden \u00d6z\u00fcr Dilemiyorsun?"},"content":{"rendered":"<p>Yirmi y\u0131ldan uzun bir s\u00fcre \u00f6z\u00fcr dileme sanat\u0131 \u00fczerinde \u00e7al\u0131\u015fan Dr. Lerner, sebep oldu\u011fumuz ve maruz kald\u0131\u011f\u0131m\u0131z hasar\u0131 iyile\u015ftirmeye y\u00f6nelik benzersiz bak\u0131\u015f a\u00e7\u0131s\u0131n\u0131 ilk kez bu kitapta payla\u015f\u0131yor.\u00c7oksatan \u00d6fke Dans\u0131\u2019n\u0131n yazar\u0131 \u00fcnl\u00fc psikolog, anlaml\u0131 bir \u00f6zr\u00fcn ili\u015fkiyi nas\u0131l d\u00f6n\u00fc\u015ft\u00fcrebilece\u011fini ve ba\u015ftan savma \u00f6z\u00fcrlerin uzla\u015fma kap\u0131s\u0131n\u0131 a\u00e7makta nas\u0131l yetersiz kalabilece\u011fini g\u00f6steriyor. Ayn\u0131 zamanda ba\u011f\u0131\u015flama bask\u0131s\u0131n\u0131n neden zarar g\u00f6ren taraf\u0131n yaras\u0131n\u0131 derinle\u015ftirmekten ba\u015fka bir i\u015fe yaramayaca\u011f\u0131n\u0131 da a\u00e7\u0131kl\u0131yor.Sorun ister bir arkada\u015f\u0131n hal\u0131s\u0131na k\u0131rm\u0131z\u0131 \u015farap d\u00f6kmek kadar k\u00fc\u00e7\u00fck olsun, ister ihanet ya da sadakatsizlik kadar ciddi, Lerner bir \u00f6zr\u00fc hak eden ve \u00f6z\u00fcr dilemesi gereken ki\u015filere iyile\u015ftirici tavsiyelerde bulunuyor.\u00d6z\u00fcr dileme cesareti ve bunu iyi yapma bilgeli\u011fi etkili liderli\u011fin, evlili\u011fin, ebeveynli\u011fin, dostlu\u011fun, ki\u015fisel b\u00fct\u00fcnl\u00fc\u011f\u00fcn ve sevgi dedi\u011fimiz \u015feyin merkezinde yer al\u0131r.Bu ezber bozan kitap bize yol g\u00f6steriyor.<\/p>\n","protected":false},"excerpt":{"rendered":"<p>Yirmi y\u0131ldan uzun bir s\u00fcre \u00f6z\u00fcr dileme sanat\u0131 \u00fczerinde \u00e7al\u0131\u015fan Dr. Lerner, sebep oldu\u011fumuz ve maruz kald\u0131\u011f\u0131m\u0131z hasar\u0131 iyile\u015ftirmeye y\u00f6nelik benzersiz bak\u0131\u015f a\u00e7\u0131s\u0131n\u0131 ilk kez bu<span class=\"excerpt-hellip\"> [\u2026]<\/span><\/p>\n","protected":false},"featured_media":0,"template":"","meta":{"_monsterinsights_skip_tracking":false,"_monsterinsights_sitenote_active":false,"_monsterinsights_sitenote_note":"","_monsterinsights_sitenote_category":0},"product_brand":[],"product_cat":[12364,12376],"product_tag":[],"class_list":{"0":"post-731280","1":"product","2":"type-product","3":"status-publish","5":"product_cat-genel-konular","6":"product_cat-kisisel-gelisim","7":"pa_cilt-ciltsiz","8":"pa_tur-kitap","9":"pa_yayinevi-varlik-yayinlari","10":"pa_yazar-harriet-lerner","12":"first","13":"instock","14":"sale","15":"shipping-taxable","16":"purchasable","17":"product-type-simple"},"_links":{"self":[{"href":"https:\/\/roveyayinevi.com.tr\/index.php\/wp-json\/wp\/v2\/product\/731280","targetHints":{"allow":["GET"]}}],"collection":[{"href":"https:\/\/roveyayinevi.com.tr\/index.php\/wp-json\/wp\/v2\/product"}],"about":[{"href":"https:\/\/roveyayinevi.com.tr\/index.php\/wp-json\/wp\/v2\/types\/product"}],"wp:attachment":[{"href":"https:\/\/roveyayinevi.com.tr\/index.php\/wp-json\/wp\/v2\/media?parent=731280"}],"wp:term":[{"taxonomy":"product_brand","embeddable":true,"href":"https:\/\/roveyayinevi.com.tr\/index.php\/wp-json\/wp\/v2\/product_brand?post=731280"},{"taxonomy":"product_cat","embeddable":true,"href":"https:\/\/roveyayinevi.com.tr\/index.php\/wp-json\/wp\/v2\/product_cat?post=731280"},{"taxonomy":"product_tag","embeddable":true,"href":"https:\/\/roveyayinevi.com.tr\/index.php\/wp-json\/wp\/v2\/product_tag?post=731280"}],"curies":[{"name":"wp","href":"https:\/\/api.w.org\/{rel}","templated":true}]}}