{"id":731277,"date":"2025-08-27T21:28:55","date_gmt":"2025-08-27T18:28:55","guid":{"rendered":"https:\/\/roveyayinevi.com.tr\/index.php\/urun\/9-ay-99-dua\/"},"modified":"2026-04-16T02:39:04","modified_gmt":"2026-04-15T23:39:04","slug":"9-ay-99-dua","status":"publish","type":"product","link":"https:\/\/roveyayinevi.com.tr\/index.php\/urun\/9-ay-99-dua\/","title":{"rendered":"9 Ay 99 Dua"},"content":{"rendered":"<p>9 Ay 99 Esma kitab\u0131m\u0131n okunmas\u0131yla ula\u015ft\u0131\u011f\u0131m pek \u00e7ok anne aday\u0131, esmalar\u0131n g\u00f6lgesinde dualarla s\u00fcrecini tamamlay\u0131p yine esmalar\u0131n nuruyla anne oldu. Sonras\u0131nda gelen, \u201cHamile olanlar bu kitab\u0131 okuyup mutlu oluyor peki ya hamile kalamayanlar ne yaps\u0131n?\u201d veya \u201cHamile kalabilmek i\u00e7in dua ya da esma yok mu?\u201d t\u00fcr\u00fcnden sorular, \u015fu an elinizde tuttu\u011funuz bu kitab\u0131n sat\u0131rlar\u0131n\u0131 yazmama vesile oldu.Gittik\u00e7e t\u00fcm d\u00fcnyan\u0131n ortak sorunu h\u00e2lini almaya ba\u015flayan \u201cdo\u011fal yolla gebe kalamama\u201d konusunu ele al\u0131rken, anneli\u011fi bir\u00e7ok y\u00f6n\u00fcyle i\u015fledik. Anne olmadan \u00f6ncesi ve sonras\u0131 \u015feklinde ilgili t\u00fcm konular\u0131 etrafl\u0131ca ele almaya \u00e7al\u0131\u015ft\u0131k. Muhtemel ihtiya\u00e7 olarak g\u00f6rd\u00fc\u011f\u00fcm\u00fcz konular\u0131 ve onlara kar\u015f\u0131l\u0131k gelen esmalarla dualar\u0131 da ekledik.Bir i\u015fte sonuca ula\u015fmak i\u00e7in m\u00fcbah olan her yol ve y\u00f6ntem denenmelidir. Biz de bu kitapta baz\u0131 tavsiyelerin yan\u0131 s\u0131ra, en \u00e7ok en etkili yol olan \u201cdua\u201dn\u0131n \u00fczerinde duraca\u011f\u0131z. Her bir dua, bir mektup misalidir. Avu\u00e7lar\u0131m\u0131zdan Rabbimize do\u011fru y\u00fckselen\u2026<\/p>\n","protected":false},"excerpt":{"rendered":"<p>9 Ay 99 Esma kitab\u0131m\u0131n okunmas\u0131yla ula\u015ft\u0131\u011f\u0131m pek \u00e7ok anne aday\u0131, esmalar\u0131n g\u00f6lgesinde dualarla s\u00fcrecini tamamlay\u0131p yine esmalar\u0131n nuruyla anne oldu. Sonras\u0131nda gelen, \u201cHamile olanlar bu<span class=\"excerpt-hellip\"> [\u2026]<\/span><\/p>\n","protected":false},"featured_media":0,"template":"","meta":{"_monsterinsights_skip_tracking":false,"_monsterinsights_sitenote_active":false,"_monsterinsights_sitenote_note":"","_monsterinsights_sitenote_category":0},"product_brand":[],"product_cat":[12718,12719],"product_tag":[],"class_list":{"0":"post-731277","1":"product","2":"type-product","3":"status-publish","5":"product_cat-din","6":"product_cat-islam","7":"pa_cilt-ciltsiz","8":"pa_tur-kitap","9":"pa_yayinevi-nesil-yayinlari","10":"pa_yazar-aysegul-akakus-akgun","12":"first","13":"instock","14":"sale","15":"shipping-taxable","16":"purchasable","17":"product-type-simple"},"_links":{"self":[{"href":"https:\/\/roveyayinevi.com.tr\/index.php\/wp-json\/wp\/v2\/product\/731277","targetHints":{"allow":["GET"]}}],"collection":[{"href":"https:\/\/roveyayinevi.com.tr\/index.php\/wp-json\/wp\/v2\/product"}],"about":[{"href":"https:\/\/roveyayinevi.com.tr\/index.php\/wp-json\/wp\/v2\/types\/product"}],"wp:attachment":[{"href":"https:\/\/roveyayinevi.com.tr\/index.php\/wp-json\/wp\/v2\/media?parent=731277"}],"wp:term":[{"taxonomy":"product_brand","embeddable":true,"href":"https:\/\/roveyayinevi.com.tr\/index.php\/wp-json\/wp\/v2\/product_brand?post=731277"},{"taxonomy":"product_cat","embeddable":true,"href":"https:\/\/roveyayinevi.com.tr\/index.php\/wp-json\/wp\/v2\/product_cat?post=731277"},{"taxonomy":"product_tag","embeddable":true,"href":"https:\/\/roveyayinevi.com.tr\/index.php\/wp-json\/wp\/v2\/product_tag?post=731277"}],"curies":[{"name":"wp","href":"https:\/\/api.w.org\/{rel}","templated":true}]}}