{"id":731274,"date":"2025-08-27T21:28:52","date_gmt":"2025-08-27T18:28:52","guid":{"rendered":"https:\/\/roveyayinevi.com.tr\/index.php\/urun\/oathbringer-firtinaisigi-arsivi-ucuncu-roman-cilt-1\/"},"modified":"2026-04-16T02:39:03","modified_gmt":"2026-04-15T23:39:03","slug":"oathbringer-firtinaisigi-arsivi-ucuncu-roman-cilt-1","status":"publish","type":"product","link":"https:\/\/roveyayinevi.com.tr\/index.php\/urun\/oathbringer-firtinaisigi-arsivi-ucuncu-roman-cilt-1\/","title":{"rendered":"Oathbringer &#8211; F\u0131rt\u0131na\u0131\u015f\u0131\u011f\u0131 Ar\u015fivi \u00dc\u00e7\u00fcnc\u00fc Roman-Cilt 1"},"content":{"rendered":"<p>New York Times \u00e7ok satanlar listesinden F\u0131rt\u0131na\u0131\u015f\u0131\u011f\u0131 Ar\u015fivi\u2019nin \u00fc\u00e7\u00fcnc\u00fc roman\u0131 Oathbringer\u2019da, insano\u011flu say\u0131lar\u0131 da intikam a\u00e7l\u0131klar\u0131 kadar y\u00fcksek bir d\u00fc\u015fman olan Yokel\u00e7ilerin geri d\u00f6n\u00fc\u015f\u00fcyle birlikte yeni bir Iss\u0131zl\u0131k ile kar\u015f\u0131 kar\u015f\u0131ya. Dalinar Kholin taraf\u0131ndan komuta edilen Alethi ordular\u0131 korkun\u00e7 bir bedel kar\u015f\u0131l\u0131\u011f\u0131nda ge\u00e7ici bir zafer kazand\u0131. Bir zamanlar\u0131n itaatk\u00e2r ve bar\u0131\u015f\u00e7\u0131l parshmenleri binlerce y\u0131ll\u0131k k\u00f6leliklerinin ger\u00e7ek deh\u015fetinin fark\u0131na varm\u0131\u015f durumda ve ailesini artan tehlikeye kar\u015f\u0131 uyarmak i\u00e7in yola d\u00fc\u015fen Kaladin de bu yeni \u00f6fkeyle y\u00fczle\u015fmeye mecbur kalabilir. Urithiru\u2019daki Shallan, Parlayan \u015e\u00f6valyelerin kadim kalesindeki harikalar\u0131 inceliyor ve baz\u0131 karanl\u0131k s\u0131rlar\u0131 a\u00e7\u0131\u011fa \u00e7\u0131kar\u0131yor. Vatan\u0131 Alethkar\u2019\u0131 birle\u015ftirmek i\u00e7in harekete ge\u00e7en Dalinar ise bu kutsal hedefin yeterince iddial\u0131 olmad\u0131\u011f\u0131n\u0131 fark etmek \u00fczere \u00e7\u00fcnk\u00fc Roshar\u2019\u0131n b\u00fct\u00fcn halklar\u0131 bir araya gelemezse, Parlayan \u015e\u00f6valyelerin d\u00f6n\u00fc\u015f\u00fc bile d\u00fcnyan\u0131n sonunun gelmesine engel olamayacak.<\/p>\n","protected":false},"excerpt":{"rendered":"<p>New York Times \u00e7ok satanlar listesinden F\u0131rt\u0131na\u0131\u015f\u0131\u011f\u0131 Ar\u015fivi\u2019nin \u00fc\u00e7\u00fcnc\u00fc roman\u0131 Oathbringer\u2019da, insano\u011flu say\u0131lar\u0131 da intikam a\u00e7l\u0131klar\u0131 kadar y\u00fcksek bir d\u00fc\u015fman olan Yokel\u00e7ilerin geri d\u00f6n\u00fc\u015f\u00fcyle birlikte yeni<span class=\"excerpt-hellip\"> [\u2026]<\/span><\/p>\n","protected":false},"featured_media":0,"template":"","meta":{"_monsterinsights_skip_tracking":false,"_monsterinsights_sitenote_active":false,"_monsterinsights_sitenote_note":"","_monsterinsights_sitenote_category":0},"product_brand":[],"product_cat":[12291,14777],"product_tag":[],"class_list":{"0":"post-731274","1":"product","2":"type-product","3":"status-publish","5":"product_cat-edebiyat","6":"product_cat-fantastik","7":"pa_cilt-ciltsiz","8":"pa_tur-kitap","9":"pa_yayinevi-akil-celen-kitaplar","10":"pa_yazar-brandon-sanderson","12":"first","13":"instock","14":"sale","15":"shipping-taxable","16":"purchasable","17":"product-type-simple"},"_links":{"self":[{"href":"https:\/\/roveyayinevi.com.tr\/index.php\/wp-json\/wp\/v2\/product\/731274","targetHints":{"allow":["GET"]}}],"collection":[{"href":"https:\/\/roveyayinevi.com.tr\/index.php\/wp-json\/wp\/v2\/product"}],"about":[{"href":"https:\/\/roveyayinevi.com.tr\/index.php\/wp-json\/wp\/v2\/types\/product"}],"wp:attachment":[{"href":"https:\/\/roveyayinevi.com.tr\/index.php\/wp-json\/wp\/v2\/media?parent=731274"}],"wp:term":[{"taxonomy":"product_brand","embeddable":true,"href":"https:\/\/roveyayinevi.com.tr\/index.php\/wp-json\/wp\/v2\/product_brand?post=731274"},{"taxonomy":"product_cat","embeddable":true,"href":"https:\/\/roveyayinevi.com.tr\/index.php\/wp-json\/wp\/v2\/product_cat?post=731274"},{"taxonomy":"product_tag","embeddable":true,"href":"https:\/\/roveyayinevi.com.tr\/index.php\/wp-json\/wp\/v2\/product_tag?post=731274"}],"curies":[{"name":"wp","href":"https:\/\/api.w.org\/{rel}","templated":true}]}}