{"id":731271,"date":"2025-08-27T21:28:50","date_gmt":"2025-08-27T18:28:50","guid":{"rendered":"https:\/\/roveyayinevi.com.tr\/index.php\/urun\/4-sinif-matematik-konu-anlatimi-4-kitap-fasikul\/"},"modified":"2026-04-16T02:39:03","modified_gmt":"2026-04-15T23:39:03","slug":"4-sinif-matematik-konu-anlatimi-4-kitap-fasikul","status":"publish","type":"product","link":"https:\/\/roveyayinevi.com.tr\/index.php\/urun\/4-sinif-matematik-konu-anlatimi-4-kitap-fasikul\/","title":{"rendered":"4. S\u0131n\u0131f Matematik Konu Anlat\u0131m\u0131 (4 Kitap Fasik\u00fcl)"},"content":{"rendered":"<p>\u0130lgi Y\u00f6netimi E\u011fitim Metoduyla haz\u0131rlad\u0131\u011f\u0131m\u0131z Matematik kitaplar\u0131m\u0131z \u00f6\u011frencinin kolay ta\u015f\u0131mas\u0131 ve \u00f6\u011fretmenin istifadesi i\u00e7in 4 fasik\u00fcl olarak haz\u0131rlanm\u0131\u015ft\u0131r. Matematik ba\u015far\u0131s\u0131, g\u00fcnl\u00fck hayatla kurulan ba\u011flant\u0131 ile do\u011fru orant\u0131l\u0131d\u0131r.\u0130lgi Y\u00f6netimi E\u011fitim Metodu ile Matematik dersi, \u00f6\u011frencinin g\u00fcnl\u00fck hayat\u0131n\u0131n do\u011fal bir par\u00e7as\u0131 haline getirilmesi hedeflenmi\u015ftir. Bulmaca \u00e7\u00f6zme, e\u015fle\u015ftirme, sonuca varma, soru yazma, analiz etme ve sentezleme, problem \u00e7\u00f6zme, \u00f6\u011frendiklerini kullanma gibi \u00f6\u011fretici ve dikkat art\u0131r\u0131c\u0131 etkinliklerle zenginle\u015ftirilmi\u015ftir. \u00d6\u011frenciyi s\u00fcrekli dersin i\u00e7in ve aktif tutacak \u015fekilde dolu dolu ve keyifli bir ders s\u00fcrcei sunulmaktad\u0131r. Derslerin ve e\u011fitim \u00f6\u011fretim faaliyetlerinin destekleyici somutla\u015ft\u0131r\u0131l\u0131\u015f \u00f6rneklerle hayat\u0131n keyifli bir par\u00e7as\u0131 haline getirilmesi hedeflenmi\u015ftir.<\/p>\n","protected":false},"excerpt":{"rendered":"<p>\u0130lgi Y\u00f6netimi E\u011fitim Metoduyla haz\u0131rlad\u0131\u011f\u0131m\u0131z Matematik kitaplar\u0131m\u0131z \u00f6\u011frencinin kolay ta\u015f\u0131mas\u0131 ve \u00f6\u011fretmenin istifadesi i\u00e7in 4 fasik\u00fcl olarak haz\u0131rlanm\u0131\u015ft\u0131r. Matematik ba\u015far\u0131s\u0131, g\u00fcnl\u00fck hayatla kurulan ba\u011flant\u0131 ile do\u011fru<span class=\"excerpt-hellip\"> [\u2026]<\/span><\/p>\n","protected":false},"featured_media":0,"template":"","meta":{"_monsterinsights_skip_tracking":false,"_monsterinsights_sitenote_active":false,"_monsterinsights_sitenote_note":"","_monsterinsights_sitenote_category":0},"product_brand":[],"product_cat":[82979,12566,45576,42911,13473],"product_tag":[],"class_list":{"0":"post-731271","1":"product","2":"type-product","3":"status-publish","5":"product_cat-4-sinif-matematik","6":"product_cat-egitim","7":"product_cat-ilkogretim-4-sinif","8":"product_cat-ilkogretim-yardimci-kitaplar","9":"product_cat-sinavlara-hazirlik-okula-yardimci-kaynaklar","10":"pa_cilt-ciltsiz","11":"pa_tur-kitap","12":"pa_yayinevi-timas-okul-yayinlari","13":"pa_yazar-celal-akbas","15":"first","16":"instock","17":"sale","18":"shipping-taxable","19":"purchasable","20":"product-type-simple"},"_links":{"self":[{"href":"https:\/\/roveyayinevi.com.tr\/index.php\/wp-json\/wp\/v2\/product\/731271","targetHints":{"allow":["GET"]}}],"collection":[{"href":"https:\/\/roveyayinevi.com.tr\/index.php\/wp-json\/wp\/v2\/product"}],"about":[{"href":"https:\/\/roveyayinevi.com.tr\/index.php\/wp-json\/wp\/v2\/types\/product"}],"wp:attachment":[{"href":"https:\/\/roveyayinevi.com.tr\/index.php\/wp-json\/wp\/v2\/media?parent=731271"}],"wp:term":[{"taxonomy":"product_brand","embeddable":true,"href":"https:\/\/roveyayinevi.com.tr\/index.php\/wp-json\/wp\/v2\/product_brand?post=731271"},{"taxonomy":"product_cat","embeddable":true,"href":"https:\/\/roveyayinevi.com.tr\/index.php\/wp-json\/wp\/v2\/product_cat?post=731271"},{"taxonomy":"product_tag","embeddable":true,"href":"https:\/\/roveyayinevi.com.tr\/index.php\/wp-json\/wp\/v2\/product_tag?post=731271"}],"curies":[{"name":"wp","href":"https:\/\/api.w.org\/{rel}","templated":true}]}}