{"id":731249,"date":"2025-08-27T21:28:31","date_gmt":"2025-08-27T18:28:31","guid":{"rendered":"https:\/\/roveyayinevi.com.tr\/index.php\/urun\/belirli-gun-ve-haftalar-etkinlik-kitabi-36-ay\/"},"modified":"2026-04-16T02:39:03","modified_gmt":"2026-04-15T23:39:03","slug":"belirli-gun-ve-haftalar-etkinlik-kitabi-36-ay","status":"publish","type":"product","link":"https:\/\/roveyayinevi.com.tr\/index.php\/urun\/belirli-gun-ve-haftalar-etkinlik-kitabi-36-ay\/","title":{"rendered":"Belirli G\u00fcn ve Haftalar Etkinlik Kitab\u0131 (36 Ay)"},"content":{"rendered":"<p>E\u011fitim y\u0131l\u0131 boyunca e\u011fitsel s\u00fcre\u00e7leri y\u00f6netecek tematik kaynak kitaplar\u0131m\u0131zla tan\u0131\u015fmaya haz\u0131r m\u0131s\u0131n\u0131z?Ba\u011f\u0131ms\u0131z tematik etkinlik kitaplar\u0131m\u0131zdaki etkinlikler Milli E\u011fitim Bakanl\u0131\u011f\u0131 Okul \u00d6ncesi e\u011fitim Program\u0131&#8217;n\u0131n \u00f6\u011frenme s\u00fcrecine uyumlu, kolaydan zora ad\u0131m ad\u0131m ilerleyen, uygun aral\u0131klarla seviyeyi y\u00fckselterek tekrarlar yoluyla konular\u0131 peki\u015ftiren bir d\u00fczende haz\u0131rlanm\u0131\u015ft\u0131r.Etkinliklerde g\u00f6stergeler eksiksiz bir bi\u00e7imde ele al\u0131nm\u0131\u015ft\u0131r. B\u00f6ylece etkinlikler, kazan\u0131mlar\u0131 b\u00fct\u00fcnc\u00fcl bir \u015fekilde yans\u0131tmakta ve \u00f6\u011fretmenin uygulamas\u0131n\u0131 kolayla\u015ft\u0131rmaktad\u0131r. Kitaplardaki etkinlikler, sarmal yap\u0131da ve \u00f6\u011frencinin severek yapabilece\u011fi; geli\u015ftirici ve s\u00fcr\u00fckleyici nitelikte haz\u0131rlanm\u0131\u015ft\u0131r.\u00d6\u011frencinin kolay kullan\u0131m\u0131 i\u00e7in spiralli olarak tasarlanm\u0131\u015f kitaplar\u0131m\u0131zda her b\u00f6l\u00fcm\u00fcn ba\u015f\u0131nda etkinli\u011fi anlatan e\u011flenceli bir ba\u015fl\u0131k kullan\u0131lm\u0131\u015ft\u0131r. Y\u00f6nergeler \u00e7ok a\u00e7\u0131k ve kolay uygulamaya yard\u0131mc\u0131d\u0131r.<\/p>\n","protected":false},"excerpt":{"rendered":"<p>E\u011fitim y\u0131l\u0131 boyunca e\u011fitsel s\u00fcre\u00e7leri y\u00f6netecek tematik kaynak kitaplar\u0131m\u0131zla tan\u0131\u015fmaya haz\u0131r m\u0131s\u0131n\u0131z?Ba\u011f\u0131ms\u0131z tematik etkinlik kitaplar\u0131m\u0131zdaki etkinlikler Milli E\u011fitim Bakanl\u0131\u011f\u0131 Okul \u00d6ncesi e\u011fitim Program\u0131&#8217;n\u0131n \u00f6\u011frenme s\u00fcrecine uyumlu,<span class=\"excerpt-hellip\"> [\u2026]<\/span><\/p>\n","protected":false},"featured_media":0,"template":"","meta":{"_monsterinsights_skip_tracking":false,"_monsterinsights_sitenote_active":false,"_monsterinsights_sitenote_note":"","_monsterinsights_sitenote_category":0},"product_brand":[],"product_cat":[12274,12518],"product_tag":[],"class_list":{"0":"post-731249","1":"product","2":"type-product","3":"status-publish","5":"product_cat-cocuk-ve-genclik-kitaplari","6":"product_cat-okul-oncesi-kitaplar","7":"pa_cilt-ciltsiz","8":"pa_tur-kitap","9":"pa_yayinevi-bir-ocak-yayinlari","10":"pa_yazar-elif-alkan","12":"first","13":"instock","14":"sale","15":"shipping-taxable","16":"purchasable","17":"product-type-simple"},"_links":{"self":[{"href":"https:\/\/roveyayinevi.com.tr\/index.php\/wp-json\/wp\/v2\/product\/731249","targetHints":{"allow":["GET"]}}],"collection":[{"href":"https:\/\/roveyayinevi.com.tr\/index.php\/wp-json\/wp\/v2\/product"}],"about":[{"href":"https:\/\/roveyayinevi.com.tr\/index.php\/wp-json\/wp\/v2\/types\/product"}],"wp:attachment":[{"href":"https:\/\/roveyayinevi.com.tr\/index.php\/wp-json\/wp\/v2\/media?parent=731249"}],"wp:term":[{"taxonomy":"product_brand","embeddable":true,"href":"https:\/\/roveyayinevi.com.tr\/index.php\/wp-json\/wp\/v2\/product_brand?post=731249"},{"taxonomy":"product_cat","embeddable":true,"href":"https:\/\/roveyayinevi.com.tr\/index.php\/wp-json\/wp\/v2\/product_cat?post=731249"},{"taxonomy":"product_tag","embeddable":true,"href":"https:\/\/roveyayinevi.com.tr\/index.php\/wp-json\/wp\/v2\/product_tag?post=731249"}],"curies":[{"name":"wp","href":"https:\/\/api.w.org\/{rel}","templated":true}]}}