{"id":731240,"date":"2025-08-27T21:28:23","date_gmt":"2025-08-27T18:28:23","guid":{"rendered":"https:\/\/roveyayinevi.com.tr\/index.php\/urun\/iyi-ki-anneyim-iyi-ki-babayim\/"},"modified":"2026-04-16T02:39:03","modified_gmt":"2026-04-15T23:39:03","slug":"iyi-ki-anneyim-iyi-ki-babayim","status":"publish","type":"product","link":"https:\/\/roveyayinevi.com.tr\/index.php\/urun\/iyi-ki-anneyim-iyi-ki-babayim\/","title":{"rendered":"\u0130yi ki Anneyim iyi ki Babay\u0131m"},"content":{"rendered":"<p>Biz, hik\u00e2yemizin sekiz y\u0131l \u00f6nce ba\u015flad\u0131\u011f\u0131n\u0131 zannediyorduk. Ancak okuduk\u00e7a, ya\u015fad\u0131k\u00e7a \u00e7ok daha \u00f6nce yaz\u0131ld\u0131\u011f\u0131n\u0131 hissetik. Sat\u0131r aralar\u0131na indi\u011fimizde ise \u00e7ocuklu\u011fumuzda bulduk kendimizi. Bulduk\u00e7a fark ettik, \u00f6\u011frendik ve b\u00fcy\u00fcd\u00fck&#8230; Birlikte b\u00fcy\u00fcme hik\u00e2yesiydi bizimkisi. Heyecan, umut vesevgi dolu. Hi\u00e7 bitmeyen, \u00e7ocuklar\u0131yla birlikte b\u00fcy\u00fcyen biranne ve baban\u0131n hik\u00e2yesi. Hatta siz bu hik\u00e2yeyi okurken bile h\u00e2l\u00e2 devam eden bir hik\u00e2ye&#8230;Ve bu hik\u00e2yenin as\u0131l kahramanlar\u0131 \u00e7ocuklar\u0131m\u0131z&#8230;Asl\u0131nda bu kitapta okuyacaklar\u0131n\u0131z, onlar\u0131n bize\u00f6\u011frettikleri ve ya\u015fatt\u0131klar\u0131d\u0131r.   Trabzon \u00dcniversitesi S\u0131n\u0131f \u00d6\u011fretmenli\u011fi Anabilim Dal\u0131\u2019nda \u00f6\u011fretim \u00fcyesi olarak g\u00f6rev yapan Do\u00e7. Dr. \u00d6zge Erdo\u011fan&#8217;\u0131n \u00e7al\u0131\u015fma alanlar\u0131 aras\u0131nda \u00e7ocuk kitaplar\u0131, etkile\u015fimli okuma ve aile e\u011fitimi yer almaktad\u0131r.  \u0130lk okuma yazma \u00f6\u011fretimi ve T\u00fcrk\u00e7e \u00f6\u011fretimi alanlar\u0131nda ulusal ve uluslararas\u0131 \u00e7ok say\u0131da yay\u0131n\u0131 bulunmaktad\u0131r.Dr. Erdo\u011fan, \u00f6\u011fretmenli\u011fin ve ebeveynli\u011fin hi\u00e7 bitmeyecek bir yolculuk oldu\u011funa inanmaktad\u0131r.Prof. Dr. Tolga Erdo\u011fan, T.C. Milano Ba\u015fkonsoloslu\u011fu e\u011fitim ata\u015fesidir. K\u0131z\u0131 Melis&#8217;in deyimiyle &#8220;\u015eenlik\u00e7i \u00d6\u011fretmen&#8221; ve drama e\u011fitmeni olan Erdo\u011fan, T\u00fcrk\u00e7e \u00f6\u011fretimi, oyun ve drama alanlar\u0131nda bilimsel \u00e7al\u0131\u015fmalar yapmaktad\u0131r. \u00c7e\u015fitli MEB, T\u00dcB\u0130TAK, UNICEF ve AB projelerinde dan\u0131\u015fman  ve e\u011fitmen olarak g\u00f6rev yapm\u0131\u015ft\u0131r. Ulusal ve uluslararas\u0131 makale, bildiri ve kitaplar\u0131 bulunmaktad\u0131r.   <\/p>\n","protected":false},"excerpt":{"rendered":"<p>Biz, hik\u00e2yemizin sekiz y\u0131l \u00f6nce ba\u015flad\u0131\u011f\u0131n\u0131 zannediyorduk. Ancak okuduk\u00e7a, ya\u015fad\u0131k\u00e7a \u00e7ok daha \u00f6nce yaz\u0131ld\u0131\u011f\u0131n\u0131 hissetik. Sat\u0131r aralar\u0131na indi\u011fimizde ise \u00e7ocuklu\u011fumuzda bulduk kendimizi. Bulduk\u00e7a fark ettik, \u00f6\u011frendik<span class=\"excerpt-hellip\"> [\u2026]<\/span><\/p>\n","protected":false},"featured_media":0,"template":"","meta":{"_monsterinsights_skip_tracking":false,"_monsterinsights_sitenote_active":false,"_monsterinsights_sitenote_note":"","_monsterinsights_sitenote_category":0},"product_brand":[],"product_cat":[12831,12324],"product_tag":[],"class_list":{"0":"post-731240","1":"product","2":"type-product","3":"status-publish","5":"product_cat-aile-ve-cocuk","6":"product_cat-sosyoloji","7":"pa_cilt-ciltsiz","8":"pa_tur-kitap","9":"pa_yayinevi-nemesis-kitap","10":"pa_yazar-ozge-erdogan-tolga-erdogan","12":"first","13":"instock","14":"sale","15":"shipping-taxable","16":"purchasable","17":"product-type-simple"},"_links":{"self":[{"href":"https:\/\/roveyayinevi.com.tr\/index.php\/wp-json\/wp\/v2\/product\/731240","targetHints":{"allow":["GET"]}}],"collection":[{"href":"https:\/\/roveyayinevi.com.tr\/index.php\/wp-json\/wp\/v2\/product"}],"about":[{"href":"https:\/\/roveyayinevi.com.tr\/index.php\/wp-json\/wp\/v2\/types\/product"}],"wp:attachment":[{"href":"https:\/\/roveyayinevi.com.tr\/index.php\/wp-json\/wp\/v2\/media?parent=731240"}],"wp:term":[{"taxonomy":"product_brand","embeddable":true,"href":"https:\/\/roveyayinevi.com.tr\/index.php\/wp-json\/wp\/v2\/product_brand?post=731240"},{"taxonomy":"product_cat","embeddable":true,"href":"https:\/\/roveyayinevi.com.tr\/index.php\/wp-json\/wp\/v2\/product_cat?post=731240"},{"taxonomy":"product_tag","embeddable":true,"href":"https:\/\/roveyayinevi.com.tr\/index.php\/wp-json\/wp\/v2\/product_tag?post=731240"}],"curies":[{"name":"wp","href":"https:\/\/api.w.org\/{rel}","templated":true}]}}