{"id":731238,"date":"2025-08-27T21:28:21","date_gmt":"2025-08-27T18:28:21","guid":{"rendered":"https:\/\/roveyayinevi.com.tr\/index.php\/urun\/teo-politik-mudahaleler\/"},"modified":"2026-04-16T02:39:03","modified_gmt":"2026-04-15T23:39:03","slug":"teo-politik-mudahaleler","status":"publish","type":"product","link":"https:\/\/roveyayinevi.com.tr\/index.php\/urun\/teo-politik-mudahaleler\/","title":{"rendered":"Teo-Politik M\u00fcdahaleler"},"content":{"rendered":"<p>Mustafa \u00d6zt\u00fcrk, son y\u0131llarda T\u00fcrkiye\u2019de din\u00ee d\u00fc\u015f\u00fcncenin geli\u015fiminde hem \u00f6zel olarak tefsir alan\u0131ndaki tutumu hem de genel olarak g\u00fcndelik hayat ve dinselli\u011fin ili\u015fkisi ba\u011flam\u0131ndaki yakla\u015f\u0131m\u0131 nedeniyle \u00f6ne \u00e7\u0131kt\u0131. Elinizdeki metin, \u00f6zellikle ikinci boyuttaki katk\u0131lar\u0131n\u0131 belgelemesi bak\u0131m\u0131ndan okuyucunun ilgisini \u00e7ekecektir. 2018-2021 tarihleri aras\u0131nda haftal\u0131k olarak yaz\u0131lm\u0131\u015f bu yaz\u0131lar e\u015fine az rastlan\u0131r bir \u201centelekt\u00fcel duru\u015fu\u201d da sergilemektedir. <\/p>\n","protected":false},"excerpt":{"rendered":"<p>Mustafa \u00d6zt\u00fcrk, son y\u0131llarda T\u00fcrkiye\u2019de din\u00ee d\u00fc\u015f\u00fcncenin geli\u015fiminde hem \u00f6zel olarak tefsir alan\u0131ndaki tutumu hem de genel olarak g\u00fcndelik hayat ve dinselli\u011fin ili\u015fkisi ba\u011flam\u0131ndaki yakla\u015f\u0131m\u0131 nedeniyle<span class=\"excerpt-hellip\"> [\u2026]<\/span><\/p>\n","protected":false},"featured_media":0,"template":"","meta":{"_monsterinsights_skip_tracking":false,"_monsterinsights_sitenote_active":false,"_monsterinsights_sitenote_note":"","_monsterinsights_sitenote_category":0},"product_brand":[],"product_cat":[12351,12324],"product_tag":[],"class_list":{"0":"post-731238","1":"product","2":"type-product","3":"status-publish","5":"product_cat-siyaset-sosyolojisi","6":"product_cat-sosyoloji","7":"pa_cilt-ciltsiz","8":"pa_tur-kitap","9":"pa_yayinevi-vulgus-yayinlari","10":"pa_yazar-mustafa-ozturk","12":"first","13":"instock","14":"sale","15":"shipping-taxable","16":"purchasable","17":"product-type-simple"},"_links":{"self":[{"href":"https:\/\/roveyayinevi.com.tr\/index.php\/wp-json\/wp\/v2\/product\/731238","targetHints":{"allow":["GET"]}}],"collection":[{"href":"https:\/\/roveyayinevi.com.tr\/index.php\/wp-json\/wp\/v2\/product"}],"about":[{"href":"https:\/\/roveyayinevi.com.tr\/index.php\/wp-json\/wp\/v2\/types\/product"}],"wp:attachment":[{"href":"https:\/\/roveyayinevi.com.tr\/index.php\/wp-json\/wp\/v2\/media?parent=731238"}],"wp:term":[{"taxonomy":"product_brand","embeddable":true,"href":"https:\/\/roveyayinevi.com.tr\/index.php\/wp-json\/wp\/v2\/product_brand?post=731238"},{"taxonomy":"product_cat","embeddable":true,"href":"https:\/\/roveyayinevi.com.tr\/index.php\/wp-json\/wp\/v2\/product_cat?post=731238"},{"taxonomy":"product_tag","embeddable":true,"href":"https:\/\/roveyayinevi.com.tr\/index.php\/wp-json\/wp\/v2\/product_tag?post=731238"}],"curies":[{"name":"wp","href":"https:\/\/api.w.org\/{rel}","templated":true}]}}