{"id":731225,"date":"2025-08-27T21:27:35","date_gmt":"2025-08-27T18:27:35","guid":{"rendered":"https:\/\/roveyayinevi.com.tr\/index.php\/urun\/dipsiz-cukurun-icine-dogru-bir-noropsikiyatrin-rahatsiz-zihinler-uzerine-notlari\/"},"modified":"2026-04-16T02:39:02","modified_gmt":"2026-04-15T23:39:02","slug":"dipsiz-cukurun-icine-dogru-bir-noropsikiyatrin-rahatsiz-zihinler-uzerine-notlari","status":"publish","type":"product","link":"https:\/\/roveyayinevi.com.tr\/index.php\/urun\/dipsiz-cukurun-icine-dogru-bir-noropsikiyatrin-rahatsiz-zihinler-uzerine-notlari\/","title":{"rendered":"Dipsiz \u00c7ukurun \u0130\u00e7ine Do\u011fru &#8211; Bir N\u00f6ropsikiyatr\u0131n Rahats\u0131z Zihinler \u00dczerine Notlar\u0131"},"content":{"rendered":"<p>Bu kitap \u015fizofreni, iki u\u00e7lu bozukluk, depresyon, sanr\u0131lar, anoreksiya nervoza, d\u00f6n\u00fc\u015ft\u00fcrme bozuklu\u011fu ve yads\u0131ma sendromu hakk\u0131nda. Fakat ayn\u0131 zamanda hissetti\u011fi \u00e7aresizli\u011fin k\u0131s\u0131rd\u00f6ng\u00fcs\u00fcnden kurtulamayan Thomas; bedeniyle ilgili ger\u00e7eklikten kopuk kanaatlerin komaya s\u00fcr\u00fckledi\u011fi Emma; ya\u015fad\u0131\u011f\u0131 toplumun \u0131rk\u00e7\u0131l\u0131\u011f\u0131 alt\u0131nda ezilen Junior; ko\u015fullarla ba\u015fa \u00e7\u0131kamay\u0131nca \u00e7\u00f6z\u00fcm\u00fc hasta rol\u00fcne \u00e7ekilmekte bulan Christopher; \u00e7ileci tutumunun yeme bozuklu\u011funa s\u00fcr\u00fckledi\u011fi Caitlin; ve siz ve biz, ve hepimiz hakk\u0131nda.Anthony David kimi zaman fizyolojik nedenlerin, genetik miras\u0131n ya da travmatik bir kazan\u0131n, kimi zaman da protestonun, inan\u00e7lar\u0131n, umutsuzlu\u011fun kendi momentumunu kazand\u0131\u011f\u0131, iradenin ak\u0131p gitti\u011fi ger\u00e7ek hik\u00e2yeler arac\u0131l\u0131\u011f\u0131yla okuru Dipsiz \u00c7ukurun \u0130\u00e7ine Do\u011fru \u00e7ekiyor. Bu \u00e7ukurun karanl\u0131\u011f\u0131nda yitmemenin tek yolu, zihni ve bedeni iki ayr\u0131 varl\u0131km\u0131\u015f gibi d\u00fc\u015f\u00fcnmeden, biyolojik, psikolojik ve toplumsal alan aras\u0131ndaki s\u00fcreklili\u011fi kaybetmeden, maddi beynimiz d\u0131\u015f\u0131nda bir ger\u00e7eklik olmad\u0131\u011f\u0131n\u0131 unutmadan bireyi yeniden in\u015fa etmek.&#8221;Profes\u00f6r David&#8217;in ele ald\u0131\u011f\u0131 yedi vaka, hem beynin hem de ray\u0131ndan \u00e7\u0131km\u0131\u015f zihinlerin yar\u0131klar\u0131n\u0131 ve biti\u015fme noktalar\u0131n\u0131 g\u00f6zler \u00f6n\u00fcne seriyor. Hastalar\u0131n\u0131n \u00f6znel i\u00e7 ya\u015famlar\u0131n\u0131 vurgularken sinirbilimin ilkelerinden kopmadan modern t\u0131p d\u00fc\u015f\u00fcncesindeki indirgemecili\u011fin panzehirini sunuyor.\u201d- Dr. Alan Ropper, Harvard T\u0131p Fak\u00fcltesi N\u00f6roloji Profes\u00f6r\u00fcAnthony David, University College London\u2019da Ak\u0131l Sa\u011fl\u0131\u011f\u0131 Enstit\u00fcs\u00fc direkt\u00f6r\u00fc ve \u0130ngiliz N\u00f6ropsikiyatri Derne\u011fi ba\u015fkan\u0131.<\/p>\n","protected":false},"excerpt":{"rendered":"<p>Bu kitap \u015fizofreni, iki u\u00e7lu bozukluk, depresyon, sanr\u0131lar, anoreksiya nervoza, d\u00f6n\u00fc\u015ft\u00fcrme bozuklu\u011fu ve yads\u0131ma sendromu hakk\u0131nda. Fakat ayn\u0131 zamanda hissetti\u011fi \u00e7aresizli\u011fin k\u0131s\u0131rd\u00f6ng\u00fcs\u00fcnden kurtulamayan Thomas; bedeniyle ilgili<span class=\"excerpt-hellip\"> [\u2026]<\/span><\/p>\n","protected":false},"featured_media":0,"template":"","meta":{"_monsterinsights_skip_tracking":false,"_monsterinsights_sitenote_active":false,"_monsterinsights_sitenote_note":"","_monsterinsights_sitenote_category":0},"product_brand":[],"product_cat":[12358,12357],"product_tag":[],"class_list":{"0":"post-731225","1":"product","2":"type-product","3":"status-publish","5":"product_cat-genel-psikoloji","6":"product_cat-psikoloji","7":"pa_cilt-ciltsiz","8":"pa_tur-kitap","9":"pa_yayinevi-koc-universitesi-yayinlari","10":"pa_yazar-anthony-david","12":"first","13":"instock","14":"sale","15":"shipping-taxable","16":"purchasable","17":"product-type-simple"},"_links":{"self":[{"href":"https:\/\/roveyayinevi.com.tr\/index.php\/wp-json\/wp\/v2\/product\/731225","targetHints":{"allow":["GET"]}}],"collection":[{"href":"https:\/\/roveyayinevi.com.tr\/index.php\/wp-json\/wp\/v2\/product"}],"about":[{"href":"https:\/\/roveyayinevi.com.tr\/index.php\/wp-json\/wp\/v2\/types\/product"}],"wp:attachment":[{"href":"https:\/\/roveyayinevi.com.tr\/index.php\/wp-json\/wp\/v2\/media?parent=731225"}],"wp:term":[{"taxonomy":"product_brand","embeddable":true,"href":"https:\/\/roveyayinevi.com.tr\/index.php\/wp-json\/wp\/v2\/product_brand?post=731225"},{"taxonomy":"product_cat","embeddable":true,"href":"https:\/\/roveyayinevi.com.tr\/index.php\/wp-json\/wp\/v2\/product_cat?post=731225"},{"taxonomy":"product_tag","embeddable":true,"href":"https:\/\/roveyayinevi.com.tr\/index.php\/wp-json\/wp\/v2\/product_tag?post=731225"}],"curies":[{"name":"wp","href":"https:\/\/api.w.org\/{rel}","templated":true}]}}