{"id":731221,"date":"2025-08-27T21:27:32","date_gmt":"2025-08-27T18:27:32","guid":{"rendered":"https:\/\/roveyayinevi.com.tr\/index.php\/urun\/dunyayi-durduran-kiz-2-set-4-kitap-takim\/"},"modified":"2025-12-30T10:40:30","modified_gmt":"2025-12-30T07:40:30","slug":"dunyayi-durduran-kiz-2-set-4-kitap-takim","status":"publish","type":"product","link":"https:\/\/roveyayinevi.com.tr\/index.php\/urun\/dunyayi-durduran-kiz-2-set-4-kitap-takim\/","title":{"rendered":"D\u00fcnyay\u0131 Durduran K\u0131z 2 Set (4 Kitap Tak\u0131m)"},"content":{"rendered":"<p>Merhaba, ben DDK! Yani, D\u00fcnyay\u0131 Durduran K\u0131z! Tan\u0131\u015fm\u0131\u015ft\u0131k, hat\u0131rl\u0131yorsun de\u011fil mi? U\u00e7amam, a\u011f atamam belki ama s\u00fcper \u00f6zelli\u011fimle birlikte kafam t\u0131k\u0131r t\u0131k\u0131r \u00e7al\u0131\u015f\u0131r, \u00e7evremdeki problemleri l\u0131k\u0131r l\u0131k\u0131r \u00e7\u00f6zerim! Halk kahraman\u0131y\u0131m yani! Herkesi dondurur, i\u015fime bakar\u0131m. Bir tek karde\u015fim Yaman\u2019\u0131 durduram\u0131yorum, o ayr\u0131. Bizi gizleyen kahramanl\u0131k kost\u00fcm\u00fcm\u00fcz olmasa yanm\u0131\u015ft\u0131m \u015fimdiye! Yeni nesil halk kahraman\u0131 nas\u0131l olunur g\u00f6rmek istersen, beni takip et!Z\u0131rt, z\u0131rt\u2026 \u0130\u015fte bir mesaj geldi bile! Yoksa senden mi?D\u00fcnyay\u0131 Durduran K\u0131z 2\u2019yle macera devam ediyor! <\/p>\n","protected":false},"excerpt":{"rendered":"<p>Merhaba, ben DDK! Yani, D\u00fcnyay\u0131 Durduran K\u0131z! Tan\u0131\u015fm\u0131\u015ft\u0131k, hat\u0131rl\u0131yorsun de\u011fil mi? U\u00e7amam, a\u011f atamam belki ama s\u00fcper \u00f6zelli\u011fimle birlikte kafam t\u0131k\u0131r t\u0131k\u0131r \u00e7al\u0131\u015f\u0131r, \u00e7evremdeki problemleri l\u0131k\u0131r<span class=\"excerpt-hellip\"> [\u2026]<\/span><\/p>\n","protected":false},"featured_media":0,"template":"","meta":{"_monsterinsights_skip_tracking":false,"_monsterinsights_sitenote_active":false,"_monsterinsights_sitenote_note":"","_monsterinsights_sitenote_category":0},"product_brand":[],"product_cat":[12275,12274],"product_tag":[],"class_list":{"0":"post-731221","1":"product","2":"type-product","3":"status-publish","5":"product_cat-6-12-yas-kitaplari","6":"product_cat-cocuk-ve-genclik-kitaplari","7":"pa_cilt-takim","8":"pa_tur-kitap","9":"pa_yayinevi-timas-cocuk","10":"pa_yazar-selcen-yuksel-arvas","12":"first","13":"instock","14":"sale","15":"shipping-taxable","16":"purchasable","17":"product-type-simple"},"_links":{"self":[{"href":"https:\/\/roveyayinevi.com.tr\/index.php\/wp-json\/wp\/v2\/product\/731221","targetHints":{"allow":["GET"]}}],"collection":[{"href":"https:\/\/roveyayinevi.com.tr\/index.php\/wp-json\/wp\/v2\/product"}],"about":[{"href":"https:\/\/roveyayinevi.com.tr\/index.php\/wp-json\/wp\/v2\/types\/product"}],"wp:attachment":[{"href":"https:\/\/roveyayinevi.com.tr\/index.php\/wp-json\/wp\/v2\/media?parent=731221"}],"wp:term":[{"taxonomy":"product_brand","embeddable":true,"href":"https:\/\/roveyayinevi.com.tr\/index.php\/wp-json\/wp\/v2\/product_brand?post=731221"},{"taxonomy":"product_cat","embeddable":true,"href":"https:\/\/roveyayinevi.com.tr\/index.php\/wp-json\/wp\/v2\/product_cat?post=731221"},{"taxonomy":"product_tag","embeddable":true,"href":"https:\/\/roveyayinevi.com.tr\/index.php\/wp-json\/wp\/v2\/product_tag?post=731221"}],"curies":[{"name":"wp","href":"https:\/\/api.w.org\/{rel}","templated":true}]}}