{"id":731194,"date":"2025-08-27T21:27:07","date_gmt":"2025-08-27T18:27:07","guid":{"rendered":"https:\/\/roveyayinevi.com.tr\/index.php\/urun\/gundem-lozan\/"},"modified":"2026-04-16T02:39:02","modified_gmt":"2026-04-15T23:39:02","slug":"gundem-lozan","status":"publish","type":"product","link":"https:\/\/roveyayinevi.com.tr\/index.php\/urun\/gundem-lozan\/","title":{"rendered":"G\u00fcndem Lozan"},"content":{"rendered":"<p>Mehmet As\u0131m\u2019a g\u00f6re 24 Temmuz g\u00fcn\u00fcn\u00fcn anlam\u0131 \u00e7ok fazlad\u0131r: T\u00fcrk vatan\u0131 \u00fczerine Birinci D\u00fcnya Sava\u015f\u0131\u2019ndan sonra vurulan esaret zincirleri k\u0131r\u0131lm\u0131\u015ft\u0131r. Osmanl\u0131 \u0130mparatorlu\u011fu&#8217;nun en g\u00fc\u00e7l\u00fc zamanlar\u0131ndan itibaren ba\u015flayan ve daha sona T\u00fcrkler aleyhinde devam edip gelen kapit\u00fclasyon ba\u011flar\u0131 \u00e7\u00f6z\u00fclm\u00fc\u015ft\u00fcr. T\u00fcrk vatan\u0131nda yerli ile yabanc\u0131 ancak bu sayede e\u015fit olmu\u015ftur. Birinci D\u00fcnya Sava\u015f\u0131 sonucunda T\u00fcrk milletinin aln\u0131na yap\u0131\u015ft\u0131r\u0131lan ma\u011flubiyet damgas\u0131 silinmi\u015ftir. Ancak bu sayede T\u00fcrkler, D\u00fcnya\u2019da soluk alma imk\u00e2n\u0131n\u0131 kazanm\u0131\u015ft\u0131r. T\u00fcrk milleti i\u00e7in serbest bir T\u00fcrk vatan\u0131n\u0131n mevcudiyeti devletler taraf\u0131ndan kabul edilmi\u015ftir. Hi\u00e7 \u015f\u00fcphesiz T\u00fcrk milleti, b\u00fct\u00fcn tarihinde Lozan sulhu kadar \u015ferefli bir antla\u015fmaya imza koymam\u0131\u015ft\u0131r. \u00c7\u00fcnk\u00fc Lozan muahedesinin imzas\u0131 ile bir taraftan T\u00fcrk milletinin idam karar\u0131ndan ba\u015fka bir \u015fey olmayan Sevr antla\u015fmas\u0131 y\u0131rt\u0131lm\u0131\u015f, di\u011fer taraftan Birinci D\u00fcnya Sava\u015f\u0131\u2019ndan ma\u011flup olarak \u00e7\u0131kan T\u00fcrkiye i\u00e7in Bat\u0131l\u0131 devletlerle e\u015fit bir mevki sa\u011flanm\u0131\u015ft\u0131.Lozan\u2019la T\u00fcrk milleti ba\u011f\u0131ms\u0131zl\u0131k ve h\u00fcrriyet belgesine sahip olmu\u015ftur. Lozan, T\u00fcrk milletini kapit\u00fcl\u00e2syon ba\u011flar\u0131n\u0131n esaretinden kurtarm\u0131\u015f ve as\u0131rlardan beri Avrupa\u2019n\u0131n kar\u015f\u0131s\u0131nda bir s\u00f6m\u00fcrge muamelesi g\u00f6ren T\u00fcrk milletinin medeni milletlerle e\u015fit oldu\u011funu b\u00fct\u00fcn D\u00fcnya\u2019ya kabul ettirmi\u015ftir. Birinci D\u00fcnya Sava\u015f\u0131\u2019nda ma\u011flup olan T\u00fcrk devletini ma\u011fl\u00fbplar aras\u0131ndan \u00e7\u0131kararak galipler aras\u0131na koymu\u015ftur. \u00c7e\u015fitli z\u00fcmreler ad\u0131 alt\u0131nda adeta T\u00fcrk vatan\u0131na bir hastal\u0131k gibi giren mikroplar\u0131, mill\u00ee b\u00fcnyeden atarak halis T\u00fcrklerden olu\u015fan on be\u015f milyonluk bir devlet meydana getirmi\u015ftir. T\u00fcrk milletine imparatorluk devrinde hi\u00e7 bir vatanseverin akl\u0131na ve hayaline gelmeyen bir ba\u011f\u0131ms\u0131zl\u0131k getirmi\u015ftir. Lozan sulhu, T\u00fcrk vatan\u0131nda T\u00fcrklerden fazla hak ve menfaatlere sahip olduklar\u0131 h\u00e2lde T\u00fcrkiye\u2019ye k\u00fc\u00e7\u00fck bir vergi dahi vermeyen yabanc\u0131lara; Bundan sonra T\u00fcrkiye\u2019de hi\u00e7bir ecnebi T\u00fcrklerden fazla bir hak iddia edemez. demi\u015ftir ve kendi vatanlar\u0131nda T\u00fcrkleri yabanc\u0131lara kar\u015f\u0131 u\u015fak olma durumundan kurtarm\u0131\u015ft\u0131r<\/p>\n","protected":false},"excerpt":{"rendered":"<p>Mehmet As\u0131m\u2019a g\u00f6re 24 Temmuz g\u00fcn\u00fcn\u00fcn anlam\u0131 \u00e7ok fazlad\u0131r: T\u00fcrk vatan\u0131 \u00fczerine Birinci D\u00fcnya Sava\u015f\u0131\u2019ndan sonra vurulan esaret zincirleri k\u0131r\u0131lm\u0131\u015ft\u0131r. Osmanl\u0131 \u0130mparatorlu\u011fu&#8217;nun en g\u00fc\u00e7l\u00fc zamanlar\u0131ndan itibaren<span class=\"excerpt-hellip\"> [\u2026]<\/span><\/p>\n","protected":false},"featured_media":0,"template":"","meta":{"_monsterinsights_skip_tracking":false,"_monsterinsights_sitenote_active":false,"_monsterinsights_sitenote_note":"","_monsterinsights_sitenote_category":0},"product_brand":[],"product_cat":[12370,12304],"product_tag":[],"class_list":{"0":"post-731194","1":"product","2":"type-product","3":"status-publish","5":"product_cat-arastirma-inceleme","6":"product_cat-tarih","7":"pa_cilt-ciltsiz","8":"pa_tur-kitap","9":"pa_yayinevi-yeditepe-yayinevi","10":"pa_yazar-erol-yuksel","12":"first","13":"instock","14":"sale","15":"shipping-taxable","16":"purchasable","17":"product-type-simple"},"_links":{"self":[{"href":"https:\/\/roveyayinevi.com.tr\/index.php\/wp-json\/wp\/v2\/product\/731194","targetHints":{"allow":["GET"]}}],"collection":[{"href":"https:\/\/roveyayinevi.com.tr\/index.php\/wp-json\/wp\/v2\/product"}],"about":[{"href":"https:\/\/roveyayinevi.com.tr\/index.php\/wp-json\/wp\/v2\/types\/product"}],"wp:attachment":[{"href":"https:\/\/roveyayinevi.com.tr\/index.php\/wp-json\/wp\/v2\/media?parent=731194"}],"wp:term":[{"taxonomy":"product_brand","embeddable":true,"href":"https:\/\/roveyayinevi.com.tr\/index.php\/wp-json\/wp\/v2\/product_brand?post=731194"},{"taxonomy":"product_cat","embeddable":true,"href":"https:\/\/roveyayinevi.com.tr\/index.php\/wp-json\/wp\/v2\/product_cat?post=731194"},{"taxonomy":"product_tag","embeddable":true,"href":"https:\/\/roveyayinevi.com.tr\/index.php\/wp-json\/wp\/v2\/product_tag?post=731194"}],"curies":[{"name":"wp","href":"https:\/\/api.w.org\/{rel}","templated":true}]}}