{"id":731163,"date":"2025-08-27T21:26:40","date_gmt":"2025-08-27T18:26:40","guid":{"rendered":"https:\/\/roveyayinevi.com.tr\/index.php\/urun\/1-ruj-4-kadin\/"},"modified":"2025-09-15T13:20:08","modified_gmt":"2025-09-15T10:20:08","slug":"1-ruj-4-kadin","status":"publish","type":"product","link":"https:\/\/roveyayinevi.com.tr\/index.php\/urun\/1-ruj-4-kadin\/","title":{"rendered":"1 Ruj 4 Kad\u0131n"},"content":{"rendered":"<p>Talya tekrar o ana gitmi\u015f gibiydi. O rujda ne oldu\u011funu bulmaya \u00e7al\u0131\u015f\u0131yordu. Asl\u0131nda o anda hepsini birle\u015ftiren \u015fey o rujdu; \u00fczerlerinde \u00f6yle bir etki yaratm\u0131\u015ft\u0131. Talya ihtiya\u00e7lar\u0131 olan \u015feyin i\u015fte bu oldu\u011funu d\u00fc\u015f\u00fcnd\u00fc. Birle\u015fmek\u2026 O ruj gibi onlar\u0131 birle\u015ftirecek ve onlar\u0131 ayn\u0131 odakta toplayacak bir \u015feye ihtiya\u00e7lar\u0131 vard\u0131. Talya bunu ak\u0131l etti\u011finde bir s\u00fcredir beyninin odalar\u0131ndan birine kilitledi\u011fi hayalini serbest b\u0131rakt\u0131. Kariyerinin bir yerinde hayata ge\u00e7ece\u011fine inand\u0131\u011f\u0131 ama hep do\u011fru zaman\u0131 bekledi\u011fi hayali\u2026 <\/p>\n","protected":false},"excerpt":{"rendered":"<p>Talya tekrar o ana gitmi\u015f gibiydi. O rujda ne oldu\u011funu bulmaya \u00e7al\u0131\u015f\u0131yordu. Asl\u0131nda o anda hepsini birle\u015ftiren \u015fey o rujdu; \u00fczerlerinde \u00f6yle bir etki yaratm\u0131\u015ft\u0131. Talya<span class=\"excerpt-hellip\"> [\u2026]<\/span><\/p>\n","protected":false},"featured_media":0,"template":"","meta":{"_monsterinsights_skip_tracking":false,"_monsterinsights_sitenote_active":false,"_monsterinsights_sitenote_note":"","_monsterinsights_sitenote_category":0},"product_brand":[],"product_cat":[12291,12711],"product_tag":[],"class_list":{"0":"post-731163","1":"product","2":"type-product","3":"status-publish","5":"product_cat-edebiyat","6":"product_cat-roman-oyku","7":"pa_cilt-ciltsiz","8":"pa_tur-kitap","9":"pa_yayinevi-luna-yayinlari","10":"pa_yazar-pinar-kalkan","12":"first","13":"instock","14":"sale","15":"shipping-taxable","16":"purchasable","17":"product-type-simple"},"_links":{"self":[{"href":"https:\/\/roveyayinevi.com.tr\/index.php\/wp-json\/wp\/v2\/product\/731163","targetHints":{"allow":["GET"]}}],"collection":[{"href":"https:\/\/roveyayinevi.com.tr\/index.php\/wp-json\/wp\/v2\/product"}],"about":[{"href":"https:\/\/roveyayinevi.com.tr\/index.php\/wp-json\/wp\/v2\/types\/product"}],"wp:attachment":[{"href":"https:\/\/roveyayinevi.com.tr\/index.php\/wp-json\/wp\/v2\/media?parent=731163"}],"wp:term":[{"taxonomy":"product_brand","embeddable":true,"href":"https:\/\/roveyayinevi.com.tr\/index.php\/wp-json\/wp\/v2\/product_brand?post=731163"},{"taxonomy":"product_cat","embeddable":true,"href":"https:\/\/roveyayinevi.com.tr\/index.php\/wp-json\/wp\/v2\/product_cat?post=731163"},{"taxonomy":"product_tag","embeddable":true,"href":"https:\/\/roveyayinevi.com.tr\/index.php\/wp-json\/wp\/v2\/product_tag?post=731163"}],"curies":[{"name":"wp","href":"https:\/\/api.w.org\/{rel}","templated":true}]}}