{"id":731155,"date":"2025-08-27T21:26:34","date_gmt":"2025-08-27T18:26:34","guid":{"rendered":"https:\/\/roveyayinevi.com.tr\/index.php\/urun\/marmaranin-ote-yakasinda\/"},"modified":"2026-04-16T02:39:01","modified_gmt":"2026-04-15T23:39:01","slug":"marmaranin-ote-yakasinda","status":"publish","type":"product","link":"https:\/\/roveyayinevi.com.tr\/index.php\/urun\/marmaranin-ote-yakasinda\/","title":{"rendered":"Marmara\u2019n\u0131n \u00d6te Yakas\u0131nda"},"content":{"rendered":"<p>1902\u2019de, Milli E\u011fitim Bakan\u0131 koltu\u011funda oturdu\u011fu s\u0131rada 39 ya\u015f\u0131ndayken dengesiz bir muallim taraf\u0131ndan makam\u0131nda hayat\u0131na kastedilen Vasil K\u0131n\u00e7ov, Bulgar tarihinde e\u011fitimci ve siyaset adam\u0131 kimli\u011fiyle oldu\u011fu kadar, 19. y\u00fczy\u0131l sonu Makedonya\u2019s\u0131yla ilgili yapt\u0131\u011f\u0131 saha ara\u015ft\u0131rmalar\u0131yla da kal\u0131c\u0131 iz b\u0131rakm\u0131\u015ft\u0131r.1899\u2019un ilk aylar\u0131nda Marmara\u2019n\u0131n \u00f6te yakas\u0131na ge\u00e7erek Mudanya, Bursa, Karacabey, Band\u0131rma ve G\u00f6nen gibi yerle\u015fimleri kapsayan dokuz g\u00fcnl\u00fck gezisinin meyvesi olan seyahatnamede de an\u0131lan co\u011frafyayla ilgili ki\u015fisel g\u00f6zleme dayal\u0131 de\u011ferli tan\u0131kl\u0131klar sunmaktad\u0131r. Vakti zaman\u0131nda daha verimli topraklara yerle\u015fmek amac\u0131yla Rumeli\u2019den Anadolu\u2019ya g\u00f6\u00e7 eden Osmanl\u0131 unsuru Bulgarlar\u0131n kurduklar\u0131 k\u00f6yleri oda\u011f\u0131na alan yazar, Pi\u015ftikoz (\u00c7obank\u0131r\u0131) ve Rus Kazak k\u00f6yleriyle ilgili derledi\u011fi bilgileri de \u00f6zetlemektedir. \u0130stanbul Mektuplar\u0131 ba\u015fl\u0131\u011f\u0131 alt\u0131nda bir iktisat dergisinde yay\u0131mlad\u0131\u011f\u0131 sekiz mektubuyla ise 19. y\u00fczy\u0131l\u0131n son on y\u0131l\u0131nda Bulgaristan Emareti ile Osmanl\u0131 \u0130mparatorlu\u011fu aras\u0131ndaki ticari ili\u015fkilerin durumuna ve seyrine \u0131\u015f\u0131k tutmaktad\u0131r.<\/p>\n","protected":false},"excerpt":{"rendered":"<p>1902\u2019de, Milli E\u011fitim Bakan\u0131 koltu\u011funda oturdu\u011fu s\u0131rada 39 ya\u015f\u0131ndayken dengesiz bir muallim taraf\u0131ndan makam\u0131nda hayat\u0131na kastedilen Vasil K\u0131n\u00e7ov, Bulgar tarihinde e\u011fitimci ve siyaset adam\u0131 kimli\u011fiyle oldu\u011fu<span class=\"excerpt-hellip\"> [\u2026]<\/span><\/p>\n","protected":false},"featured_media":0,"template":"","meta":{"_monsterinsights_skip_tracking":false,"_monsterinsights_sitenote_active":false,"_monsterinsights_sitenote_note":"","_monsterinsights_sitenote_category":0},"product_brand":[],"product_cat":[13946,12304],"product_tag":[],"class_list":{"0":"post-731155","1":"product","2":"type-product","3":"status-publish","5":"product_cat-biyografi-otobiyografi","6":"product_cat-tarih","7":"pa_cilt-ciltsiz","8":"pa_tur-kitap","9":"pa_yayinevi-yeditepe-yayinevi","10":"pa_yazar-vasil-kincov","12":"first","13":"instock","14":"sale","15":"shipping-taxable","16":"purchasable","17":"product-type-simple"},"_links":{"self":[{"href":"https:\/\/roveyayinevi.com.tr\/index.php\/wp-json\/wp\/v2\/product\/731155","targetHints":{"allow":["GET"]}}],"collection":[{"href":"https:\/\/roveyayinevi.com.tr\/index.php\/wp-json\/wp\/v2\/product"}],"about":[{"href":"https:\/\/roveyayinevi.com.tr\/index.php\/wp-json\/wp\/v2\/types\/product"}],"wp:attachment":[{"href":"https:\/\/roveyayinevi.com.tr\/index.php\/wp-json\/wp\/v2\/media?parent=731155"}],"wp:term":[{"taxonomy":"product_brand","embeddable":true,"href":"https:\/\/roveyayinevi.com.tr\/index.php\/wp-json\/wp\/v2\/product_brand?post=731155"},{"taxonomy":"product_cat","embeddable":true,"href":"https:\/\/roveyayinevi.com.tr\/index.php\/wp-json\/wp\/v2\/product_cat?post=731155"},{"taxonomy":"product_tag","embeddable":true,"href":"https:\/\/roveyayinevi.com.tr\/index.php\/wp-json\/wp\/v2\/product_tag?post=731155"}],"curies":[{"name":"wp","href":"https:\/\/api.w.org\/{rel}","templated":true}]}}