{"id":731150,"date":"2025-08-27T21:26:29","date_gmt":"2025-08-27T18:26:29","guid":{"rendered":"https:\/\/roveyayinevi.com.tr\/index.php\/urun\/batarya-ile-ates\/"},"modified":"2026-04-16T02:39:01","modified_gmt":"2026-04-15T23:39:01","slug":"batarya-ile-ates","status":"publish","type":"product","link":"https:\/\/roveyayinevi.com.tr\/index.php\/urun\/batarya-ile-ates\/","title":{"rendered":"Batarya ile Ate\u015f"},"content":{"rendered":"<p>Irk\u0131na, vatan\u0131na, tarihine ihanet etmi\u015f olan ki\u015fi ve kavimlerin hi\u00e7birini unutmaT\u00fcrk o\u011flu!..Unutma ve affetme!.. &#8220;\u0130mparatorlu\u011fun \u00e7at\u0131rt\u0131lar\u0131n\u0131n ayyuka \u00e7\u0131kt\u0131\u011f\u0131 bir d\u00f6nemde ya\u015fam\u0131\u015f, vatan\u0131n\u0131n ve milletinin tatt\u0131\u011f\u0131 \u0131zt\u0131raplar\u0131 y\u00fcre\u011finin tam ortas\u0131nda hisseden ayd\u0131nlardan biri olan S\u00fcleyman Nazif\u2019in bu eserinden adeta kan ve g\u00f6zya\u015f\u0131 daml\u0131yor. K\u00e2h Plevne\u2019de Gazi Osman Pa\u015fa\u2019n\u0131n emrinde k\u00e2h Kafkasya\u2019da \u015eeyh \u015e\u00e2mil\u2019in yan\u0131 ba\u015f\u0131nda Ruslarla yaka pa\u00e7a oluyor; oradan bir kolunu Trablusgarp\u2019a, di\u011ferini Girit\u2019e uzatarak vatan topraklar\u0131n\u0131n par\u00e7alanmas\u0131n\u0131 durdurmaya \u00e7al\u0131\u015f\u0131yor. Vatan\u0131 ve milleti i\u00e7in can\u0131ndan ge\u00e7enlere duydu\u011fu hayranl\u0131k ve sayg\u0131ya bizi de ortak ediyor, geride b\u0131rakt\u0131klar\u0131na sahip \u00e7\u0131kmay\u0131 \u015ferefli bir bor\u00e7 olarak millet\u00e7e \u00fcstlenmemiz gerekti\u011fini vurguluyor. Katlanamad\u0131\u011f\u0131 bir \u015fey varsa o da bu mill\u00ee fel\u00e2ket kar\u015f\u0131s\u0131nda ayd\u0131nlar\u0131n duyars\u0131zl\u0131\u011f\u0131d\u0131r. En m\u00fctevaz\u0131 \u00e7abalar\u0131 bile i\u00e7ten bir samimiyetle alk\u0131\u015flayarak takdir ve te\u015fvik ediyor!..&#8221;<\/p>\n","protected":false},"excerpt":{"rendered":"<p>Irk\u0131na, vatan\u0131na, tarihine ihanet etmi\u015f olan ki\u015fi ve kavimlerin hi\u00e7birini unutmaT\u00fcrk o\u011flu!..Unutma ve affetme!.. &#8220;\u0130mparatorlu\u011fun \u00e7at\u0131rt\u0131lar\u0131n\u0131n ayyuka \u00e7\u0131kt\u0131\u011f\u0131 bir d\u00f6nemde ya\u015fam\u0131\u015f, vatan\u0131n\u0131n ve milletinin tatt\u0131\u011f\u0131 \u0131zt\u0131raplar\u0131<span class=\"excerpt-hellip\"> [\u2026]<\/span><\/p>\n","protected":false},"featured_media":0,"template":"","meta":{"_monsterinsights_skip_tracking":false,"_monsterinsights_sitenote_active":false,"_monsterinsights_sitenote_note":"","_monsterinsights_sitenote_category":0},"product_brand":[],"product_cat":[12304,14128],"product_tag":[],"class_list":{"0":"post-731150","1":"product","2":"type-product","3":"status-publish","5":"product_cat-tarih","6":"product_cat-yakin-tarih","7":"pa_cilt-ciltsiz","8":"pa_tur-kitap","9":"pa_yayinevi-otuken-nesriyat","10":"pa_yazar-suleyman-nazif","12":"first","13":"instock","14":"sale","15":"shipping-taxable","16":"purchasable","17":"product-type-simple"},"_links":{"self":[{"href":"https:\/\/roveyayinevi.com.tr\/index.php\/wp-json\/wp\/v2\/product\/731150","targetHints":{"allow":["GET"]}}],"collection":[{"href":"https:\/\/roveyayinevi.com.tr\/index.php\/wp-json\/wp\/v2\/product"}],"about":[{"href":"https:\/\/roveyayinevi.com.tr\/index.php\/wp-json\/wp\/v2\/types\/product"}],"wp:attachment":[{"href":"https:\/\/roveyayinevi.com.tr\/index.php\/wp-json\/wp\/v2\/media?parent=731150"}],"wp:term":[{"taxonomy":"product_brand","embeddable":true,"href":"https:\/\/roveyayinevi.com.tr\/index.php\/wp-json\/wp\/v2\/product_brand?post=731150"},{"taxonomy":"product_cat","embeddable":true,"href":"https:\/\/roveyayinevi.com.tr\/index.php\/wp-json\/wp\/v2\/product_cat?post=731150"},{"taxonomy":"product_tag","embeddable":true,"href":"https:\/\/roveyayinevi.com.tr\/index.php\/wp-json\/wp\/v2\/product_tag?post=731150"}],"curies":[{"name":"wp","href":"https:\/\/api.w.org\/{rel}","templated":true}]}}