{"id":731113,"date":"2025-08-27T21:25:52","date_gmt":"2025-08-27T18:25:52","guid":{"rendered":"https:\/\/roveyayinevi.com.tr\/index.php\/urun\/etkili-iletisim\/"},"modified":"2025-10-21T06:40:15","modified_gmt":"2025-10-21T03:40:15","slug":"etkili-iletisim","status":"publish","type":"product","link":"https:\/\/roveyayinevi.com.tr\/index.php\/urun\/etkili-iletisim\/","title":{"rendered":"Etkili \u0130leti\u015fim"},"content":{"rendered":"<p>2017\u2019de ABD\u2019de yap\u0131lan bir anket, ileti\u015fim eksikli\u011finin i\u015fyerinde gerginli\u011fi art\u0131rman\u0131n ve moral bozman\u0131n yan\u0131 s\u0131ra, projelerin ertelenmesi ve sat\u0131\u015flar\u0131n azalmas\u0131 gibi sonu\u00e7lara da yol a\u00e7t\u0131\u011f\u0131n\u0131 ortaya \u00e7\u0131karm\u0131\u015ft\u0131r.   Zaman zaman iletmek istedi\u011finiz mesaj anla\u015f\u0131lm\u0131yormu\u015f gibi mi hissediyorsunuz? Anlatmak istediklerinizi aktar\u0131rken \u00f6nemli detaylar dikkatten ka\u00e7\u0131yor mu? Gerginliklerin hi\u00e7 gereksiz yere t\u0131rmand\u0131\u011f\u0131 oldu mu? Peki ya birka\u00e7 basit beceri i\u015f hayat\u0131n\u0131z\u0131 k\u00f6kten de\u011fi\u015ftirebilseydi?   Teknolojinin geli\u015fmesi, yo\u011fun \u00e7al\u0131\u015fma hayat\u0131 ve bir\u00e7ok i\u015fi k\u0131sa s\u00fcrede halletme gereklili\u011fi, iyi ileti\u015fim becerilerini zorunlu hale getiren etkenlerden baz\u0131lar\u0131. \u0130ster geni\u015f bir izleyici kitlesinin ilgisini \u00e7ekmeniz, ister potansiyel bir i\u015fvereni etkilemeniz ya da m\u00fchim bir toplant\u0131da tart\u0131\u015fmay\u0131 kazanman\u0131z gereksin, s\u00f6yleyeceklerinizi dile getirme \u015fekliniz \u00f6nemli bir rol oynar.   Etkili \u0130leti\u015fim, s\u00f6zl\u00fc ve s\u00f6zl\u00fc olmayan ileti\u015fimin t\u00fcm y\u00f6nleriyle ilgili pratik tavsiyelerin yan\u0131 s\u0131ra konu\u015fma yetene\u011finizi geli\u015ftirmek, meslekta\u015flar\u0131n\u0131zla iyi ili\u015fkiler i\u00e7inde olmak, ikna becerileri edinmek ve do\u011fru ba\u011flant\u0131lar kurmak i\u00e7in hayati ipu\u00e7lar\u0131yla dolu. Bu temel k\u0131lavuzun yard\u0131m\u0131yla s\u00f6zl\u00fc, sesli ve g\u00f6rsel ileti\u015fimde ba\u015far\u0131ya ula\u015fabilecek ve mesaj\u0131n\u0131z\u0131 iletebileceksiniz.     \u201cFikirlerini daha etkili bir \u015fekilde iletmek isteyenler i\u00e7in \u00f6nemli bir rehber.\u201d \u2013 Midwest Book Review <\/p>\n","protected":false},"excerpt":{"rendered":"<p>2017\u2019de ABD\u2019de yap\u0131lan bir anket, ileti\u015fim eksikli\u011finin i\u015fyerinde gerginli\u011fi art\u0131rman\u0131n ve moral bozman\u0131n yan\u0131 s\u0131ra, projelerin ertelenmesi ve sat\u0131\u015flar\u0131n azalmas\u0131 gibi sonu\u00e7lara da yol a\u00e7t\u0131\u011f\u0131n\u0131 ortaya<span class=\"excerpt-hellip\"> [\u2026]<\/span><\/p>\n","protected":false},"featured_media":0,"template":"","meta":{"_monsterinsights_skip_tracking":false,"_monsterinsights_sitenote_active":false,"_monsterinsights_sitenote_note":"","_monsterinsights_sitenote_category":0},"product_brand":[],"product_cat":[13043,17647],"product_tag":[],"class_list":{"0":"post-731113","1":"product","2":"type-product","3":"status-publish","5":"product_cat-ekonomi","6":"product_cat-is-dunyasi","7":"pa_cilt-ciltsiz","8":"pa_tur-kitap","9":"pa_yayinevi-nova-kitap","10":"pa_yazar-alan-barker","12":"first","13":"instock","14":"sale","15":"shipping-taxable","16":"purchasable","17":"product-type-simple"},"_links":{"self":[{"href":"https:\/\/roveyayinevi.com.tr\/index.php\/wp-json\/wp\/v2\/product\/731113","targetHints":{"allow":["GET"]}}],"collection":[{"href":"https:\/\/roveyayinevi.com.tr\/index.php\/wp-json\/wp\/v2\/product"}],"about":[{"href":"https:\/\/roveyayinevi.com.tr\/index.php\/wp-json\/wp\/v2\/types\/product"}],"wp:attachment":[{"href":"https:\/\/roveyayinevi.com.tr\/index.php\/wp-json\/wp\/v2\/media?parent=731113"}],"wp:term":[{"taxonomy":"product_brand","embeddable":true,"href":"https:\/\/roveyayinevi.com.tr\/index.php\/wp-json\/wp\/v2\/product_brand?post=731113"},{"taxonomy":"product_cat","embeddable":true,"href":"https:\/\/roveyayinevi.com.tr\/index.php\/wp-json\/wp\/v2\/product_cat?post=731113"},{"taxonomy":"product_tag","embeddable":true,"href":"https:\/\/roveyayinevi.com.tr\/index.php\/wp-json\/wp\/v2\/product_tag?post=731113"}],"curies":[{"name":"wp","href":"https:\/\/api.w.org\/{rel}","templated":true}]}}