{"id":731111,"date":"2025-08-27T21:25:50","date_gmt":"2025-08-27T18:25:50","guid":{"rendered":"https:\/\/roveyayinevi.com.tr\/index.php\/urun\/kotu-kizlar-olmez-serisi-kutulu-set-ciltli\/"},"modified":"2026-04-16T02:39:00","modified_gmt":"2026-04-15T23:39:00","slug":"kotu-kizlar-olmez-serisi-kutulu-set-ciltli","status":"publish","type":"product","link":"https:\/\/roveyayinevi.com.tr\/index.php\/urun\/kotu-kizlar-olmez-serisi-kutulu-set-ciltli\/","title":{"rendered":"K\u00f6t\u00fc K\u0131zlar \u00d6lmez Serisi Kutulu Set (Ciltli)"},"content":{"rendered":"<p>1- K\u00f6t\u00fc K\u0131zlar \u00d6lmez 2- Lanetli K\u0131zlar3- Daha \u00d6l\u00fc Olamazd\u0131Bir zamanlar Alexis lisenin asi k\u0131z\u0131yd\u0131: pembe sa\u00e7l\u0131, k\u00f6t\u00fc huylu, yaln\u0131zl\u0131\u011f\u0131yla mutlu. Ta ki bir g\u00fcn k\u0131z karde\u015fi Kasey yanl\u0131\u015f hayaletle arkada\u015f olana dek\u2026 \u0130\u015fler ne kadar k\u00f6t\u00fcye giderse gitsin, her zaman daha k\u00f6t\u00fcs\u00fc olabilir\u2026   \u201cBu kitap \u0131\u015f\u0131klar a\u00e7\u0131k uyumama neden oldu! Zekice ve \u00fcrk\u00fct\u00fcc\u00fc.\u201d\u2014MELISSA DE LA CRUZ   \u201cT\u0131pk\u0131 Stephen King kitaplar\u0131nda oldu\u011fu gibi, Alender\u2019da da uykunuz ka\u00e7acak!\u201d\u2014MARGARET STOHL ve KAMI GARCIA   \u201c\u00dcrk\u00fct\u00fcc\u00fc ve kesinlikle t\u00fcyler \u00fcrpertici!\u201d\u2014Xpresso Reads <\/p>\n","protected":false},"excerpt":{"rendered":"<p>1- K\u00f6t\u00fc K\u0131zlar \u00d6lmez 2- Lanetli K\u0131zlar3- Daha \u00d6l\u00fc Olamazd\u0131Bir zamanlar Alexis lisenin asi k\u0131z\u0131yd\u0131: pembe sa\u00e7l\u0131, k\u00f6t\u00fc huylu, yaln\u0131zl\u0131\u011f\u0131yla mutlu. Ta ki bir g\u00fcn k\u0131z<span class=\"excerpt-hellip\"> [\u2026]<\/span><\/p>\n","protected":false},"featured_media":0,"template":"","meta":{"_monsterinsights_skip_tracking":false,"_monsterinsights_sitenote_active":false,"_monsterinsights_sitenote_note":"","_monsterinsights_sitenote_category":0},"product_brand":[],"product_cat":[12291,17033],"product_tag":[],"class_list":{"0":"post-731111","1":"product","2":"type-product","3":"status-publish","5":"product_cat-edebiyat","6":"product_cat-korku-gerilim","7":"pa_cilt-set","8":"pa_tur-kitap","9":"pa_yayinevi-yabanci-yayinevi","10":"pa_yazar-katie-alender","12":"first","13":"instock","14":"sale","15":"shipping-taxable","16":"purchasable","17":"product-type-simple"},"_links":{"self":[{"href":"https:\/\/roveyayinevi.com.tr\/index.php\/wp-json\/wp\/v2\/product\/731111","targetHints":{"allow":["GET"]}}],"collection":[{"href":"https:\/\/roveyayinevi.com.tr\/index.php\/wp-json\/wp\/v2\/product"}],"about":[{"href":"https:\/\/roveyayinevi.com.tr\/index.php\/wp-json\/wp\/v2\/types\/product"}],"wp:attachment":[{"href":"https:\/\/roveyayinevi.com.tr\/index.php\/wp-json\/wp\/v2\/media?parent=731111"}],"wp:term":[{"taxonomy":"product_brand","embeddable":true,"href":"https:\/\/roveyayinevi.com.tr\/index.php\/wp-json\/wp\/v2\/product_brand?post=731111"},{"taxonomy":"product_cat","embeddable":true,"href":"https:\/\/roveyayinevi.com.tr\/index.php\/wp-json\/wp\/v2\/product_cat?post=731111"},{"taxonomy":"product_tag","embeddable":true,"href":"https:\/\/roveyayinevi.com.tr\/index.php\/wp-json\/wp\/v2\/product_tag?post=731111"}],"curies":[{"name":"wp","href":"https:\/\/api.w.org\/{rel}","templated":true}]}}