{"id":731106,"date":"2025-08-27T21:25:44","date_gmt":"2025-08-27T18:25:44","guid":{"rendered":"https:\/\/roveyayinevi.com.tr\/index.php\/urun\/kor-baykus-5\/"},"modified":"2026-04-16T02:39:00","modified_gmt":"2026-04-15T23:39:00","slug":"kor-baykus-5","status":"publish","type":"product","link":"https:\/\/roveyayinevi.com.tr\/index.php\/urun\/kor-baykus-5\/","title":{"rendered":"K\u00f6r Bayku\u015f"},"content":{"rendered":"<p>\u201cK\u00f6r Bayku\u015f \u00fczerine konu\u015fmaktan asla b\u0131kmayaca\u011f\u0131m.\u201d \u2013Henry Miller   Modern \u0130ran edebiyat\u0131n\u0131n belki de en \u00f6nemli yazar\u0131 olan Sad\u0131k Hidayet bir yanda \u0130ran k\u00fclt\u00fcr\u00fcn\u00fcn k\u00f6klerine, di\u011fer yanda ise modern insan\u0131n varolu\u015fsal sorunlar\u0131na varan geni\u015f bir perspektife sahipti. Yazar\u0131n bu geni\u015f perspektifi hem \u015fah hem de molla iktidar\u0131n\u0131n g\u00f6z\u00fcne bat\u0131p d\u0131\u015flanmas\u0131ndaki etkenlerden biriydi. Hidayet, yasakl\u0131 ba\u015fyap\u0131t\u0131 K\u00f6r Bayku\u015f\u2019ta gizemli sevgilisinin kayb\u0131ndan sonra umutsuzlu\u011fun pen\u00e7esine d\u00fc\u015fen gen\u00e7 bir adam\u0131 hik\u00e2yesinin merkezine al\u0131yor ve mistik bir anlat\u0131y\u0131, bireyin d\u00fcnyas\u0131n\u0131 ke\u015ffetmeye ko\u015fuyor. \u0130nsan ruhunun derinliklerine uzanan, yaln\u0131zl\u0131\u011fa, a\u015fka ve safl\u0131\u011fa dair s\u00fcrekli evrilerek, d\u00f6n\u00fc\u015ferek ilerleyen bu \u015fiirsel anlat\u0131 k\u00e2h \u0131ss\u0131z topraklarda bir ba\u015f\u0131na dolan\u0131yor k\u00e2h kanatlan\u0131p g\u00f6klere \u00e7\u0131k\u0131yor.Kafka, Rilke ve Poe gibi ustalar\u0131n eserleriyle k\u0131yaslanan K\u00f6r Bayku\u015f, ger\u00e7ek ile hayal aras\u0131nda, zaman ve mek\u00e2ndan azade kurgusuyla d\u00fcnya edebiyat\u0131nda kendine yer edinmi\u015f, ikamesi olmayan bir \u015faheser.   Deniz B\u00fcy\u00fcker\u2019in Fars\u00e7a asl\u0131ndan \u00e7evirisiyle.  <\/p>\n","protected":false},"excerpt":{"rendered":"<p>\u201cK\u00f6r Bayku\u015f \u00fczerine konu\u015fmaktan asla b\u0131kmayaca\u011f\u0131m.\u201d \u2013Henry Miller Modern \u0130ran edebiyat\u0131n\u0131n belki de en \u00f6nemli yazar\u0131 olan Sad\u0131k Hidayet bir yanda \u0130ran k\u00fclt\u00fcr\u00fcn\u00fcn k\u00f6klerine, di\u011fer yanda<span class=\"excerpt-hellip\"> [\u2026]<\/span><\/p>\n","protected":false},"featured_media":0,"template":"","meta":{"_monsterinsights_skip_tracking":false,"_monsterinsights_sitenote_active":false,"_monsterinsights_sitenote_note":"","_monsterinsights_sitenote_category":0},"product_brand":[],"product_cat":[12291,12711],"product_tag":[],"class_list":{"0":"post-731106","1":"product","2":"type-product","3":"status-publish","5":"product_cat-edebiyat","6":"product_cat-roman-oyku","7":"pa_cilt-ciltsiz","8":"pa_tur-kitap","9":"pa_yayinevi-ithaki-yayinlari","10":"pa_yazar-sadik-hidayet","12":"first","13":"instock","14":"sale","15":"shipping-taxable","16":"purchasable","17":"product-type-simple"},"_links":{"self":[{"href":"https:\/\/roveyayinevi.com.tr\/index.php\/wp-json\/wp\/v2\/product\/731106","targetHints":{"allow":["GET"]}}],"collection":[{"href":"https:\/\/roveyayinevi.com.tr\/index.php\/wp-json\/wp\/v2\/product"}],"about":[{"href":"https:\/\/roveyayinevi.com.tr\/index.php\/wp-json\/wp\/v2\/types\/product"}],"wp:attachment":[{"href":"https:\/\/roveyayinevi.com.tr\/index.php\/wp-json\/wp\/v2\/media?parent=731106"}],"wp:term":[{"taxonomy":"product_brand","embeddable":true,"href":"https:\/\/roveyayinevi.com.tr\/index.php\/wp-json\/wp\/v2\/product_brand?post=731106"},{"taxonomy":"product_cat","embeddable":true,"href":"https:\/\/roveyayinevi.com.tr\/index.php\/wp-json\/wp\/v2\/product_cat?post=731106"},{"taxonomy":"product_tag","embeddable":true,"href":"https:\/\/roveyayinevi.com.tr\/index.php\/wp-json\/wp\/v2\/product_tag?post=731106"}],"curies":[{"name":"wp","href":"https:\/\/api.w.org\/{rel}","templated":true}]}}