{"id":731105,"date":"2025-08-27T21:25:43","date_gmt":"2025-08-27T18:25:43","guid":{"rendered":"https:\/\/roveyayinevi.com.tr\/index.php\/urun\/dirilen-mumya\/"},"modified":"2026-04-11T02:47:57","modified_gmt":"2026-04-10T23:47:57","slug":"dirilen-mumya","status":"publish","type":"product","link":"https:\/\/roveyayinevi.com.tr\/index.php\/urun\/dirilen-mumya\/","title":{"rendered":"Dirilen Mumya"},"content":{"rendered":"<p>\u201cBiraz daha ileride mermerden yerli bir masa, \u00fcst\u00fcnde kristal bir tabut duruyordu. Bu tabutun yar\u0131s\u0131, a\u011f\u0131r i\u015flemelerle i\u015flenmi\u015f k\u0131rm\u0131z\u0131 bir \u00f6rt\u00fc ile \u00f6rt\u00fclm\u00fc\u015ft\u00fc. Seza g\u00f6zlerini zahmetle bu korkun\u00e7 \u015feyden ay\u0131rabilirdi. V\u00fccudu \u00fcrpermi\u015fti. \u015eimdi Charlie onun belini b\u0131rakm\u0131\u015ft\u0131. Tam kar\u015f\u0131s\u0131nda duruyor ve iki elini tutuyordu. Seza\u2019n\u0131n ba\u015f\u0131 d\u00f6n\u00fcyordu, d\u00fc\u015f\u00fcnceleri darmada\u011f\u0131n\u0131k, sinirleri harap, v\u00fccudu bitkindi. Art\u0131k tam ak\u0131ll\u0131 bir insan gibi d\u00fc\u015f\u00fcnemiyordu. Her \u015fey bir r\u00fcya ve bir k\u00e2bus gibi geliyordu.\u201d   Kocas\u0131n\u0131n \u00f6l\u00fcm\u00fcnden dolay\u0131 kendisini su\u00e7layan Seza g\u00fcnahlar\u0131ndan ar\u0131nmak i\u00e7in hacca gitmeye karar verir. Fakat \u0130stanbul\u2019da tan\u0131\u015ft\u0131\u011f\u0131 tuhaf yabanc\u0131, Charlie Dawson onu kutsal topraklarda da ad\u0131m ad\u0131m takip etmektedir. Charlie\u2019nin Seza\u2019dan istedi\u011fi nedir? Neden bu gen\u00e7 dulu saplant\u0131 h\u00e2line getirmi\u015ftir? Bu sorular\u0131n cevab\u0131 binlerce y\u0131ll\u0131k gizemli bir a\u015fk hik\u00e2yesinde sakl\u0131d\u0131r. Dahas\u0131, bu \u00f6l\u00fcms\u00fcz a\u015fk\u0131n kahraman\u0131 bir mumyad\u0131r. <\/p>\n","protected":false},"excerpt":{"rendered":"<p>\u201cBiraz daha ileride mermerden yerli bir masa, \u00fcst\u00fcnde kristal bir tabut duruyordu. Bu tabutun yar\u0131s\u0131, a\u011f\u0131r i\u015flemelerle i\u015flenmi\u015f k\u0131rm\u0131z\u0131 bir \u00f6rt\u00fc ile \u00f6rt\u00fclm\u00fc\u015ft\u00fc. Seza g\u00f6zlerini zahmetle<span class=\"excerpt-hellip\"> [\u2026]<\/span><\/p>\n","protected":false},"featured_media":0,"template":"","meta":{"_monsterinsights_skip_tracking":false,"_monsterinsights_sitenote_active":false,"_monsterinsights_sitenote_note":"","_monsterinsights_sitenote_category":0},"product_brand":[],"product_cat":[12291,12711],"product_tag":[],"class_list":{"0":"post-731105","1":"product","2":"type-product","3":"status-publish","5":"product_cat-edebiyat","6":"product_cat-roman-oyku","7":"pa_cilt-ciltsiz","8":"pa_tur-kitap","9":"pa_yayinevi-ithaki-yayinlari","10":"pa_yazar-suat-dervis","12":"first","13":"instock","14":"sale","15":"shipping-taxable","16":"purchasable","17":"product-type-simple"},"_links":{"self":[{"href":"https:\/\/roveyayinevi.com.tr\/index.php\/wp-json\/wp\/v2\/product\/731105","targetHints":{"allow":["GET"]}}],"collection":[{"href":"https:\/\/roveyayinevi.com.tr\/index.php\/wp-json\/wp\/v2\/product"}],"about":[{"href":"https:\/\/roveyayinevi.com.tr\/index.php\/wp-json\/wp\/v2\/types\/product"}],"wp:attachment":[{"href":"https:\/\/roveyayinevi.com.tr\/index.php\/wp-json\/wp\/v2\/media?parent=731105"}],"wp:term":[{"taxonomy":"product_brand","embeddable":true,"href":"https:\/\/roveyayinevi.com.tr\/index.php\/wp-json\/wp\/v2\/product_brand?post=731105"},{"taxonomy":"product_cat","embeddable":true,"href":"https:\/\/roveyayinevi.com.tr\/index.php\/wp-json\/wp\/v2\/product_cat?post=731105"},{"taxonomy":"product_tag","embeddable":true,"href":"https:\/\/roveyayinevi.com.tr\/index.php\/wp-json\/wp\/v2\/product_tag?post=731105"}],"curies":[{"name":"wp","href":"https:\/\/api.w.org\/{rel}","templated":true}]}}