{"id":731097,"date":"2025-08-27T21:25:36","date_gmt":"2025-08-27T18:25:36","guid":{"rendered":"https:\/\/roveyayinevi.com.tr\/index.php\/urun\/eski-yunan-toplumu-ustune-incelemeler-2\/"},"modified":"2026-04-16T02:38:59","modified_gmt":"2026-04-15T23:38:59","slug":"eski-yunan-toplumu-ustune-incelemeler-2","status":"publish","type":"product","link":"https:\/\/roveyayinevi.com.tr\/index.php\/urun\/eski-yunan-toplumu-ustune-incelemeler-2\/","title":{"rendered":"Eski Yunan Toplumu \u00dcst\u00fcne \u0130ncelemeler-2"},"content":{"rendered":"<p>\u0130ngiliz bilim insan\u0131 George Thomson, tarih\u00f6ncesi Ege\u2019yi toplumsal, sanatsal ve felsefi y\u00f6nleriyle incelemek i\u00e7in y\u0131llar\u0131n\u0131 verdi. Yazar\u0131n bu yo\u011fun \u00e7al\u0131\u015fmas\u0131n\u0131n en se\u00e7kin \u00fcr\u00fcn\u00fc,  iki ciltlik Eski Yunan Toplumu \u00dcst\u00fcne \u0130ncelemeler\u2019dir. Eski\u00e7a\u011f \u00fcst\u00fcne yap\u0131lm\u0131\u015f en yetkin ara\u015ft\u0131rmalardan biri olan Eski Yunan Toplumu \u00dcst\u00fcne \u0130ncelemeler\u2019in ikinci cildini olu\u015fturan \u0130lk Filozoflar, gerek akademik \u00e7evrelerde gerekse tarihe, felsefeye ve edebiyata merakl\u0131 okurlar aras\u0131nda geni\u015f yank\u0131 bulmu\u015f bir ba\u015fucu kitab\u0131. Eski\u00e7a\u011f felsefesine ve felsefenin tarihine maddeci bir anlay\u0131\u015fla ve meta \u00fcretimiyle ili\u015fkileri ba\u011flam\u0131nda yakla\u015fan George Thomson, bu yap\u0131t\u0131nda farkl\u0131 ilk\u00e7a\u011f toplumlar\u0131ndaki b\u00fcy\u00fc ve miti, tanr\u0131lar\u0131n do\u011fu\u015funu, Do\u011fu despotizmini, Yunanistan ile \u00c7in aras\u0131ndaki benzerlik ve farkl\u0131l\u0131klar\u0131, Yak\u0131ndo\u011fu ve Mezopotamya\u2019y\u0131, Suriye ve Girit\u2019i ve t\u00fcm bu co\u011frafyalardaki d\u00fc\u015f\u00fcn\u00fcrleri derinlemesine inceliyor. Farkl\u0131 filozoflar ve felsefe okullar\u0131, hem demokrasiye bak\u0131\u015flar\u0131yla, hem \u201colu\u015f\u201d, \u201cvarl\u0131k\u201d gibi kavramlara d\u00f6n\u00fck d\u00fc\u015f\u00fcnsel \u00fcretimleriyle hem de maddecilik ile idealizm aras\u0131ndaki konumlan\u0131\u015flar\u0131yla irdeleniyorlar. Tarihsel, felsefi ve k\u00fclt\u00fcrel incelemeler a\u00e7\u0131s\u0131ndan \u201cekonomik temel\u201de \u00f6zel bir a\u011f\u0131rl\u0131k veren George Thomson, eski\u00e7a\u011fa ve d\u00f6nemin meta \u00fcretimine Kapital\u2019in \u0131\u015f\u0131\u011f\u0131 ve birikimiyle yakla\u015fan az say\u0131daki d\u00fc\u015f\u00fcn\u00fcrden biri ayn\u0131 zamanda. \u0130lk Filozoflar\u2019\u0131, yetkin ele\u015ftirmen ve \u00e7evirmenlerimizden Mehmet H. Do\u011fan\u2019\u0131n T\u00fcrk\u00e7esiyle sunuyoruz. <\/p>\n","protected":false},"excerpt":{"rendered":"<p>\u0130ngiliz bilim insan\u0131 George Thomson, tarih\u00f6ncesi Ege\u2019yi toplumsal, sanatsal ve felsefi y\u00f6nleriyle incelemek i\u00e7in y\u0131llar\u0131n\u0131 verdi. Yazar\u0131n bu yo\u011fun \u00e7al\u0131\u015fmas\u0131n\u0131n en se\u00e7kin \u00fcr\u00fcn\u00fc, iki ciltlik Eski<span class=\"excerpt-hellip\"> [\u2026]<\/span><\/p>\n","protected":false},"featured_media":0,"template":"","meta":{"_monsterinsights_skip_tracking":false,"_monsterinsights_sitenote_active":false,"_monsterinsights_sitenote_note":"","_monsterinsights_sitenote_category":0},"product_brand":[],"product_cat":[12370,12304],"product_tag":[],"class_list":{"0":"post-731097","1":"product","2":"type-product","3":"status-publish","5":"product_cat-arastirma-inceleme","6":"product_cat-tarih","7":"pa_cilt-ciltsiz","8":"pa_tur-kitap","9":"pa_yayinevi-yordam-kitap","10":"pa_yazar-george-thomson","12":"first","13":"instock","14":"sale","15":"shipping-taxable","16":"purchasable","17":"product-type-simple"},"_links":{"self":[{"href":"https:\/\/roveyayinevi.com.tr\/index.php\/wp-json\/wp\/v2\/product\/731097","targetHints":{"allow":["GET"]}}],"collection":[{"href":"https:\/\/roveyayinevi.com.tr\/index.php\/wp-json\/wp\/v2\/product"}],"about":[{"href":"https:\/\/roveyayinevi.com.tr\/index.php\/wp-json\/wp\/v2\/types\/product"}],"wp:attachment":[{"href":"https:\/\/roveyayinevi.com.tr\/index.php\/wp-json\/wp\/v2\/media?parent=731097"}],"wp:term":[{"taxonomy":"product_brand","embeddable":true,"href":"https:\/\/roveyayinevi.com.tr\/index.php\/wp-json\/wp\/v2\/product_brand?post=731097"},{"taxonomy":"product_cat","embeddable":true,"href":"https:\/\/roveyayinevi.com.tr\/index.php\/wp-json\/wp\/v2\/product_cat?post=731097"},{"taxonomy":"product_tag","embeddable":true,"href":"https:\/\/roveyayinevi.com.tr\/index.php\/wp-json\/wp\/v2\/product_tag?post=731097"}],"curies":[{"name":"wp","href":"https:\/\/api.w.org\/{rel}","templated":true}]}}