{"id":731093,"date":"2025-08-27T21:25:32","date_gmt":"2025-08-27T18:25:32","guid":{"rendered":"https:\/\/roveyayinevi.com.tr\/index.php\/urun\/kalfa-uykusu\/"},"modified":"2026-02-03T02:55:36","modified_gmt":"2026-02-02T23:55:36","slug":"kalfa-uykusu","status":"publish","type":"product","link":"https:\/\/roveyayinevi.com.tr\/index.php\/urun\/kalfa-uykusu\/","title":{"rendered":"Kalfa Uykusu"},"content":{"rendered":"<p>Kedi k\u0131sm\u0131 uyuman\u0131n ve uyanman\u0131n kitab\u0131n\u0131 yazm\u0131\u015ft\u0131r.   \u0130\u015fte o usta kediler uyan\u0131rlar fakat hemen kalkmazlar. Bir o yana bir bu yana debelenirler, esnerler. Ama ne esnemek. O kadar tatl\u0131 esneyen bir mahluk ya\u015flan\u0131r m\u0131? Derdi da\u011flar\u0131 a\u015fsa da \u00e7\u00f6ker kal\u0131r m\u0131? Kedinin bir kere esneyince hayattan ald\u0131\u011f\u0131 zevki nice zengin kullar bir \u00f6m\u00fcr boyunca bekler de alamazlar. Sen de kedi gibi ol. Bir-iki dakikal\u0131\u011f\u0131na sultan ol yalan d\u00fcnyan\u0131n yalan taht\u0131nda.   Mustafa \u00c7iftci\u2019nin, yaz\u0131 yolculu\u011fundan tad\u0131na doyulmaz, keyifli bir se\u00e7ki. Memlekette has\u0131l olan ac\u0131-komik durumlar, g\u00fcndelik ya\u015fam\u0131 kolayla\u015ft\u0131racak tavsiyeler, zamana yenilen zanaatlar, \u00e7a\u011fa ayak uydurma tela\u015f\u0131, \u00e7ocukluk, ta\u015fra, anne sevgisi, edebiyat, sinema, pop\u00fcler k\u00fclt\u00fcr ve daha nice mevzu \u00fczerine yaz\u0131lm\u0131\u015f renkli metinler\u2026 Bozk\u0131r\u0131n kalemi \u00c7iftci, hayata ve insanlara t\u00fckenmeyen bir merakla bak\u0131yor. G\u00f6zlemlerini, tecr\u00fcbelerini okuruyla tatl\u0131 bir sohbet havas\u0131nda payla\u015f\u0131yor. K\u00e2h h\u00fcz\u00fcnle k\u00e2h ne\u015feyle; her daim hissetmek ve hissettirmek gayretiyle yaz\u0131yor.   Kalfa Uykusu, okuyanlar\u0131n y\u00fcre\u011fini \u0131s\u0131tacak, y\u00fcz\u00fcn\u00fc g\u00fcl\u00fcmsetecek, i\u00e7ini ferahlatacak dostane bir kitap. Kedere- derde-s\u0131k\u0131nt\u0131ya \u015fifa niyetine&#8230; \u0130\u00e7ten, iyimser ve insanc\u0131l. <\/p>\n","protected":false},"excerpt":{"rendered":"<p>Kedi k\u0131sm\u0131 uyuman\u0131n ve uyanman\u0131n kitab\u0131n\u0131 yazm\u0131\u015ft\u0131r. \u0130\u015fte o usta kediler uyan\u0131rlar fakat hemen kalkmazlar. Bir o yana bir bu yana debelenirler, esnerler. Ama ne esnemek.<span class=\"excerpt-hellip\"> [\u2026]<\/span><\/p>\n","protected":false},"featured_media":0,"template":"","meta":{"_monsterinsights_skip_tracking":false,"_monsterinsights_sitenote_active":false,"_monsterinsights_sitenote_note":"","_monsterinsights_sitenote_category":0},"product_brand":[],"product_cat":[12291,12711],"product_tag":[],"class_list":{"0":"post-731093","1":"product","2":"type-product","3":"status-publish","5":"product_cat-edebiyat","6":"product_cat-roman-oyku","7":"pa_cilt-ciltsiz","8":"pa_tur-kitap","9":"pa_yayinevi-iletisim-yayinlari","10":"pa_yazar-mustafa-ciftci","12":"first","13":"instock","14":"sale","15":"shipping-taxable","16":"purchasable","17":"product-type-simple"},"_links":{"self":[{"href":"https:\/\/roveyayinevi.com.tr\/index.php\/wp-json\/wp\/v2\/product\/731093","targetHints":{"allow":["GET"]}}],"collection":[{"href":"https:\/\/roveyayinevi.com.tr\/index.php\/wp-json\/wp\/v2\/product"}],"about":[{"href":"https:\/\/roveyayinevi.com.tr\/index.php\/wp-json\/wp\/v2\/types\/product"}],"wp:attachment":[{"href":"https:\/\/roveyayinevi.com.tr\/index.php\/wp-json\/wp\/v2\/media?parent=731093"}],"wp:term":[{"taxonomy":"product_brand","embeddable":true,"href":"https:\/\/roveyayinevi.com.tr\/index.php\/wp-json\/wp\/v2\/product_brand?post=731093"},{"taxonomy":"product_cat","embeddable":true,"href":"https:\/\/roveyayinevi.com.tr\/index.php\/wp-json\/wp\/v2\/product_cat?post=731093"},{"taxonomy":"product_tag","embeddable":true,"href":"https:\/\/roveyayinevi.com.tr\/index.php\/wp-json\/wp\/v2\/product_tag?post=731093"}],"curies":[{"name":"wp","href":"https:\/\/api.w.org\/{rel}","templated":true}]}}