{"id":731079,"date":"2025-08-27T21:25:21","date_gmt":"2025-08-27T18:25:21","guid":{"rendered":"https:\/\/roveyayinevi.com.tr\/index.php\/urun\/iktisadi-mali-ve-finansal-uygulamalarin-ampirik-sonuclari-cilt-1-iktisat-uygulamalari\/"},"modified":"2026-04-16T02:38:59","modified_gmt":"2026-04-15T23:38:59","slug":"iktisadi-mali-ve-finansal-uygulamalarin-ampirik-sonuclari-cilt-1-iktisat-uygulamalari","status":"publish","type":"product","link":"https:\/\/roveyayinevi.com.tr\/index.php\/urun\/iktisadi-mali-ve-finansal-uygulamalarin-ampirik-sonuclari-cilt-1-iktisat-uygulamalari\/","title":{"rendered":"\u0130ktisadi, Mali ve Finansal Uygulamalar\u0131n Ampirik Sonu\u00e7lar\u0131 Cilt 1- \u0130ktisat Uygulamalar\u0131"},"content":{"rendered":"<p>\u0130\u00e7indekiler The Validity of Debt Overhang Theory in Develeoping Countries   The Validity of Wagner\u2019s Law: The Case of Turkey Within the Framework of the Musgrave and Mann Models   The Impact of Foreign Direct Investment o the Economic Growth of Turkey   The Impact of Co2 Emissions on Economic Growth: A Case Study for OECD Countries   Impact of Income Inequality and Economic Growth on The Human Development Index: Panel Data Analysis for BRICS Countries The Economic and Financial Determinants of Co2 Emissions in Turkey: Generalized Method of Moments   Renewable Energy and Economic Growth: New Evidence from Based Codas Method   How do Consumer Loans and Commercial Loans Affect Turkey\u2019s Current Account Balance? An Empirical Investigation   Credit Cycles and Business Cycles in Turkish Economy   Ekonomik B\u00fcy\u00fcmenin \u00c7evre Kirlili\u011fi \u00dczerine Etkisi: T\u00fcrkiye \u00d6rne\u011fi   \u0130hracat, Ekonomik B\u00fcy\u00fcme ve Patent Ba\u015fvurular\u0131 Aras\u0131ndaki \u0130li\u015fkiler: T\u00fcrkiye \u00d6rne\u011fi   Uluslararas\u0131 Ticaret-Ekonomik B\u00fcy\u00fcme \u0130li\u015fkisi: K\u00fcresel \u00d6l\u00e7ekte Bir Analiz   Ter\u00f6rizmin Ekonomik B\u00fcy\u00fcme \u00dczerindeki Etkisine Y\u00f6nelik Ampirik Bir \u00c7al\u0131\u015fma   Ekonomik B\u00fcy\u00fcme, Enflasyon ve Faiz \u0130li\u015fkisi: T\u00fcrkiye \u00d6rne\u011fi (1990-2019)   T\u00fcrkiye\u2019de B\u00fcy\u00fcme \u2013 \u0130\u015fsizlik \u0130li\u015fkisinin K\u0131sa ve Uzun D\u00f6nem Analizi   1985-2019 D\u00f6nemi \u0130\u00e7in \u0130ktisadi B\u00fcy\u00fcme, Br\u00fct Tasarruf, D\u00f6viz Kuru Enflasyon Oran\u0131 \u0130li\u015fkisi \u00dczerine Bir \u0130nceleme: T\u00fcrkiye \u00d6rne\u011fi   T\u00fcrkiye\u2019de \u0130stihdams\u0131z B\u00fcy\u00fcme: 2006-2018   2000-2019 Y\u0131llar\u0131 Verileriyle T\u00fcrkiye \u00d6zelinde \u0130stihdam ve Do\u011frudan Yabanc\u0131 Sermaye Yat\u0131r\u0131mlar\u0131 \u0130li\u015fkisinin \u00d6l\u00e7\u00fclmesi   T\u00fcrkiye Ekonomisinde Sermaye Ak\u0131mlar\u0131ndaki Ani Duru\u015flar\u0131n Belirleyicileri: Br\u00fct Sermaye \u00c7\u0131k\u0131\u015flar\u0131n\u0131n Rol\u00fc   Mikro Kredi Kavram\u0131 ve T\u00fcrkiye\u2019de Mikro Kredi Uygulamas\u0131n\u0131n Kad\u0131n \u0130stihdam\u0131 \u00dczerine Etkisi   Yeni Sanayile\u015fen \u00dclkelerde Ekonomik D\u0131\u015fa A\u00e7\u0131kl\u0131k ve \u0130\u015fsizlik \u0130li\u015fkisi: Panel Veri Analizi   D\u0131\u015fa A\u00e7\u0131k K\u00fc\u00e7\u00fck Ekonomilerde Uluslararas\u0131 Rezervlerin Belirleyenleri ve Rezerv Da\u011f\u0131l\u0131m\u0131nda Heterojenli\u011fin Analizi   T\u00fcrkiye\u2019de Gelir Da\u011f\u0131l\u0131m\u0131 Yak\u0131nsamas\u0131 ve B\u00f6lgeler Aras\u0131 E\u015fitsizlik   K\u0131r\u0131lgan Be\u015fli \u00dclkelerinde Finansal Geli\u015fme ve Enflasyon \u0130li\u015fkisinin: Dinamik Panel Veri Analizi   K\u0131r\u0131lgan Be\u015fli \u00dclkelerinde \u00dclke Risk Priminin Makroekonomik Belirleyicileri: Panel E\u015fb\u00fct\u00fcnle\u015fme Analizi   Se\u00e7ilmi\u015f OECD \u00dclkelerinde Toplam Katma-De\u011ferin Uzun D\u00f6nem S\u0131n\u0131fsal Analizi: 1970-2019   \u0130ntihar Davran\u0131\u015f\u0131n\u0131n Sosyoekonomik Nedenleri: OECD \u00dclkeleri \u0130\u00e7in  Panel Veri Analizi   \u00c7in ve Hindistan Ekonomilerinin Kar\u015f\u0131la\u015ft\u0131rmal\u0131 Analizi   T\u00fcrkiye\u2019de Sa\u011fl\u0131k Alan\u0131nda Ya\u015fanan E\u015fitsizli\u011fin Sosyoekonomik Belirleyicileri   Sa\u011fl\u0131k Harcamalar\u0131n\u0131n Belirleyicileri: K\u00fcresel Sa\u011fl\u0131k Lideri \u0130spanya \u00d6rne\u011fi   \u0130ktisadi Kalk\u0131nma G\u00f6stergeleri \u00c7er\u00e7evesinde Sa\u011fl\u0131k Verilerinin De\u011ferlendirilmesi: Yatay Kesit Analiz   Kamu Hastanelerinin Etkinlerinin VZA ve SSA Y\u00f6ntemleri ile Hesaplanmas\u0131: Azerbaycan \u00d6rne\u011fi   D\u00f6viz Kuru Belirsizli\u011fi Kapsam\u0131nda Temel Makroekonomik De\u011fi\u015fkenlerin Analizi   T\u00fcrkiye ile Se\u00e7ilmi\u015f Avrupa Birli\u011fi \u00dclkeleri Aras\u0131ndaki End\u00fcstri \u0130\u00e7i Ticaretin Analizi: Otomotiv Sanayii \u00d6rne\u011fi   CDS Primlerinin Rejimsel Belirleyicileri: T\u00fcrkiye Ekonomisi \u00dczerine Ampirik Bir Ara\u015ft\u0131rma<\/p>\n","protected":false},"excerpt":{"rendered":"<p>\u0130\u00e7indekiler The Validity of Debt Overhang Theory in Develeoping Countries The Validity of Wagner\u2019s Law: The Case of Turkey Within the Framework of the Musgrave and<span class=\"excerpt-hellip\"> [\u2026]<\/span><\/p>\n","protected":false},"featured_media":0,"template":"","meta":{"_monsterinsights_skip_tracking":false,"_monsterinsights_sitenote_active":false,"_monsterinsights_sitenote_note":"","_monsterinsights_sitenote_category":0},"product_brand":[],"product_cat":[17249,13043],"product_tag":[],"class_list":{"0":"post-731079","1":"product","2":"type-product","3":"status-publish","5":"product_cat-borsa-finans","6":"product_cat-ekonomi","7":"pa_cilt-ciltsiz","8":"pa_tur-kitap","9":"pa_yayinevi-gazi-kitabevi","10":"pa_yazar-gazi-kitabevi-kolektif","12":"first","13":"instock","14":"sale","15":"shipping-taxable","16":"purchasable","17":"product-type-simple"},"_links":{"self":[{"href":"https:\/\/roveyayinevi.com.tr\/index.php\/wp-json\/wp\/v2\/product\/731079","targetHints":{"allow":["GET"]}}],"collection":[{"href":"https:\/\/roveyayinevi.com.tr\/index.php\/wp-json\/wp\/v2\/product"}],"about":[{"href":"https:\/\/roveyayinevi.com.tr\/index.php\/wp-json\/wp\/v2\/types\/product"}],"wp:attachment":[{"href":"https:\/\/roveyayinevi.com.tr\/index.php\/wp-json\/wp\/v2\/media?parent=731079"}],"wp:term":[{"taxonomy":"product_brand","embeddable":true,"href":"https:\/\/roveyayinevi.com.tr\/index.php\/wp-json\/wp\/v2\/product_brand?post=731079"},{"taxonomy":"product_cat","embeddable":true,"href":"https:\/\/roveyayinevi.com.tr\/index.php\/wp-json\/wp\/v2\/product_cat?post=731079"},{"taxonomy":"product_tag","embeddable":true,"href":"https:\/\/roveyayinevi.com.tr\/index.php\/wp-json\/wp\/v2\/product_tag?post=731079"}],"curies":[{"name":"wp","href":"https:\/\/api.w.org\/{rel}","templated":true}]}}