{"id":731078,"date":"2025-08-27T21:25:20","date_gmt":"2025-08-27T18:25:20","guid":{"rendered":"https:\/\/roveyayinevi.com.tr\/index.php\/urun\/iktisadi-teori-ve-gelismelere-gelenekci-ve-yenilikci-yaklasimlar\/"},"modified":"2026-04-16T02:38:59","modified_gmt":"2026-04-15T23:38:59","slug":"iktisadi-teori-ve-gelismelere-gelenekci-ve-yenilikci-yaklasimlar","status":"publish","type":"product","link":"https:\/\/roveyayinevi.com.tr\/index.php\/urun\/iktisadi-teori-ve-gelismelere-gelenekci-ve-yenilikci-yaklasimlar\/","title":{"rendered":"\u0130ktisadi Teori ve Geli\u015fmelere Gelenek\u00e7i ve Yenilik\u00e7i Yakla\u015f\u0131mlar"},"content":{"rendered":"<p>\u0130\u00e7indekiler Yeni \u0130pek Yolu Projesi\u2019nde T\u00fcrkiye\u2019nin Yeri   Yat\u0131r\u0131m Geli\u015fme Yolu Yakla\u015f\u0131m\u0131: T\u00fcrkiye \u00dczerine Bir De\u011ferlendirme   Yat\u0131r\u0131m Kararlar\u0131n\u0131n Rasyonellik De\u011ferlendirmesi: T\u00fcrkiye \u00d6rne\u011finde Nitel Bir Analiz   Dijital Ayak \u0130zi Kullanarak Yeniden Pazarlama \u2013 G\u00f6zetim Kapitalizmi   S\u00fcrd\u00fcr\u00fclebilir Kalk\u0131nma Ve S\u00fcrd\u00fcr\u00fclebilir Kalk\u0131nmada Kar\u015f\u0131la\u015f\u0131lan G\u00fc\u00e7l\u00fckler: T\u00fcrkiye Ekonomisi \u00dczerine Bir De\u011ferlendirme   \u00c7evre Sorunlar\u0131, S\u00fcrd\u00fcr\u00fclebilir Kalk\u0131nma Ve \u00c7evre Ahlak\u0131   Ekonomi Y\u00f6netiminde D\u00fczenleyici Otoritelerin Ku\u015fat\u0131lmas\u0131 G\u00f6r\u00fcnmeyen S\u0131n\u0131rlar\u0131n Kesi\u015fiminde Bir Alan: \u0130ktisat Sosyolojisi   Rasyonellik, Se\u00e7im Davran\u0131\u015flar\u0131 Ve Stat\u00fcko Etkisi   Davran\u0131\u015fsal N\u00f6ro \u0130ktisat Boyutunda Rasyonel Davran\u0131\u015f Ve T\u00fcketim Yans\u0131mas\u0131: Bir De\u011ferlendirme   Ar-Ge Harcamalar\u0131 ve Teknolojik Geli\u015fmelerin D\u0131\u015f Ticaret \u00dczerine Etkileri: BRICS \u00dclkeleri \u00d6rne\u011fi (2000-2019)   Neo-Liberal Politikalar Ekseninde T\u00fcrkiye\u2019de Emek Piyasas\u0131n\u0131n De\u011fi\u015fimi: \u0130stihdam Ve Asgari \u00dccret   The (IM)Balance of Geographical Population Distribution in Turkey: A Historical Analysis Based on The Gini Coefficient   Tekaf\u00fcl Sigorta Sistemi Hakk\u0131nda T\u00fcrkiye \u00dczerine Bir \u00d6neri: \u201cTekaf\u00fcl Sigortac\u0131l\u0131\u011f\u0131n\u0131n Te\u015fvi\u011fi\u201d   Covid-19 Salg\u0131n\u0131 S\u00fcrecinde \u0130\u015f\u00e7ilere Y\u00f6nelik Nakdi \u00dccret Deste\u011fi Uygulamas\u0131   Covid-19 Pandemisinin K\u00fcresel G\u0131da Tedarik Zincirine Etkileri   The Covid-19 Pandemic And Its Economic Impacts: Evaluation On Turkey And The Selected European Countries<\/p>\n","protected":false},"excerpt":{"rendered":"<p>\u0130\u00e7indekiler Yeni \u0130pek Yolu Projesi\u2019nde T\u00fcrkiye\u2019nin Yeri Yat\u0131r\u0131m Geli\u015fme Yolu Yakla\u015f\u0131m\u0131: T\u00fcrkiye \u00dczerine Bir De\u011ferlendirme Yat\u0131r\u0131m Kararlar\u0131n\u0131n Rasyonellik De\u011ferlendirmesi: T\u00fcrkiye \u00d6rne\u011finde Nitel Bir Analiz Dijital Ayak<span class=\"excerpt-hellip\"> [\u2026]<\/span><\/p>\n","protected":false},"featured_media":0,"template":"","meta":{"_monsterinsights_skip_tracking":false,"_monsterinsights_sitenote_active":false,"_monsterinsights_sitenote_note":"","_monsterinsights_sitenote_category":0},"product_brand":[],"product_cat":[14841,13043],"product_tag":[],"class_list":{"0":"post-731078","1":"product","2":"type-product","3":"status-publish","5":"product_cat-arastirma-inceleme-kuram","6":"product_cat-ekonomi","7":"pa_cilt-ciltsiz","8":"pa_tur-kitap","9":"pa_yayinevi-gazi-kitabevi","10":"pa_yazar-gazi-kitabevi-kolektif","12":"first","13":"instock","14":"sale","15":"shipping-taxable","16":"purchasable","17":"product-type-simple"},"_links":{"self":[{"href":"https:\/\/roveyayinevi.com.tr\/index.php\/wp-json\/wp\/v2\/product\/731078","targetHints":{"allow":["GET"]}}],"collection":[{"href":"https:\/\/roveyayinevi.com.tr\/index.php\/wp-json\/wp\/v2\/product"}],"about":[{"href":"https:\/\/roveyayinevi.com.tr\/index.php\/wp-json\/wp\/v2\/types\/product"}],"wp:attachment":[{"href":"https:\/\/roveyayinevi.com.tr\/index.php\/wp-json\/wp\/v2\/media?parent=731078"}],"wp:term":[{"taxonomy":"product_brand","embeddable":true,"href":"https:\/\/roveyayinevi.com.tr\/index.php\/wp-json\/wp\/v2\/product_brand?post=731078"},{"taxonomy":"product_cat","embeddable":true,"href":"https:\/\/roveyayinevi.com.tr\/index.php\/wp-json\/wp\/v2\/product_cat?post=731078"},{"taxonomy":"product_tag","embeddable":true,"href":"https:\/\/roveyayinevi.com.tr\/index.php\/wp-json\/wp\/v2\/product_tag?post=731078"}],"curies":[{"name":"wp","href":"https:\/\/api.w.org\/{rel}","templated":true}]}}