{"id":731076,"date":"2025-08-27T21:25:18","date_gmt":"2025-08-27T18:25:18","guid":{"rendered":"https:\/\/roveyayinevi.com.tr\/index.php\/urun\/covid-19-pandemi-doneminde-kadin-girisimciler-yerelden-bakisla-pandemi-algisi-sorunlar-ve-beklentiler\/"},"modified":"2026-04-16T02:38:59","modified_gmt":"2026-04-15T23:38:59","slug":"covid-19-pandemi-doneminde-kadin-girisimciler-yerelden-bakisla-pandemi-algisi-sorunlar-ve-beklentiler","status":"publish","type":"product","link":"https:\/\/roveyayinevi.com.tr\/index.php\/urun\/covid-19-pandemi-doneminde-kadin-girisimciler-yerelden-bakisla-pandemi-algisi-sorunlar-ve-beklentiler\/","title":{"rendered":"Covid-19 Pandemi D\u00f6neminde Kad\u0131n Giri\u015fimciler Yerelden Bak\u0131\u015fla Pandemi Alg\u0131s\u0131, Sorunlar ve Beklentiler"},"content":{"rendered":"<p>\u0130\u00e7indekiler   B\u00d6L\u00dcM 1 Kad\u0131n Giri\u015fimciler: Kavramlar, Yakla\u015f\u0131mlar Ve Sorunlar   B\u00d6L\u00dcM 2 Lisans\u00fcst\u00fc Akademik Ara\u015ft\u0131rmalar Ba\u011flam\u0131nda Kad\u0131n Giri\u015fimci Sorunlar\u0131   B\u00d6L\u00dcM 3 Covid-19 Pandemi D\u00f6nemi Ve Ekonomik Yans\u0131malar\u0131   B\u00d6L\u00dcM 4 Kad\u0131n Giri\u015fimcilerin Pandemi Alg\u0131s\u0131, Kar\u015f\u0131la\u015ft\u0131klar\u0131 Sorunlar Ve Beklentiler<\/p>\n","protected":false},"excerpt":{"rendered":"<p>\u0130\u00e7indekiler B\u00d6L\u00dcM 1 Kad\u0131n Giri\u015fimciler: Kavramlar, Yakla\u015f\u0131mlar Ve Sorunlar B\u00d6L\u00dcM 2 Lisans\u00fcst\u00fc Akademik Ara\u015ft\u0131rmalar Ba\u011flam\u0131nda Kad\u0131n Giri\u015fimci Sorunlar\u0131 B\u00d6L\u00dcM 3 Covid-19 Pandemi D\u00f6nemi Ve Ekonomik Yans\u0131malar\u0131<span class=\"excerpt-hellip\"> [\u2026]<\/span><\/p>\n","protected":false},"featured_media":0,"template":"","meta":{"_monsterinsights_skip_tracking":false,"_monsterinsights_sitenote_active":false,"_monsterinsights_sitenote_note":"","_monsterinsights_sitenote_category":0},"product_brand":[],"product_cat":[13043,14381],"product_tag":[],"class_list":{"0":"post-731076","1":"product","2":"type-product","3":"status-publish","5":"product_cat-ekonomi","6":"product_cat-isletme-muhasebe-maliye","7":"pa_cilt-ciltsiz","8":"pa_tur-kitap","9":"pa_yayinevi-gazi-kitabevi","10":"pa_yazar-hatice-baysal","12":"first","13":"instock","14":"sale","15":"shipping-taxable","16":"purchasable","17":"product-type-simple"},"_links":{"self":[{"href":"https:\/\/roveyayinevi.com.tr\/index.php\/wp-json\/wp\/v2\/product\/731076","targetHints":{"allow":["GET"]}}],"collection":[{"href":"https:\/\/roveyayinevi.com.tr\/index.php\/wp-json\/wp\/v2\/product"}],"about":[{"href":"https:\/\/roveyayinevi.com.tr\/index.php\/wp-json\/wp\/v2\/types\/product"}],"wp:attachment":[{"href":"https:\/\/roveyayinevi.com.tr\/index.php\/wp-json\/wp\/v2\/media?parent=731076"}],"wp:term":[{"taxonomy":"product_brand","embeddable":true,"href":"https:\/\/roveyayinevi.com.tr\/index.php\/wp-json\/wp\/v2\/product_brand?post=731076"},{"taxonomy":"product_cat","embeddable":true,"href":"https:\/\/roveyayinevi.com.tr\/index.php\/wp-json\/wp\/v2\/product_cat?post=731076"},{"taxonomy":"product_tag","embeddable":true,"href":"https:\/\/roveyayinevi.com.tr\/index.php\/wp-json\/wp\/v2\/product_tag?post=731076"}],"curies":[{"name":"wp","href":"https:\/\/api.w.org\/{rel}","templated":true}]}}